{"id":1674,"date":"2023-11-19T11:06:43","date_gmt":"2023-11-19T11:06:43","guid":{"rendered":"https:\/\/beta.caminhosdefatima.org\/jornadas\/caminho-do-tejo-3a-jornada\/"},"modified":"2024-11-26T10:36:57","modified_gmt":"2024-11-26T10:36:57","slug":"der-weg-des-tejo-etappe-3","status":"publish","type":"jornadas","link":"https:\/\/caminhosdefatima.org\/de\/reises\/der-weg-des-tejo-etappe-3\/","title":{"rendered":"Der Weg des Tejo \u2013 Etappe 3"},"content":{"rendered":"\n<p>Zwischen Vila Franca de Xira und Azambuja kann die ca. 19km lange Wegstrecke in ungef\u00e4hr\u00a05 Stunden zur\u00fcckgelegt werden. <\/p>\n\n\n\n<p>Die Route ist im Osten von der charakteristischen Landschaft der\u00a0Lez\u00edria do Tejo (Schwemmland des Tejo)\u00a0gekennzeichnet, die von Prielen und Kan\u00e4len eingerahmt ist und wo sich\u00a0Eschen und Schilfrohre\u00a0erheben. Im Westen bilden H\u00fcgelketten, an denen\u00a0Kiefern und Korkeichen wachsen, einen landschaftlichen Rahmen.\u00a0<\/p>\n\n\n\n<p>Die Natur und Landschaft h\u00fcllen uns ein. Wir k\u00f6nnen sogar einen Teil des Kanals&nbsp;Vala do Carregado&nbsp;entlanglaufen wie auch sp\u00e4ter den&nbsp;Vala Real da Azambuja, wo die N\u00e4he zum Wasser charakteristisch ist. Doch die historische Stadtlandschaft l\u00e4dt auch zur Betrachtung ein, vor allem die Anh\u00e4ufungen&nbsp;alter Bauernh\u00f6fe&nbsp;und das gebaute Kulturerbe der D\u00f6rfer und St\u00e4dtchen so wie Vila Nova da Rainha und Azambuja, in denen die Kirchen und die kulturelle Infrastruktur wesentliche Bezugspunkte sind.<\/p>\n","protected":false},"featured_media":658,"template":"","acf":[],"_links":{"self":[{"href":"https:\/\/caminhosdefatima.org\/de\/wp-json\/wp\/v2\/jornadas\/1674"}],"collection":[{"href":"https:\/\/caminhosdefatima.org\/de\/wp-json\/wp\/v2\/jornadas"}],"about":[{"href":"https:\/\/caminhosdefatima.org\/de\/wp-json\/wp\/v2\/types\/jornadas"}],"wp:featuredmedia":[{"embeddable":true,"href":"https:\/\/caminhosdefatima.org\/de\/wp-json\/wp\/v2\/media\/658"}],"wp:attachment":[{"href":"https:\/\/caminhosdefatima.org\/de\/wp-json\/wp\/v2\/media?parent=1674"}],"curies":[{"name":"wp","href":"https:\/\/api.w.org\/{rel}","templated":true}]}}

<p>Zwischen Vila Franca de Xira und Azambuja kann die ca. 19km lange Wegstrecke in ungefähr 5 Stunden zurückgelegt werden. </p>



<p>Die Route ist im Osten von der charakteristischen Landschaft der Lezíria do Tejo (Schwemmland des Tejo) gekennzeichnet, die von Prielen und Kanälen eingerahmt ist und wo sich Eschen und Schilfrohre erheben. Im Westen bilden Hügelketten, an denen Kiefern und Korkeichen wachsen, einen landschaftlichen Rahmen. </p>



<p>Die Natur und Landschaft hüllen uns ein. Wir können sogar einen Teil des Kanals&nbsp;Vala do Carregado&nbsp;entlanglaufen wie auch später den&nbsp;Vala Real da Azambuja, wo die Nähe zum Wasser charakteristisch ist. Doch die historische Stadtlandschaft lädt auch zur Betrachtung ein, vor allem die Anhäufungen&nbsp;alter Bauernhöfe&nbsp;und das gebaute Kulturerbe der Dörfer und Städtchen so wie Vila Nova da Rainha und Azambuja, in denen die Kirchen und die kulturelle Infrastruktur wesentliche Bezugspunkte sind.</p>
