{"id":2348,"date":"2023-12-01T15:32:54","date_gmt":"2023-12-01T15:32:54","guid":{"rendered":"https:\/\/beta.caminhosdefatima.org\/jornadas\/caminho-do-norte-3a-jornada\/"},"modified":"2023-12-20T16:32:48","modified_gmt":"2023-12-20T16:32:48","slug":"noerdlicher-weg-etappe-3","status":"publish","type":"jornadas","link":"https:\/\/caminhosdefatima.org\/de\/reises\/noerdlicher-weg-etappe-3\/","title":{"rendered":"N\u00f6rdlicher Weg &#8211; Etappe 3"},"content":{"rendered":"\n<p>Die dritte Wegetappe&nbsp;beginnt in&nbsp;Ponte de Lima&nbsp;an der Kirche des Hl. Ant\u00f3nio da Torre Velha im Park von Arnado und&nbsp;endet in Tamel&nbsp;(S. Pedro Fins, Barcelos) an der Gemeindekirche. Die Route ist 24 km lang und hat leichte Anstiege mit einem H\u00f6henunterschied zwischen 9 m und 194 m. Sie hat&nbsp;einen mittleren Schwierigkeitsgrad und kann in ungef\u00e4hr 6 Stunden und 30 Minuten zur\u00fcckgelegt werden. Sie durchl\u00e4uft vor allem&nbsp;l\u00e4ndliche und landwirtschaftlich genutzte Gegenden&nbsp;mit einigen st\u00e4dtischen Abschnitten. Es ist eine ruhige Tagesstrecke, die eine&nbsp;friedliche und erholsame Wanderung&nbsp;erlaubt.&nbsp;<\/p>\n\n\n\n<p>W\u00e4hrend dieses Tages wird das Gemeindegebiet von Ponte de Lima und von Barcelos durchquert, wo der Streckenabschnitt des Weges nach F\u00e1tima mit alten Pilgerwegen zusammenf\u00e4llt, vor allem mit dem Caminho de Santiago.&nbsp;Die Gegend s\u00fcdlich des Flusses Lima stellt eine Verkn\u00fcpfung zwischen Geografie und Geschichte dar. Die&nbsp;Beziehung zur Natur ist&nbsp;deutlich, vor allem in der Physiognomie der Natur- und Kulturlandschaft. Das Wasser flie\u00dft reichlich in den Flussl\u00e4ufen, die von kleinen landwirtschaftlichen Siedlungen ges\u00e4umt sind.<\/p>\n","protected":false},"featured_media":985,"template":"","acf":[],"_links":{"self":[{"href":"https:\/\/caminhosdefatima.org\/de\/wp-json\/wp\/v2\/jornadas\/2348"}],"collection":[{"href":"https:\/\/caminhosdefatima.org\/de\/wp-json\/wp\/v2\/jornadas"}],"about":[{"href":"https:\/\/caminhosdefatima.org\/de\/wp-json\/wp\/v2\/types\/jornadas"}],"wp:featuredmedia":[{"embeddable":true,"href":"https:\/\/caminhosdefatima.org\/de\/wp-json\/wp\/v2\/media\/985"}],"wp:attachment":[{"href":"https:\/\/caminhosdefatima.org\/de\/wp-json\/wp\/v2\/media?parent=2348"}],"curies":[{"name":"wp","href":"https:\/\/api.w.org\/{rel}","templated":true}]}}

Nördlicher Weg &#8211; Etappe 3

<p>Die dritte Wegetappe&nbsp;beginnt in&nbsp;Ponte de Lima&nbsp;an der Kirche des Hl. António da Torre Velha im Park von Arnado und&nbsp;endet in Tamel&nbsp;(S. Pedro Fins, Barcelos) an der Gemeindekirche. Die Route ist 24 km lang und hat leichte Anstiege mit einem Höhenunterschied zwischen 9 m und 194 m. Sie hat&nbsp;einen mittleren Schwierigkeitsgrad und kann in ungefähr 6 Stunden und 30 Minuten zurückgelegt werden. Sie durchläuft vor allem&nbsp;ländliche und landwirtschaftlich genutzte Gegenden&nbsp;mit einigen städtischen Abschnitten. Es ist eine ruhige Tagesstrecke, die eine&nbsp;friedliche und erholsame Wanderung&nbsp;erlaubt.&nbsp;</p>



<p>Während dieses Tages wird das Gemeindegebiet von Ponte de Lima und von Barcelos durchquert, wo der Streckenabschnitt des Weges nach Fátima mit alten Pilgerwegen zusammenfällt, vor allem mit dem Caminho de Santiago.&nbsp;Die Gegend südlich des Flusses Lima stellt eine Verknüpfung zwischen Geografie und Geschichte dar. Die&nbsp;Beziehung zur Natur ist&nbsp;deutlich, vor allem in der Physiognomie der Natur- und Kulturlandschaft. Das Wasser fließt reichlich in den Flussläufen, die von kleinen landwirtschaftlichen Siedlungen gesäumt sind.</p>
