{"id":2349,"date":"2023-12-01T15:46:41","date_gmt":"2023-12-01T15:46:41","guid":{"rendered":"https:\/\/beta.caminhosdefatima.org\/jornadas\/caminho-do-norte-4a-jornada\/"},"modified":"2023-12-20T16:52:00","modified_gmt":"2023-12-20T16:52:00","slug":"noerdlicher-weg-etappe-4","status":"publish","type":"jornadas","link":"https:\/\/caminhosdefatima.org\/de\/reises\/noerdlicher-weg-etappe-4\/","title":{"rendered":"N\u00f6rdlicher Weg &#8211; Etappe 4"},"content":{"rendered":"\n<p>Die vierte Wegetappe&nbsp;beginnt in Tamel&nbsp;(S. Pedro Fins, Barcelos) an der Gemeindekirche und&nbsp;endet in&nbsp;Rates an der Kirche des Hl. Pedro. Sie ist 26 km lang und ihr H\u00f6henunterschied liegt zwischen 15 m und 185 m mit&nbsp;leichtem&nbsp;Schwierigkeitsgrad. Sie kann innerhalb von 6 Stunden und 30 Minuten zur\u00fcckgelegt werden.<\/p>\n\n\n\n<p>W\u00e4hrend dieser Tagesstrecke werden die Gemeindegebiete von Barcelos und P\u00f3voa do Varzim durchquert, wobei oftmals alte R\u00f6mer- und mittelalterliche Wege benutzt werden, die die Grundlage f\u00fcr die Siedlungen dieser Gegend bildeten und ihre Verbindung zur Au\u00dfenwelt sicherten.&nbsp;&nbsp;\u00c4hnlich wie bei der vorherigen Etappe f\u00fchrt ein Hauptteil des Weges \u00fcber Gemeindestra\u00dfen und l\u00e4ndliche Wege, die an kleine verstreute D\u00f6rfer angrenzen und historische Stadtkerne durchqueren.&nbsp;<\/p>\n\n\n\n<p>Wir schlagen vor,&nbsp;Ihren Tag in zwei Abschnitten zu organisieren:&nbsp;eine erste Wanderung morgens bis zum Fluss C\u00e1vado, wo Sie einen Zwischenhalt in der Stadt Barcelos einlegen k\u00f6nnen; und eine zweite Wanderung von dort bis zum Ende der Tagesstrecke. Der Fluss spielt eine gro\u00dfe Rolle in der Gestalt der Natur- und Kulturlandschaft und ist heute ein markantes Element dieser Route. Es lohnt sich, einen Zwischenhalt in Barcelos zu machen, der ruhigen sch\u00f6nen Stadt, die \u00fcber den Fluss gebaut ist. Sie bietet ein einzigartiges Szenario, in dem Natur und Geschichte harmonisch zusammenwirken.&nbsp;&nbsp;<\/p>\n","protected":false},"featured_media":1100,"template":"","acf":[],"_links":{"self":[{"href":"https:\/\/caminhosdefatima.org\/de\/wp-json\/wp\/v2\/jornadas\/2349"}],"collection":[{"href":"https:\/\/caminhosdefatima.org\/de\/wp-json\/wp\/v2\/jornadas"}],"about":[{"href":"https:\/\/caminhosdefatima.org\/de\/wp-json\/wp\/v2\/types\/jornadas"}],"wp:featuredmedia":[{"embeddable":true,"href":"https:\/\/caminhosdefatima.org\/de\/wp-json\/wp\/v2\/media\/1100"}],"wp:attachment":[{"href":"https:\/\/caminhosdefatima.org\/de\/wp-json\/wp\/v2\/media?parent=2349"}],"curies":[{"name":"wp","href":"https:\/\/api.w.org\/{rel}","templated":true}]}}

Nördlicher Weg &#8211; Etappe 4

<p>Die vierte Wegetappe&nbsp;beginnt in Tamel&nbsp;(S. Pedro Fins, Barcelos) an der Gemeindekirche und&nbsp;endet in&nbsp;Rates an der Kirche des Hl. Pedro. Sie ist 26 km lang und ihr Höhenunterschied liegt zwischen 15 m und 185 m mit&nbsp;leichtem&nbsp;Schwierigkeitsgrad. Sie kann innerhalb von 6 Stunden und 30 Minuten zurückgelegt werden.</p>



<p>Während dieser Tagesstrecke werden die Gemeindegebiete von Barcelos und Póvoa do Varzim durchquert, wobei oftmals alte Römer- und mittelalterliche Wege benutzt werden, die die Grundlage für die Siedlungen dieser Gegend bildeten und ihre Verbindung zur Außenwelt sicherten.&nbsp;&nbsp;Ähnlich wie bei der vorherigen Etappe führt ein Hauptteil des Weges über Gemeindestraßen und ländliche Wege, die an kleine verstreute Dörfer angrenzen und historische Stadtkerne durchqueren.&nbsp;</p>



<p>Wir schlagen vor,&nbsp;Ihren Tag in zwei Abschnitten zu organisieren:&nbsp;eine erste Wanderung morgens bis zum Fluss Cávado, wo Sie einen Zwischenhalt in der Stadt Barcelos einlegen können; und eine zweite Wanderung von dort bis zum Ende der Tagesstrecke. Der Fluss spielt eine große Rolle in der Gestalt der Natur- und Kulturlandschaft und ist heute ein markantes Element dieser Route. Es lohnt sich, einen Zwischenhalt in Barcelos zu machen, der ruhigen schönen Stadt, die über den Fluss gebaut ist. Sie bietet ein einzigartiges Szenario, in dem Natur und Geschichte harmonisch zusammenwirken.&nbsp;&nbsp;</p>
