{"id":2350,"date":"2023-12-01T15:54:26","date_gmt":"2023-12-01T15:54:26","guid":{"rendered":"https:\/\/beta.caminhosdefatima.org\/jornadas\/caminho-do-norte-5a-jornada\/"},"modified":"2023-12-20T16:59:26","modified_gmt":"2023-12-20T16:59:26","slug":"noerdlicher-weg-etappe-5","status":"publish","type":"jornadas","link":"https:\/\/caminhosdefatima.org\/de\/reises\/noerdlicher-weg-etappe-5\/","title":{"rendered":"N\u00f6rdlicher Weg &#8211; Etappe 5"},"content":{"rendered":"\n<p>Die f\u00fcnfte Wegetappe&nbsp;beginnt in Rates&nbsp;an der Gemeindekirche des Hl. Pedro und&nbsp;endet in&nbsp;Vair\u00e3o&nbsp;am Kloster des Hl. Salvador. Sie ist 13,5 km lang und kann in 4 Stunden und 30 Minuten auf einer zumeist ebenen Strecke zur\u00fcckgelegt werden. Mit einem h\u00f6chsten Punkt von 106 m handelt es sich um eine leichte&nbsp;Etappe. Sie kann in aller Ruhe begangen werden und l\u00e4sst Raum f\u00fcr aufmerksame Beobachtungen der umgebenden Realit\u00e4t und einer Interaktion mit den Einwohnern. Auf diese Weise kommen die Wanderer wieder zu Kr\u00e4ften und k\u00f6nnen sich f\u00fcr die intensiveren kommenden Tagesstrecken vorbereiten.&nbsp;<\/p>\n\n\n\n<p>W\u00e4hrend dieses Tages wird das Gemeindegebiet von P\u00f3voa do Varzim und Vila do Conde durchquert, deren Geschichte tief gepr\u00e4gt ist von den Erinnerungen an die Grafschaft Portucale und so an die Urspr\u00fcnge und die Gr\u00fcndung von Portugal erinnert. Die&nbsp;gr\u00fcne Landschaft&nbsp;ist von landwirtschaftlich genutzten Feldern und viel Wasser gepr\u00e4gt, an dem kleine l\u00e4ndliche Siedlungen mit einem ruhigen Lebensrhythmus entstanden sind.&nbsp;&nbsp;Der Fluss Ave ist hier sehr pr\u00e4sent und bildet die Verbindung zwischen K\u00fcste und Landesinnerem.&nbsp;<\/p>\n\n\n\n<p>Das hiesige Kulturerbe besteht aus&nbsp;harmonischen Geb\u00e4udeensembles, die sehr gut erhalten sind und sich auf herrschaftlichem Gel\u00e4nde und Klostergrundst\u00fccken befinden. Die Bezeichnungen sind oftmals alte Namen. Die Traditionen leben von Ritualen aus der Landwirtschaft und dem religi\u00f6sen Kalender. Die Feste dr\u00fccken eine tiefe Verbundenheit zwischen der heiligen und weltlichen Sph\u00e4re aus.<\/p>\n","protected":false},"featured_media":1076,"template":"","acf":[],"_links":{"self":[{"href":"https:\/\/caminhosdefatima.org\/de\/wp-json\/wp\/v2\/jornadas\/2350"}],"collection":[{"href":"https:\/\/caminhosdefatima.org\/de\/wp-json\/wp\/v2\/jornadas"}],"about":[{"href":"https:\/\/caminhosdefatima.org\/de\/wp-json\/wp\/v2\/types\/jornadas"}],"wp:featuredmedia":[{"embeddable":true,"href":"https:\/\/caminhosdefatima.org\/de\/wp-json\/wp\/v2\/media\/1076"}],"wp:attachment":[{"href":"https:\/\/caminhosdefatima.org\/de\/wp-json\/wp\/v2\/media?parent=2350"}],"curies":[{"name":"wp","href":"https:\/\/api.w.org\/{rel}","templated":true}]}}

Nördlicher Weg &#8211; Etappe 5

<p>Die fünfte Wegetappe&nbsp;beginnt in Rates&nbsp;an der Gemeindekirche des Hl. Pedro und&nbsp;endet in&nbsp;Vairão&nbsp;am Kloster des Hl. Salvador. Sie ist 13,5 km lang und kann in 4 Stunden und 30 Minuten auf einer zumeist ebenen Strecke zurückgelegt werden. Mit einem höchsten Punkt von 106 m handelt es sich um eine leichte&nbsp;Etappe. Sie kann in aller Ruhe begangen werden und lässt Raum für aufmerksame Beobachtungen der umgebenden Realität und einer Interaktion mit den Einwohnern. Auf diese Weise kommen die Wanderer wieder zu Kräften und können sich für die intensiveren kommenden Tagesstrecken vorbereiten.&nbsp;</p>



<p>Während dieses Tages wird das Gemeindegebiet von Póvoa do Varzim und Vila do Conde durchquert, deren Geschichte tief geprägt ist von den Erinnerungen an die Grafschaft Portucale und so an die Ursprünge und die Gründung von Portugal erinnert. Die&nbsp;grüne Landschaft&nbsp;ist von landwirtschaftlich genutzten Feldern und viel Wasser geprägt, an dem kleine ländliche Siedlungen mit einem ruhigen Lebensrhythmus entstanden sind.&nbsp;&nbsp;Der Fluss Ave ist hier sehr präsent und bildet die Verbindung zwischen Küste und Landesinnerem.&nbsp;</p>



<p>Das hiesige Kulturerbe besteht aus&nbsp;harmonischen Gebäudeensembles, die sehr gut erhalten sind und sich auf herrschaftlichem Gelände und Klostergrundstücken befinden. Die Bezeichnungen sind oftmals alte Namen. Die Traditionen leben von Ritualen aus der Landwirtschaft und dem religiösen Kalender. Die Feste drücken eine tiefe Verbundenheit zwischen der heiligen und weltlichen Sphäre aus.</p>
