{"id":2351,"date":"2023-12-01T16:00:57","date_gmt":"2023-12-01T16:00:57","guid":{"rendered":"https:\/\/beta.caminhosdefatima.org\/jornadas\/caminho-do-norte-6a-jornada\/"},"modified":"2023-12-20T17:06:13","modified_gmt":"2023-12-20T17:06:13","slug":"noerdlicher-weg-etappe-6","status":"publish","type":"jornadas","link":"https:\/\/caminhosdefatima.org\/de\/reises\/noerdlicher-weg-etappe-6\/","title":{"rendered":"N\u00f6rdlicher Weg &#8211; Etappe 6"},"content":{"rendered":"\n<p>Die sechste Wegetappe&nbsp;beginnt in&nbsp;Vair\u00e3o&nbsp;am Kloster des Hl. Salvador und&nbsp;endet an der Kathedrale von Porto. Es handelt sich um eine ebene Route von 25,5 km L\u00e4nge mit einem h\u00f6chsten Punkt von 116 m, die in 6 Stunden und 30 Minuten zur\u00fcckgelegt werden kann. Abgesehen davon, dass das Gel\u00e4nde keine gro\u00dfen H\u00f6henunterschiede aufweist, handelt es sich um eine&nbsp;vorwiegend st\u00e4dtische Route&nbsp;mit mittlerem Schwierigkeitsgrad, sodass Aufmerksamkeit beim \u00dcberqueren der Stra\u00dfen mit Verkehrsaufkommen geboten ist.&nbsp;<\/p>\n\n\n\n<p>W\u00e4hrend dieses Tages f\u00fchrt die Strecke durch Gemeindegebiete des Gro\u00dfraums Porto wie Vila do Conde, Maia, Matosinhos und Porto. Die Landschaft ist vielf\u00e4ltig mit&nbsp;l\u00e4ndlichen und st\u00e4dtischen&nbsp;Gegenden. Je s\u00fcdlicher der Weg f\u00fchrt, desto dichter wird die Besiedelung mit einer sichtbaren Urbanit\u00e4t. Auf der gesamten Strecke gibt es eine unterst\u00fctzende Infrastruktur, um kleine Pausen zu machen.<\/p>\n","protected":false},"featured_media":1112,"template":"","acf":[],"_links":{"self":[{"href":"https:\/\/caminhosdefatima.org\/de\/wp-json\/wp\/v2\/jornadas\/2351"}],"collection":[{"href":"https:\/\/caminhosdefatima.org\/de\/wp-json\/wp\/v2\/jornadas"}],"about":[{"href":"https:\/\/caminhosdefatima.org\/de\/wp-json\/wp\/v2\/types\/jornadas"}],"wp:featuredmedia":[{"embeddable":true,"href":"https:\/\/caminhosdefatima.org\/de\/wp-json\/wp\/v2\/media\/1112"}],"wp:attachment":[{"href":"https:\/\/caminhosdefatima.org\/de\/wp-json\/wp\/v2\/media?parent=2351"}],"curies":[{"name":"wp","href":"https:\/\/api.w.org\/{rel}","templated":true}]}}

Nördlicher Weg &#8211; Etappe 6

<p>Die sechste Wegetappe&nbsp;beginnt in&nbsp;Vairão&nbsp;am Kloster des Hl. Salvador und&nbsp;endet an der Kathedrale von Porto. Es handelt sich um eine ebene Route von 25,5 km Länge mit einem höchsten Punkt von 116 m, die in 6 Stunden und 30 Minuten zurückgelegt werden kann. Abgesehen davon, dass das Gelände keine großen Höhenunterschiede aufweist, handelt es sich um eine&nbsp;vorwiegend städtische Route&nbsp;mit mittlerem Schwierigkeitsgrad, sodass Aufmerksamkeit beim Überqueren der Straßen mit Verkehrsaufkommen geboten ist.&nbsp;</p>



<p>Während dieses Tages führt die Strecke durch Gemeindegebiete des Großraums Porto wie Vila do Conde, Maia, Matosinhos und Porto. Die Landschaft ist vielfältig mit&nbsp;ländlichen und städtischen&nbsp;Gegenden. Je südlicher der Weg führt, desto dichter wird die Besiedelung mit einer sichtbaren Urbanität. Auf der gesamten Strecke gibt es eine unterstützende Infrastruktur, um kleine Pausen zu machen.</p>
