{"id":2352,"date":"2023-12-01T16:05:44","date_gmt":"2023-12-01T16:05:44","guid":{"rendered":"https:\/\/beta.caminhosdefatima.org\/jornadas\/caminho-do-norte-7a-jornada\/"},"modified":"2023-12-20T17:14:53","modified_gmt":"2023-12-20T17:14:53","slug":"noerdlicher-weg-etappe-7","status":"publish","type":"jornadas","link":"https:\/\/caminhosdefatima.org\/de\/reises\/noerdlicher-weg-etappe-7\/","title":{"rendered":"N\u00f6rdlicher Weg &#8211; Etappe 7"},"content":{"rendered":"\n<p>Die siebte Wegetappe&nbsp;beginnt an der Kathedrale in Porto&nbsp;und&nbsp;endet in Lourosa&nbsp;an der Kapelle des Hl. Miguel (auch als Capela da Feira dos Dez bekannt) auf dem Platz Largo da Feira dos Dez. Sie ist 23 km lang und kann in 6 Stunden und 30 Minuten auf einem etwas unebenen Gel\u00e4nde mit H\u00f6henunterschieden zwischen 2 und 238 Metern zur\u00fcckgelegt werden. Es handelt sich um eine&nbsp;einfache Tagesstrecke&nbsp;in einer&nbsp;vielf\u00e4ltigen Umgebung. Zu Beginn ist das Szenario vor allem urban, so dass eine erh\u00f6hte Aufmerksamkeit und Sicherheit f\u00fcr eine&nbsp;angenehme Wanderung&nbsp;geboten ist.&nbsp;<\/p>\n\n\n\n<p>W\u00e4hrend dieser Tagesstrecke wird&nbsp;der Fluss Douro \u00fcberquert&nbsp;sowiedie Gemeindegebiete von Porto, Gaia und Santa Maria da Feira durchlaufen, die Teil des Gro\u00dfraumes Porto sind. W\u00e4hrend der gesamten Strecke ist eine unterst\u00fctzende Infrastruktur f\u00fcr Wanderer und Pilgerer vorhanden.&nbsp;<\/p>\n\n\n\n<p>Die Gr\u00fcnde f\u00fcr eine Kontemplation sind vielf\u00e4ltig. Die Natur bietet Momente gro\u00dfer Sch\u00f6nheit. Der Weg \u00fcber den&nbsp;Fluss Douro&nbsp;ist unvergesslich und die Durchquerung der&nbsp;&nbsp;Serra von Negrelos&nbsp;ist wohltuend. Das Kulturerbe wartet mit&nbsp;Monumenten und Museen&nbsp;auf, die von historischen Werten und einer zeitgen\u00f6ssischen Dynamik zeugen. Um sie kennenzulernen, empfehlen wir, den Tag so zu gestalten, dass&nbsp;Zwischenhalte f\u00fcr die Betrachtung und den Genuss&nbsp;m\u00f6glich sind. Es ist sogar m\u00f6glich, die Route in zwei Teile zu teilen, mit Grij\u00f3 als dem Mittelpunkt.&nbsp;<\/p>\n","protected":false},"featured_media":1137,"template":"","acf":[],"_links":{"self":[{"href":"https:\/\/caminhosdefatima.org\/de\/wp-json\/wp\/v2\/jornadas\/2352"}],"collection":[{"href":"https:\/\/caminhosdefatima.org\/de\/wp-json\/wp\/v2\/jornadas"}],"about":[{"href":"https:\/\/caminhosdefatima.org\/de\/wp-json\/wp\/v2\/types\/jornadas"}],"wp:featuredmedia":[{"embeddable":true,"href":"https:\/\/caminhosdefatima.org\/de\/wp-json\/wp\/v2\/media\/1137"}],"wp:attachment":[{"href":"https:\/\/caminhosdefatima.org\/de\/wp-json\/wp\/v2\/media?parent=2352"}],"curies":[{"name":"wp","href":"https:\/\/api.w.org\/{rel}","templated":true}]}}

Nördlicher Weg &#8211; Etappe 7

<p>Die siebte Wegetappe&nbsp;beginnt an der Kathedrale in Porto&nbsp;und&nbsp;endet in Lourosa&nbsp;an der Kapelle des Hl. Miguel (auch als Capela da Feira dos Dez bekannt) auf dem Platz Largo da Feira dos Dez. Sie ist 23 km lang und kann in 6 Stunden und 30 Minuten auf einem etwas unebenen Gelände mit Höhenunterschieden zwischen 2 und 238 Metern zurückgelegt werden. Es handelt sich um eine&nbsp;einfache Tagesstrecke&nbsp;in einer&nbsp;vielfältigen Umgebung. Zu Beginn ist das Szenario vor allem urban, so dass eine erhöhte Aufmerksamkeit und Sicherheit für eine&nbsp;angenehme Wanderung&nbsp;geboten ist.&nbsp;</p>



<p>Während dieser Tagesstrecke wird&nbsp;der Fluss Douro überquert&nbsp;sowiedie Gemeindegebiete von Porto, Gaia und Santa Maria da Feira durchlaufen, die Teil des Großraumes Porto sind. Während der gesamten Strecke ist eine unterstützende Infrastruktur für Wanderer und Pilgerer vorhanden.&nbsp;</p>



<p>Die Gründe für eine Kontemplation sind vielfältig. Die Natur bietet Momente großer Schönheit. Der Weg über den&nbsp;Fluss Douro&nbsp;ist unvergesslich und die Durchquerung der&nbsp;&nbsp;Serra von Negrelos&nbsp;ist wohltuend. Das Kulturerbe wartet mit&nbsp;Monumenten und Museen&nbsp;auf, die von historischen Werten und einer zeitgenössischen Dynamik zeugen. Um sie kennenzulernen, empfehlen wir, den Tag so zu gestalten, dass&nbsp;Zwischenhalte für die Betrachtung und den Genuss&nbsp;möglich sind. Es ist sogar möglich, die Route in zwei Teile zu teilen, mit Grijó als dem Mittelpunkt.&nbsp;</p>
