{"id":2355,"date":"2023-12-01T16:15:46","date_gmt":"2023-12-01T16:15:46","guid":{"rendered":"https:\/\/beta.caminhosdefatima.org\/jornadas\/caminho-do-norte-10a-jornada\/"},"modified":"2023-12-20T18:07:09","modified_gmt":"2023-12-20T18:07:09","slug":"noerdlicher-weg-etappe-10","status":"publish","type":"jornadas","link":"https:\/\/caminhosdefatima.org\/de\/reises\/noerdlicher-weg-etappe-10\/","title":{"rendered":"N\u00f6rdlicher Weg &#8211; Etappe 10"},"content":{"rendered":"\n<p>Die zehnte Wegetappe&nbsp;beginnt an der Gemeindekirche von \u00c1gueda&nbsp;(Largo Dr. Ant\u00f3nio de Mello) und&nbsp;endet an der Gemeindekirche von&nbsp;Mealhada&nbsp;(Avenida Comendador Messias Baptista).&nbsp;Sie ist 26 km lang und kann in ca. 6 Stunden auf einem etwas unebenen Gel\u00e4nde mit H\u00f6henunterschieden zwischen 5 und 76 Metern zur\u00fcckgelegt werden. Es handelt sich um eine&nbsp;einfache Wegstrecke&nbsp;mit einer vielgestaltigen Umgebung, die l\u00e4ndliche und urbane Gebiete beinhaltet und gute Voraussetzungen f\u00fcr eine&nbsp;angenehme Wanderung&nbsp;bietet.&nbsp;<\/p>\n\n\n\n<p>Im Zentrum von Portugal zwischen den Fl\u00fcssen Vouga und Mondego durchquert der Weg die Gemeindegebiete von \u00c1gueda, Anadia und Mealhada. Die Landschaft zeichnet sich durch&nbsp;Ebenen und kleine H\u00e4nge&nbsp;mit Weinreben und Obstb\u00e4umen sowie Feldern aus. In diesem l\u00e4ndlichen Milieu befinden sich aber auch wichtige urbane Zentren, St\u00e4dtchen und historische St\u00e4dte.&nbsp;<\/p>\n\n\n\n<p>Der Weg f\u00fchrt durch die&nbsp;Weinregion von&nbsp;Bairrada, in der eine Vielfalt und ein Reichtum an (lehmigen und sandigen) B\u00f6den und das milde Klima die Kultivierung verschiedener Rebsorten f\u00fcr die Herstellung exzellenter Weine (Rot- und Wei\u00dfweine sowie Sekt) beg\u00fcnstigen. Es handelt sich um ein eingegrenztes Gebiet, dessen Bezeichnung \u201cbairrada\u201d (vom Wort lehmig) sehr gut die Charakteristiken der ton- oder lehmhaltigen B\u00f6den wiedergibt, die f\u00fcr den Weinanbau besonders vorteilhaft sind.&nbsp;<\/p>\n","protected":false},"featured_media":1260,"template":"","acf":[],"_links":{"self":[{"href":"https:\/\/caminhosdefatima.org\/de\/wp-json\/wp\/v2\/jornadas\/2355"}],"collection":[{"href":"https:\/\/caminhosdefatima.org\/de\/wp-json\/wp\/v2\/jornadas"}],"about":[{"href":"https:\/\/caminhosdefatima.org\/de\/wp-json\/wp\/v2\/types\/jornadas"}],"wp:featuredmedia":[{"embeddable":true,"href":"https:\/\/caminhosdefatima.org\/de\/wp-json\/wp\/v2\/media\/1260"}],"wp:attachment":[{"href":"https:\/\/caminhosdefatima.org\/de\/wp-json\/wp\/v2\/media?parent=2355"}],"curies":[{"name":"wp","href":"https:\/\/api.w.org\/{rel}","templated":true}]}}

Nördlicher Weg &#8211; Etappe 10

<p>Die zehnte Wegetappe&nbsp;beginnt an der Gemeindekirche von Águeda&nbsp;(Largo Dr. António de Mello) und&nbsp;endet an der Gemeindekirche von&nbsp;Mealhada&nbsp;(Avenida Comendador Messias Baptista).&nbsp;Sie ist 26 km lang und kann in ca. 6 Stunden auf einem etwas unebenen Gelände mit Höhenunterschieden zwischen 5 und 76 Metern zurückgelegt werden. Es handelt sich um eine&nbsp;einfache Wegstrecke&nbsp;mit einer vielgestaltigen Umgebung, die ländliche und urbane Gebiete beinhaltet und gute Voraussetzungen für eine&nbsp;angenehme Wanderung&nbsp;bietet.&nbsp;</p>



<p>Im Zentrum von Portugal zwischen den Flüssen Vouga und Mondego durchquert der Weg die Gemeindegebiete von Águeda, Anadia und Mealhada. Die Landschaft zeichnet sich durch&nbsp;Ebenen und kleine Hänge&nbsp;mit Weinreben und Obstbäumen sowie Feldern aus. In diesem ländlichen Milieu befinden sich aber auch wichtige urbane Zentren, Städtchen und historische Städte.&nbsp;</p>



<p>Der Weg führt durch die&nbsp;Weinregion von&nbsp;Bairrada, in der eine Vielfalt und ein Reichtum an (lehmigen und sandigen) Böden und das milde Klima die Kultivierung verschiedener Rebsorten für die Herstellung exzellenter Weine (Rot- und Weißweine sowie Sekt) begünstigen. Es handelt sich um ein eingegrenztes Gebiet, dessen Bezeichnung “bairrada” (vom Wort lehmig) sehr gut die Charakteristiken der ton- oder lehmhaltigen Böden wiedergibt, die für den Weinanbau besonders vorteilhaft sind.&nbsp;</p>
