{"id":2357,"date":"2023-12-01T16:23:11","date_gmt":"2023-12-01T16:23:11","guid":{"rendered":"https:\/\/beta.caminhosdefatima.org\/jornadas\/caminho-do-norte-12a-jornada\/"},"modified":"2023-12-21T06:54:19","modified_gmt":"2023-12-21T06:54:19","slug":"noerdlicher-weg-etappe-12","status":"publish","type":"jornadas","link":"https:\/\/caminhosdefatima.org\/de\/reises\/noerdlicher-weg-etappe-12\/","title":{"rendered":"N\u00f6rdlicher Weg &#8211; Etappe 12"},"content":{"rendered":"\n<p>In Coimbra vereinigen sich&nbsp;Caminho do Norte und die Rota Carmelita (Karmeliterroute). Dieser Weg wurde von&nbsp;der Agentur f\u00fcr die Erhaltung von mittelalterlichen Burgen und Stadtmauern von Mondego entwickelt und wird vom&nbsp;ACF &#8211;&nbsp;Verband der Wege nach F\u00e1tima&nbsp;als Teil der Wege nach F\u00e1tima betreut. Er wurde vom Leben und Werk von Schwester L\u00facia, einer der drei Seherkinder von F\u00e1tima, inspiriert, die 1947 ins Karmelkloster der Hl. Teresa in Coimbra eintrat und dort bis zu ihrem Tod im Jahr 2005 lebte.<\/p>\n\n\n\n<p>So&nbsp;beginnt die zw\u00f6lfte Wegstrecke in&nbsp;Coimbra, an der Kirche von Santa Cruz (Pra\u00e7a 8 de Maio) und wenige Meter weiter, auf dem Platz Pra\u00e7a da Portagem wird sie zur Rota Carmelita. Die Tagesstrecke endet an der Hauptkirche in&nbsp;Condeixa-a-Nova&nbsp;(Pra\u00e7a do Munic\u00edpio).&nbsp;Sie ist 16 km lang und kann in 4 Stunden auf einem etwas unebenen Gel\u00e4nde zur\u00fcckgelegt werden, wobei der h\u00f6chste Punkt bei 180 Metern liegt. Bei einem&nbsp;mittleren Schwierigkeitsgrad&nbsp;bietet sie exzellente Voraussetzungen f\u00fcr eine angenehme Wanderung.&nbsp;&nbsp;Sie f\u00fchrt durch das Zentrum von Portugal in die Gegend des&nbsp;Baixo Mondego, einer \u00dcbergangszone zwischen K\u00fcste und Landesinnerem. Sie durchl\u00e4uft Gemeinden der Bezirke Coimbra und Condeixa-a-Nova, eine&nbsp;sehr alte Siedlungsgegend, in der die Natur- und Kulturlandschaft von einer F\u00fclle von Wasser gekennzeichnet ist, das die&nbsp;gr\u00fcnen Felder&nbsp;und&nbsp;urbanen G\u00e4rten&nbsp;versorgt.<\/p>\n","protected":false},"featured_media":1315,"template":"","acf":[],"_links":{"self":[{"href":"https:\/\/caminhosdefatima.org\/de\/wp-json\/wp\/v2\/jornadas\/2357"}],"collection":[{"href":"https:\/\/caminhosdefatima.org\/de\/wp-json\/wp\/v2\/jornadas"}],"about":[{"href":"https:\/\/caminhosdefatima.org\/de\/wp-json\/wp\/v2\/types\/jornadas"}],"wp:featuredmedia":[{"embeddable":true,"href":"https:\/\/caminhosdefatima.org\/de\/wp-json\/wp\/v2\/media\/1315"}],"wp:attachment":[{"href":"https:\/\/caminhosdefatima.org\/de\/wp-json\/wp\/v2\/media?parent=2357"}],"curies":[{"name":"wp","href":"https:\/\/api.w.org\/{rel}","templated":true}]}}

Nördlicher Weg &#8211; Etappe 12

<p>In Coimbra vereinigen sich&nbsp;Caminho do Norte und die Rota Carmelita (Karmeliterroute). Dieser Weg wurde von&nbsp;der Agentur für die Erhaltung von mittelalterlichen Burgen und Stadtmauern von Mondego entwickelt und wird vom&nbsp;ACF &#8211;&nbsp;Verband der Wege nach Fátima&nbsp;als Teil der Wege nach Fátima betreut. Er wurde vom Leben und Werk von Schwester Lúcia, einer der drei Seherkinder von Fátima, inspiriert, die 1947 ins Karmelkloster der Hl. Teresa in Coimbra eintrat und dort bis zu ihrem Tod im Jahr 2005 lebte.</p>



<p>So&nbsp;beginnt die zwölfte Wegstrecke in&nbsp;Coimbra, an der Kirche von Santa Cruz (Praça 8 de Maio) und wenige Meter weiter, auf dem Platz Praça da Portagem wird sie zur Rota Carmelita. Die Tagesstrecke endet an der Hauptkirche in&nbsp;Condeixa-a-Nova&nbsp;(Praça do Município).&nbsp;Sie ist 16 km lang und kann in 4 Stunden auf einem etwas unebenen Gelände zurückgelegt werden, wobei der höchste Punkt bei 180 Metern liegt. Bei einem&nbsp;mittleren Schwierigkeitsgrad&nbsp;bietet sie exzellente Voraussetzungen für eine angenehme Wanderung.&nbsp;&nbsp;Sie führt durch das Zentrum von Portugal in die Gegend des&nbsp;Baixo Mondego, einer Übergangszone zwischen Küste und Landesinnerem. Sie durchläuft Gemeinden der Bezirke Coimbra und Condeixa-a-Nova, eine&nbsp;sehr alte Siedlungsgegend, in der die Natur- und Kulturlandschaft von einer Fülle von Wasser gekennzeichnet ist, das die&nbsp;grünen Felder&nbsp;und&nbsp;urbanen Gärten&nbsp;versorgt.</p>
