{"id":2361,"date":"2023-12-01T16:47:10","date_gmt":"2023-12-01T16:47:10","guid":{"rendered":"https:\/\/beta.caminhosdefatima.org\/jornadas\/caminho-do-norte-16a-jornada\/"},"modified":"2023-12-21T08:33:12","modified_gmt":"2023-12-21T08:33:12","slug":"noerdlicher-weg-etappe-16","status":"publish","type":"jornadas","link":"https:\/\/caminhosdefatima.org\/de\/reises\/noerdlicher-weg-etappe-16\/","title":{"rendered":"N\u00f6rdlicher Weg &#8211; Etappe 16"},"content":{"rendered":"\n<p>Die sechzehnte Tagesstrecke&nbsp;beginnt im Dorf Bofinho&nbsp;(in der Gemeinde Pelm\u00e1) an der Kapelle des Hl. Antonio (an der Kreuzung zwischen Rua da Fonte und Rua da Capela) und endet&nbsp;an der Hauptkirche von&nbsp;Sei\u00e7a&nbsp;(Rua da Igreja). Sie ist 26 km lang und kann in ca. 6 Stunden zur\u00fcckgelegt werden, wobei die Route gemischt ist und aus Gemeindestra\u00dfen und Fu\u00dfwegen besteht.&nbsp;<\/p>\n\n\n\n<p>Mit einem unebenen Gel\u00e4nde und h\u00f6chsten Punkten von fast 200 m hat die Route einen&nbsp;erh\u00f6hten Schwierigkeitsgrad.<\/p>\n\n\n\n<p>Sie durchl\u00e4uft die Gemeindegebiete von Alvai\u00e1zere und Our\u00e9m in einer&nbsp;geografischen \u00dcbergangszone&nbsp;zwischen dem Massiv der Serra von Sic\u00f3 und dem Kalksteinmassiv der Estremadura der Serras von Aire und Candeeiros. In den kleinen Erhebungen, Hochebenen und wasserreichen T\u00e4lern wird Landwirtschaft betrieben. Der&nbsp;Fluss&nbsp;Nab\u00e3o&nbsp;ist im ersten Teil der Tagesstrecke noch pr\u00e4sent. In einem landschaftlichen Szenario, das von&nbsp;Biodiversit\u00e4t&nbsp;gepr\u00e4gt ist, tauchen&nbsp;alte Olivenhaine und jahrhundertealte Weinberge&nbsp;auf. W\u00e4hrend dieses Tages f\u00fchrt der Weg durch&nbsp;kleine l\u00e4ndliche D\u00f6rfer, aber auch durch&nbsp;einige St\u00e4dtchen&nbsp;mit urbanem Flair.<\/p>\n","protected":false},"featured_media":1451,"template":"","acf":[],"_links":{"self":[{"href":"https:\/\/caminhosdefatima.org\/de\/wp-json\/wp\/v2\/jornadas\/2361"}],"collection":[{"href":"https:\/\/caminhosdefatima.org\/de\/wp-json\/wp\/v2\/jornadas"}],"about":[{"href":"https:\/\/caminhosdefatima.org\/de\/wp-json\/wp\/v2\/types\/jornadas"}],"wp:featuredmedia":[{"embeddable":true,"href":"https:\/\/caminhosdefatima.org\/de\/wp-json\/wp\/v2\/media\/1451"}],"wp:attachment":[{"href":"https:\/\/caminhosdefatima.org\/de\/wp-json\/wp\/v2\/media?parent=2361"}],"curies":[{"name":"wp","href":"https:\/\/api.w.org\/{rel}","templated":true}]}}

Nördlicher Weg &#8211; Etappe 16

<p>Die sechzehnte Tagesstrecke&nbsp;beginnt im Dorf Bofinho&nbsp;(in der Gemeinde Pelmá) an der Kapelle des Hl. Antonio (an der Kreuzung zwischen Rua da Fonte und Rua da Capela) und endet&nbsp;an der Hauptkirche von&nbsp;Seiça&nbsp;(Rua da Igreja). Sie ist 26 km lang und kann in ca. 6 Stunden zurückgelegt werden, wobei die Route gemischt ist und aus Gemeindestraßen und Fußwegen besteht.&nbsp;</p>



<p>Mit einem unebenen Gelände und höchsten Punkten von fast 200 m hat die Route einen&nbsp;erhöhten Schwierigkeitsgrad.</p>



<p>Sie durchläuft die Gemeindegebiete von Alvaiázere und Ourém in einer&nbsp;geografischen Übergangszone&nbsp;zwischen dem Massiv der Serra von Sicó und dem Kalksteinmassiv der Estremadura der Serras von Aire und Candeeiros. In den kleinen Erhebungen, Hochebenen und wasserreichen Tälern wird Landwirtschaft betrieben. Der&nbsp;Fluss&nbsp;Nabão&nbsp;ist im ersten Teil der Tagesstrecke noch präsent. In einem landschaftlichen Szenario, das von&nbsp;Biodiversität&nbsp;geprägt ist, tauchen&nbsp;alte Olivenhaine und jahrhundertealte Weinberge&nbsp;auf. Während dieses Tages führt der Weg durch&nbsp;kleine ländliche Dörfer, aber auch durch&nbsp;einige Städtchen&nbsp;mit urbanem Flair.</p>
