{"id":3513,"date":"2023-09-26T09:38:26","date_gmt":"2023-09-26T08:38:26","guid":{"rendered":"https:\/\/beta.caminhosdefatima.org\/informacoes\/"},"modified":"2026-04-17T17:27:06","modified_gmt":"2026-04-17T16:27:06","slug":"informationen","status":"publish","type":"page","link":"https:\/\/caminhosdefatima.org\/de\/informationen\/","title":{"rendered":"Informationen"},"content":{"rendered":"\n<div style=\"height:30px\" aria-hidden=\"true\" class=\"wp-block-spacer\"><\/div>\n\n\n\n<blockquote class=\"wp-block-quote has-text-align-right has-small-font-size\">\n<p class=\"has-medium-font-size\"><em>F\u00e1tima ist eine spirituelle Ressource der Gegenwart.<br>Seine geografischen Umrisse stimmen nicht exakt <\/em><br><em>mit dem Stadtbild \u00fcberein.<br>Seine Topografie beschr\u00e4nkt sich nicht nur auf das Sichtbare.<br>Pilger und Pilgerinnen wissen, dass Fatima viel fr\u00fcher beginnt <\/em><br><em>und sich viel weiter erstreckt.<\/em><\/p>\n<cite><small>Kardinal Jos\u00e9 Tolentino Mendon\u00e7a \u201eChegar a F\u00e1tima a p\u00e9\u201c @ iMissio, 10.10.2021<\/small><\/cite><\/blockquote>\n\n\n\n<div style=\"height:30px\" aria-hidden=\"true\" class=\"wp-block-spacer\"><\/div>\n\n\n\n<p>Auf den <strong>Wege nach F\u00e1tima<\/strong> kann man das ganze Jahr \u00fcber wandern. Die besten Bedingungen sind jedoch im Fr\u00fchling, Sommer und Herbst. Im Sommer ist w\u00e4hrend ein paar Tagen mit hohen Temperaturen zu rechnen, doch l\u00e4sst sich der Zeitplan f\u00fcr die Tagesetappen an einen Aufbruch am fr\u00fchen Morgen anpassen. Die von uns vorgeschlagenen Tagesetappen haben eine der Gesamtroute angemessene Dauer, doch je nach Interesse und zur Verf\u00fcgung stehender Zeit lassen sich auch l\u00e4ngere oder k\u00fcrzere Etappen festlegen.<\/p>\n\n\n\n<p>Auf jeder Etappe befinden sich der Ausgangspunkt und der Ankunftspunkt immer an einem \u00f6ffentlichen Ort, neben einem Denkmal, einer Kirche oder einer Kapelle als wichtigem religi\u00f6sen Raum und Kulturgut. W\u00e4hrend jeder Etappe finden Pilgernde und Wandernde vor allem in den D\u00f6rfern Orte, die Wasser und Nahrung, Herbergen und andere Unterk\u00fcnfte bieten. Wir empfehlen Ihnen, sich immer im Vorfeld zu informieren. Um die Caminhos de F\u00e1tima mit den von uns vorgeschlagenen Routen zu begehen, m\u00fcssen Sie die&nbsp;notwendigen Vorbereitungen treffen, wobei die allgemeinen Bedingungen jedes Caminhos w\u00e4hrend der gesamten Route und die spezifischen Bedingungen jeder Etappe (eint\u00e4gige Wanderung) zu ber\u00fccksichtigen sind.<\/p>\n\n\n\n<div style=\"height:30px\" aria-hidden=\"true\" class=\"wp-block-spacer\"><\/div>\n\n\n\n<h2 class=\"wp-block-heading\">Orientierung<\/h2>\n\n\n\n<p><strong>Die bestehenden Beschilderungen<\/strong> in dem Gebiet, das die Routen durchlaufen, tragen die Symbole der Markierung mit dem entsprechenden Bild in grafischer Darstellung und in Farbe. Bis zum Abschluss des umfangreichen Prozesses der Ausschilderung aller Caminhos de F\u00e1tima auf portugiesischem Territorium finden Sie jedoch einfachere Markierungen, einschlie\u00dflich blauer Pfeile. Wir empfehlen Ihnen, das&nbsp;<strong>Kartenmaterial <\/strong>zur Route zu konsultieren, die Sie einschlagen m\u00f6chten, und so eine wichtige Orientierungshilfe auf dem Weg zur Hand zu haben.<\/p>\n\n\n<div class=\"wp-block-image\">\n<figure class=\"aligncenter size-full is-resized\"><img loading=\"lazy\" decoding=\"async\" width=\"528\" height=\"397\" src=\"https:\/\/caminhosdefatima.org\/_cf\/wp-content\/uploads\/2023\/12\/caminhos_sinaletica.jpg\" alt=\"\" class=\"wp-image-1745\" style=\"aspect-ratio:1.3299748110831233;width:427px;height:auto\"\/><\/figure><\/div>\n\n\n<div style=\"height:30px\" aria-hidden=\"true\" class=\"wp-block-spacer\"><\/div>\n\n\n\n<h2 class=\"wp-block-heading\">Pilgerausweis f\u00fcr die Caminhos de F\u00e1tima<\/h2>\n\n\n\n<p>Im Laufe der Jahrhunderte hatten alle, die eine Pilgerreise zu einem heiligen Ort begannen, einen Schutzbrief, der ihnen bei Schwierigkeiten auf ihrer Reise half. Heutzutage haben Wandernde und Pilgernde Zugang zum <strong>Pilgerausweis<\/strong>, der ihnen bei der Identifizierung hilft und auch ein Beleg daf\u00fcr ist, dass sie tats\u00e4chlich auf diesem kulturellen und spirituellen Weg waren.<\/p>\n\n\n\n<h3 class=\"wp-block-heading\"><strong>Wof\u00fcr dient der Pilgerausweis?<\/strong><strong><\/strong><\/h3>\n\n\n\n<p>Der Pilgerausweis entspricht einem Reisepass, der Ihren Weg \u00fcber die verschiedenen Etappen der Caminhos de F\u00e1tima best\u00e4tigt. Er kann an jeden Ort, der w\u00e4hrend der Wanderung erreicht wird, mit einem Stempel versehen werden, wobei zu diesem Zweck jedes Mal ein eigener Stempel verwendet wird (in Orten wie Tourismusb\u00fcros, Pfarreien, Hotels, Herbergen, Restaurants oder anderen Einrichtungen). Er dient somit als Best\u00e4tigung daf\u00fcr, dass Sie den Caminho de F\u00e1tima zur\u00fcckgelegt haben.<br>Der einzige offizielle und g\u00fcltige Pilgerausweis wird vom Centro Nacional de Cultura (Nationales Kulturzentrum) ausgestellt.&nbsp;<\/p>\n\n\n\n<h3 class=\"wp-block-heading\"><strong>Wo kann ich den Pilgerausweis erhalten?<\/strong><\/h3>\n\n\n\n<p>Der Ausweis kann am Hauptsitz des&nbsp;Centro Nacional de Cultura (<strong>Nationalen Kulturzentrum, CNC<\/strong>) in Lissabon abgeholt werden. Er kann auch bei der CNC per E-Mail (<a href=\"mailto:info@cnc.pt\">info@cnc.pt<\/a>)&nbsp;oder telefonisch (+351 21&nbsp;346 67 22) angefordert werden. Er wird per Post versandt, wobei die jeweiligen Versandkosten von der anfragenden Person getragen werden. <\/p>\n\n\n\n<p>Er ist auch an einigen wichtigen Orten erh\u00e4ltlich, die offiziell vom Nationalen Kulturzentrum anerkannt sind:<\/p>\n\n\n\n<div class=\"wp-block-columns are-vertically-aligned-top is-layout-flex wp-container-core-columns-layout-1 wp-block-columns-is-layout-flex\">\n<div class=\"wp-block-column is-vertically-aligned-top is-layout-flow wp-block-column-is-layout-flow\" style=\"flex-basis:30%\">\n<figure class=\"wp-block-image size-full is-resized\"><img loading=\"lazy\" decoding=\"async\" width=\"388\" height=\"616\" src=\"https:\/\/caminhosdefatima.org\/_cf\/wp-content\/uploads\/2023\/12\/credencial.jpg\" alt=\"\" class=\"wp-image-1735\" style=\"width:222px;height:auto\"\/><\/figure>\n<\/div>\n\n\n\n<div class=\"wp-block-column is-vertically-aligned-top is-layout-flow wp-block-column-is-layout-flow\" style=\"flex-basis:70%\">\n<p>Herbergen der Caminhos de Santiago&nbsp;<\/p>\n\n\n\n<p>Karmeliterorden der Hl. Teresa in Coimbra<\/p>\n\n\n\n<p>Keramikmuseum in Sacav\u00e9m<\/p>\n\n\n\n<p>Kathedrale von Lissabon, Kathedrale von Porto und Neue Kathedrale von Coimbra<\/p>\n\n\n\n<p>Tourismusb\u00fcros<\/p>\n\n\n\n<p>Informationszentrum &#8222;Wege nach F\u00e1tima&#8220;<br>Rua Adriano Correia de Oliveira, n\u00ba 8, 1600-312 Lisboa<\/p>\n\n\n\n<p>Informationszentrum f\u00fcr Pilger<br>Igreja de Nossa Senhora da Concei\u00e7\u00e3o Velha &#8211; Rua da Alf\u00e2ndega, 108, 1100-585 Lisboa<\/p>\n<\/div>\n<\/div>\n\n\n\n<div style=\"height:30px\" aria-hidden=\"true\" class=\"wp-block-spacer\"><\/div>\n\n\n\n<p>Um die Herstellung von Pilgerausweisen auch in der Zukunft zu gew\u00e4hrleisten, dankt das Centro Nacional de Cultura f\u00fcr eine freiwillige Spende von 2\u20ac pro Ausweis, die an die folgende NIB\/IBAN \u00fcberwiesen werden kann: PT 50 0033 0000 4523 7586 5850 5.<\/p>\n\n\n\n<div style=\"height:30px\" aria-hidden=\"true\" class=\"wp-block-spacer\"><\/div>\n\n\n\n<h2 class=\"wp-block-heading\">Zertifikat der Wege nach F\u00e1tima<\/h2>\n\n\n\n<p>Das Centro Nacional de Cultura hat das <strong>Zertifikat der Wege nach F\u00e1tima<\/strong> eingef\u00fchrt, das allen verliehen wird, die einen dieser Pilgerwege zu Fu\u00df nach F\u00e1tima absolvieren. <br>Um das Zertifikat zu erhalten, ist ein Nachweis der zur\u00fcckgelegten Strecke durch die Vorlage einer ordnungsgem\u00e4\u00df ausgef\u00fcllten Kopie des Pilgerausweises erforderlich. <br>Die Kopie des Ausweises mit den pers\u00f6nlichen Daten sowie den gut sichtbaren Stempeln des Start- und Zielortes kann an <a>info@cnc.pt<\/a> gesendet oder pers\u00f6nlich am Sitz des CNC in Lissabon (Rua Ant\u00f3nio Maria Cardoso, 68) abgegeben werden.<br>Das Zertifikat wird per Post zugesandt oder pers\u00f6nlich im Centro Nacional de Cultura \u00fcbergeben.<\/p>\n\n\n\n<div style=\"height:30px\" aria-hidden=\"true\" class=\"wp-block-spacer\"><\/div>\n\n\n\n<h2 class=\"wp-block-heading\">Vorbereitungen f\u00fcr den Caminho<\/h2>\n\n\n\n<p>Legen Sie f\u00fcr Ihre Pilgerreise einen Etappenplan fest, der Ihrer k\u00f6rperlichen Kondition und den vorhandenen Unterkunftsm\u00f6glichkeiten angemessen ist. Jede Etappe ist durchschnittlich etwa 25-30 km lang. Sie m\u00fcssen den Schwierigkeitsgrad der Route und die Jahreszeit ber\u00fccksichtigen, zu der Sie die Wanderung machen m\u00f6chten. Das Klima in Portugal ist mild, variiert aber von Region zu Region, je nach Gel\u00e4nde, Breitengrad und N\u00e4he zum Meer.<\/p>\n\n\n\n<p>Vor, w\u00e4hrend und nach der Wanderung ist eine ausreichende Fl\u00fcssigkeitszufuhr unerl\u00e4sslich. Wir empfehlen, bequeme Kleidung und einen Rucksack zu tragen, der gut zu Ihrem K\u00f6rper passt, und nur das N\u00f6tigste mitzunehmen. <\/p>\n\n\n\n<p>Beachten Sie die auf Wanderwegen empfohlenen Verhaltensregeln und erleben Sie die Caminhos de F\u00e1tima bewusst als einen Beitrag zur Erhaltung der Natur, zum Schutz der biologischen Vielfalt und der Umwelt.<\/p>\n\n\n\n<div style=\"height:30px\" aria-hidden=\"true\" class=\"wp-block-spacer\"><\/div>\n\n\n\n<p><\/p>\n","protected":false},"excerpt":{"rendered":"<p>Die Caminhos de F\u00e1tima, die seit 1996 vom Nationalen Kulturzentrum identifiziert und entwickelt wurden, zielen darauf ab, sichere und angenehme Bedingungen f\u00fcr Fu\u00dfpilger zum Heiligtum von F\u00e1tima zu schaffen, indem sie stark befahrene Stra\u00dfen zugunsten von unbefestigten Wegen und kleinen Landstra\u00dfen mit wenig Verkehr vermeiden.<\/p>\n","protected":false},"author":1,"featured_media":1755,"parent":0,"menu_order":0,"comment_status":"closed","ping_status":"open","template":"","meta":{"footnotes":""},"acf":[],"_links":{"self":[{"href":"https:\/\/caminhosdefatima.org\/de\/wp-json\/wp\/v2\/pages\/3513"}],"collection":[{"href":"https:\/\/caminhosdefatima.org\/de\/wp-json\/wp\/v2\/pages"}],"about":[{"href":"https:\/\/caminhosdefatima.org\/de\/wp-json\/wp\/v2\/types\/page"}],"author":[{"embeddable":true,"href":"https:\/\/caminhosdefatima.org\/de\/wp-json\/wp\/v2\/users\/1"}],"replies":[{"embeddable":true,"href":"https:\/\/caminhosdefatima.org\/de\/wp-json\/wp\/v2\/comments?post=3513"}],"version-history":[{"count":16,"href":"https:\/\/caminhosdefatima.org\/de\/wp-json\/wp\/v2\/pages\/3513\/revisions"}],"predecessor-version":[{"id":7613,"href":"https:\/\/caminhosdefatima.org\/de\/wp-json\/wp\/v2\/pages\/3513\/revisions\/7613"}],"wp:featuredmedia":[{"embeddable":true,"href":"https:\/\/caminhosdefatima.org\/de\/wp-json\/wp\/v2\/media\/1755"}],"wp:attachment":[{"href":"https:\/\/caminhosdefatima.org\/de\/wp-json\/wp\/v2\/media?parent=3513"}],"curies":[{"name":"wp","href":"https:\/\/api.w.org\/{rel}","templated":true}]}}

<div style="height:30px" aria-hidden="true" class="wp-block-spacer"></div>



<blockquote class="wp-block-quote has-text-align-right has-small-font-size">
<p class="has-medium-font-size"><em>Fátima ist eine spirituelle Ressource der Gegenwart.<br>Seine geografischen Umrisse stimmen nicht exakt </em><br><em>mit dem Stadtbild überein.<br>Seine Topografie beschränkt sich nicht nur auf das Sichtbare.<br>Pilger und Pilgerinnen wissen, dass Fatima viel früher beginnt </em><br><em>und sich viel weiter erstreckt.</em></p>
<cite><small>Kardinal José Tolentino Mendonça „Chegar a Fátima a pé“ @ iMissio, 10.10.2021</small></cite></blockquote>



<div style="height:30px" aria-hidden="true" class="wp-block-spacer"></div>



<p>Auf den <strong>Wege nach Fátima</strong> kann man das ganze Jahr über wandern. Die besten Bedingungen sind jedoch im Frühling, Sommer und Herbst. Im Sommer ist während ein paar Tagen mit hohen Temperaturen zu rechnen, doch lässt sich der Zeitplan für die Tagesetappen an einen Aufbruch am frühen Morgen anpassen. Die von uns vorgeschlagenen Tagesetappen haben eine der Gesamtroute angemessene Dauer, doch je nach Interesse und zur Verfügung stehender Zeit lassen sich auch längere oder kürzere Etappen festlegen.</p>



<p>Auf jeder Etappe befinden sich der Ausgangspunkt und der Ankunftspunkt immer an einem öffentlichen Ort, neben einem Denkmal, einer Kirche oder einer Kapelle als wichtigem religiösen Raum und Kulturgut. Während jeder Etappe finden Pilgernde und Wandernde vor allem in den Dörfern Orte, die Wasser und Nahrung, Herbergen und andere Unterkünfte bieten. Wir empfehlen Ihnen, sich immer im Vorfeld zu informieren. Um die Caminhos de Fátima mit den von uns vorgeschlagenen Routen zu begehen, müssen Sie die&nbsp;notwendigen Vorbereitungen treffen, wobei die allgemeinen Bedingungen jedes Caminhos während der gesamten Route und die spezifischen Bedingungen jeder Etappe (eintägige Wanderung) zu berücksichtigen sind.</p>



<div style="height:30px" aria-hidden="true" class="wp-block-spacer"></div>



<h2 class="wp-block-heading">Orientierung</h2>



<p><strong>Die bestehenden Beschilderungen</strong> in dem Gebiet, das die Routen durchlaufen, tragen die Symbole der Markierung mit dem entsprechenden Bild in grafischer Darstellung und in Farbe. Bis zum Abschluss des umfangreichen Prozesses der Ausschilderung aller Caminhos de Fátima auf portugiesischem Territorium finden Sie jedoch einfachere Markierungen, einschließlich blauer Pfeile. Wir empfehlen Ihnen, das&nbsp;<strong>Kartenmaterial </strong>zur Route zu konsultieren, die Sie einschlagen möchten, und so eine wichtige Orientierungshilfe auf dem Weg zur Hand zu haben.</p>


<div class="wp-block-image">
<figure class="aligncenter size-full is-resized"><img loading="lazy" decoding="async" width="528" height="397" src="https://caminhosdefatima.org/_cf/wp-content/uploads/2023/12/caminhos_sinaletica.jpg" alt="" class="wp-image-1745" style="aspect-ratio:1.3299748110831233;width:427px;height:auto"/></figure></div>


<div style="height:30px" aria-hidden="true" class="wp-block-spacer"></div>



<h2 class="wp-block-heading">Pilgerausweis für die Caminhos de Fátima</h2>



<p>Im Laufe der Jahrhunderte hatten alle, die eine Pilgerreise zu einem heiligen Ort begannen, einen Schutzbrief, der ihnen bei Schwierigkeiten auf ihrer Reise half. Heutzutage haben Wandernde und Pilgernde Zugang zum <strong>Pilgerausweis</strong>, der ihnen bei der Identifizierung hilft und auch ein Beleg dafür ist, dass sie tatsächlich auf diesem kulturellen und spirituellen Weg waren.</p>



<h3 class="wp-block-heading"><strong>Wofür dient der Pilgerausweis?</strong><strong></strong></h3>



<p>Der Pilgerausweis entspricht einem Reisepass, der Ihren Weg über die verschiedenen Etappen der Caminhos de Fátima bestätigt. Er kann an jeden Ort, der während der Wanderung erreicht wird, mit einem Stempel versehen werden, wobei zu diesem Zweck jedes Mal ein eigener Stempel verwendet wird (in Orten wie Tourismusbüros, Pfarreien, Hotels, Herbergen, Restaurants oder anderen Einrichtungen). Er dient somit als Bestätigung dafür, dass Sie den Caminho de Fátima zurückgelegt haben.<br>Der einzige offizielle und gültige Pilgerausweis wird vom Centro Nacional de Cultura (Nationales Kulturzentrum) ausgestellt.&nbsp;</p>



<h3 class="wp-block-heading"><strong>Wo kann ich den Pilgerausweis erhalten?</strong></h3>



<p>Der Ausweis kann am Hauptsitz des&nbsp;Centro Nacional de Cultura (<strong>Nationalen Kulturzentrum, CNC</strong>) in Lissabon abgeholt werden. Er kann auch bei der CNC per E-Mail (<a href="mailto:info@cnc.pt">info@cnc.pt</a>)&nbsp;oder telefonisch (+351 21&nbsp;346 67 22) angefordert werden. Er wird per Post versandt, wobei die jeweiligen Versandkosten von der anfragenden Person getragen werden. </p>



<p>Er ist auch an einigen wichtigen Orten erhältlich, die offiziell vom Nationalen Kulturzentrum anerkannt sind:</p>



<div class="wp-block-columns are-vertically-aligned-top is-layout-flex wp-container-core-columns-layout-1 wp-block-columns-is-layout-flex">
<div class="wp-block-column is-vertically-aligned-top is-layout-flow wp-block-column-is-layout-flow" style="flex-basis:30%">
<figure class="wp-block-image size-full is-resized"><img loading="lazy" decoding="async" width="388" height="616" src="https://caminhosdefatima.org/_cf/wp-content/uploads/2023/12/credencial.jpg" alt="" class="wp-image-1735" style="width:222px;height:auto"/></figure>
</div>



<div class="wp-block-column is-vertically-aligned-top is-layout-flow wp-block-column-is-layout-flow" style="flex-basis:70%">
<p>Herbergen der Caminhos de Santiago&nbsp;</p>



<p>Karmeliterorden der Hl. Teresa in Coimbra</p>



<p>Keramikmuseum in Sacavém</p>



<p>Kathedrale von Lissabon, Kathedrale von Porto und Neue Kathedrale von Coimbra</p>



<p>Tourismusbüros</p>



<p>Informationszentrum &#8222;Wege nach Fátima&#8220;<br>Rua Adriano Correia de Oliveira, nº 8, 1600-312 Lisboa</p>



<p>Informationszentrum für Pilger<br>Igreja de Nossa Senhora da Conceição Velha &#8211; Rua da Alfândega, 108, 1100-585 Lisboa</p>
</div>
</div>



<div style="height:30px" aria-hidden="true" class="wp-block-spacer"></div>



<p>Um die Herstellung von Pilgerausweisen auch in der Zukunft zu gewährleisten, dankt das Centro Nacional de Cultura für eine freiwillige Spende von 2€ pro Ausweis, die an die folgende NIB/IBAN überwiesen werden kann: PT 50 0033 0000 4523 7586 5850 5.</p>



<div style="height:30px" aria-hidden="true" class="wp-block-spacer"></div>



<h2 class="wp-block-heading">Zertifikat der Wege nach Fátima</h2>



<p>Das Centro Nacional de Cultura hat das <strong>Zertifikat der Wege nach Fátima</strong> eingeführt, das allen verliehen wird, die einen dieser Pilgerwege zu Fuß nach Fátima absolvieren. <br>Um das Zertifikat zu erhalten, ist ein Nachweis der zurückgelegten Strecke durch die Vorlage einer ordnungsgemäß ausgefüllten Kopie des Pilgerausweises erforderlich. <br>Die Kopie des Ausweises mit den persönlichen Daten sowie den gut sichtbaren Stempeln des Start- und Zielortes kann an <a>info@cnc.pt</a> gesendet oder persönlich am Sitz des CNC in Lissabon (Rua António Maria Cardoso, 68) abgegeben werden.<br>Das Zertifikat wird per Post zugesandt oder persönlich im Centro Nacional de Cultura übergeben.</p>



<div style="height:30px" aria-hidden="true" class="wp-block-spacer"></div>



<h2 class="wp-block-heading">Vorbereitungen für den Caminho</h2>



<p>Legen Sie für Ihre Pilgerreise einen Etappenplan fest, der Ihrer körperlichen Kondition und den vorhandenen Unterkunftsmöglichkeiten angemessen ist. Jede Etappe ist durchschnittlich etwa 25-30 km lang. Sie müssen den Schwierigkeitsgrad der Route und die Jahreszeit berücksichtigen, zu der Sie die Wanderung machen möchten. Das Klima in Portugal ist mild, variiert aber von Region zu Region, je nach Gelände, Breitengrad und Nähe zum Meer.</p>



<p>Vor, während und nach der Wanderung ist eine ausreichende Flüssigkeitszufuhr unerlässlich. Wir empfehlen, bequeme Kleidung und einen Rucksack zu tragen, der gut zu Ihrem Körper passt, und nur das Nötigste mitzunehmen. </p>



<p>Beachten Sie die auf Wanderwegen empfohlenen Verhaltensregeln und erleben Sie die Caminhos de Fátima bewusst als einen Beitrag zur Erhaltung der Natur, zum Schutz der biologischen Vielfalt und der Umwelt.</p>



<div style="height:30px" aria-hidden="true" class="wp-block-spacer"></div>



<p></p>

<p>Die Caminhos de Fátima, die seit 1996 vom Nationalen Kulturzentrum identifiziert und entwickelt wurden, zielen darauf ab, sichere und angenehme Bedingungen für Fußpilger zum Heiligtum von Fátima zu schaffen, indem sie stark befahrene Straßen zugunsten von unbefestigten Wegen und kleinen Landstraßen mit wenig Verkehr vermeiden.</p>
