{"id":1946,"date":"2023-12-01T15:54:26","date_gmt":"2023-12-01T15:54:26","guid":{"rendered":"https:\/\/beta.caminhosdefatima.org\/jornadas\/caminho-do-norte-5a-jornada\/"},"modified":"2023-12-20T16:57:22","modified_gmt":"2023-12-20T16:57:22","slug":"the-northern-route-day-5","status":"publish","type":"jornadas","link":"https:\/\/caminhosdefatima.org\/en\/days\/the-northern-route-day-5\/","title":{"rendered":"The Northern Route &#8211; Day 5"},"content":{"rendered":"\n<p>A quinta etapa do Caminho&nbsp;come\u00e7a em Rates, junto da Igreja Paroquial de S. Pedro e&nbsp;termina em Vair\u00e3o, junto do Mosteiro de S. Salvador. Tem uma extens\u00e3o de 13,5 km, que podem ser percorridos em 4h e 30m, ao longo de um percurso quase sempre plano, com altitude m\u00e1xima de 106 m, que se pode classificar&nbsp;f\u00e1cil. Poder\u00e1 caminhar com serenidade e fazer uma observa\u00e7\u00e3o mais atenta da realidade que o envolve e interagir com os residentes. Assim, recupera for\u00e7as e prepara-se para as jornadas seguintes que s\u00e3o mais intensas.<\/p>\n\n\n\n<p>Ao longo deste dia, passar\u00e1 por territ\u00f3rio dos munic\u00edpios de P\u00f3voa do Varzim e de Vila do Conde, cuja hist\u00f3ria est\u00e1 profundamente associada a mem\u00f3rias do Condado Portucalense e, por conseguinte, \u00e0s origens e forma\u00e7\u00e3o de Portugal. A&nbsp;paisagem verdejante&nbsp;\u00e9 marcada por campos cultivados, onde abunda a \u00e1gua, junto dos quais se formaram pequenos povoados rurais, onde a vida \u00e9 tranquila. O Rio Ave tem uma presen\u00e7a marcante, fazendo a liga\u00e7\u00e3o entre o litoral e o interior.<\/p>\n\n\n\n<p>O patrim\u00f3nio local \u00e9 formado por&nbsp;conjuntos edificados harmoniosos&nbsp;e bem preservados, que se ergueram em terras senhoriais e dom\u00ednios mon\u00e1sticos. A topon\u00edmia preserva nomes antigos. As tradi\u00e7\u00f5es s\u00e3o marcadas pelos rituais ligados \u00e0 agricultura e ao calend\u00e1rio religioso. As&nbsp;festividades&nbsp;exprimem a profunda liga\u00e7\u00e3o entre sagrado e profano.<\/p>\n","protected":false},"featured_media":1074,"template":"","acf":[],"_links":{"self":[{"href":"https:\/\/caminhosdefatima.org\/en\/wp-json\/wp\/v2\/jornadas\/1946"}],"collection":[{"href":"https:\/\/caminhosdefatima.org\/en\/wp-json\/wp\/v2\/jornadas"}],"about":[{"href":"https:\/\/caminhosdefatima.org\/en\/wp-json\/wp\/v2\/types\/jornadas"}],"wp:featuredmedia":[{"embeddable":true,"href":"https:\/\/caminhosdefatima.org\/en\/wp-json\/wp\/v2\/media\/1074"}],"wp:attachment":[{"href":"https:\/\/caminhosdefatima.org\/en\/wp-json\/wp\/v2\/media?parent=1946"}],"curies":[{"name":"wp","href":"https:\/\/api.w.org\/{rel}","templated":true}]}}

<p>A quinta etapa do Caminho&nbsp;começa em Rates, junto da Igreja Paroquial de S. Pedro e&nbsp;termina em Vairão, junto do Mosteiro de S. Salvador. Tem uma extensão de 13,5 km, que podem ser percorridos em 4h e 30m, ao longo de um percurso quase sempre plano, com altitude máxima de 106 m, que se pode classificar&nbsp;fácil. Poderá caminhar com serenidade e fazer uma observação mais atenta da realidade que o envolve e interagir com os residentes. Assim, recupera forças e prepara-se para as jornadas seguintes que são mais intensas.</p>



<p>Ao longo deste dia, passará por território dos municípios de Póvoa do Varzim e de Vila do Conde, cuja história está profundamente associada a memórias do Condado Portucalense e, por conseguinte, às origens e formação de Portugal. A&nbsp;paisagem verdejante&nbsp;é marcada por campos cultivados, onde abunda a água, junto dos quais se formaram pequenos povoados rurais, onde a vida é tranquila. O Rio Ave tem uma presença marcante, fazendo a ligação entre o litoral e o interior.</p>



<p>O património local é formado por&nbsp;conjuntos edificados harmoniosos&nbsp;e bem preservados, que se ergueram em terras senhoriais e domínios monásticos. A toponímia preserva nomes antigos. As tradições são marcadas pelos rituais ligados à agricultura e ao calendário religioso. As&nbsp;festividades&nbsp;exprimem a profunda ligação entre sagrado e profano.</p>
