{"id":1952,"date":"2023-12-01T16:23:11","date_gmt":"2023-12-01T16:23:11","guid":{"rendered":"https:\/\/beta.caminhosdefatima.org\/jornadas\/caminho-do-norte-12a-jornada\/"},"modified":"2023-12-21T06:50:04","modified_gmt":"2023-12-21T06:50:04","slug":"the-northern-route-day-12","status":"publish","type":"jornadas","link":"https:\/\/caminhosdefatima.org\/en\/days\/the-northern-route-day-12\/","title":{"rendered":"The Northern Route &#8211; Day 12"},"content":{"rendered":"\n<p>In Coimbra, the&nbsp;Northern Way joins the Carmelite Route. This itinerary, designed by Castelos e Muralhas do Mondego and managed by the&nbsp;ACF-Caminhos de F\u00e1tima Association, is part of the network of F\u00e1tima Routes. It is inspired by the life and work of Sister Lucia, one of the three visionary children of Fatima, who in 1947 joined Carmelo de Santa Teresa in Coimbra and lived there until her death in 2005.<\/p>\n\n\n\n<p>Therefore, the&nbsp;twelfth day\u2019s walking&nbsp;begins in Coimbra, at the Church of the Holy Cross (Pra\u00e7a 8 de Maio) and, a few metres further on, in the Pra\u00e7a da Portagem, it begins following the Carmelite Route. The day&nbsp;ends in Condeixa-a-Nova, at the Main Church (Pra\u00e7a do Munic\u00edpio).<strong>&nbsp;<\/strong>This stage is 16 km long, and it can be completed in around 4hrs. There are barely any difficulties along the way and the maximum altitude is 180 metres. It has a&nbsp;medium level of difficulty, and offers ideal conditions for a&nbsp;pleasant walk.<\/p>\n\n\n\n<p>It is located in Portugal\u2019s Central region in the&nbsp;Baixo Mondego region, which is a transitional zone between the coastal and inland regions. The Route runs through the parishes of the municipalities of Coimbra and Condeixa-a-Nova, an area of&nbsp;ancient settlements, where both the natural and human landscape is marked by an&nbsp;abundance of water, which irrigates&nbsp;verdant fields&nbsp;and&nbsp;urban gardens.<\/p>\n","protected":false},"featured_media":1313,"template":"","acf":[],"_links":{"self":[{"href":"https:\/\/caminhosdefatima.org\/en\/wp-json\/wp\/v2\/jornadas\/1952"}],"collection":[{"href":"https:\/\/caminhosdefatima.org\/en\/wp-json\/wp\/v2\/jornadas"}],"about":[{"href":"https:\/\/caminhosdefatima.org\/en\/wp-json\/wp\/v2\/types\/jornadas"}],"wp:featuredmedia":[{"embeddable":true,"href":"https:\/\/caminhosdefatima.org\/en\/wp-json\/wp\/v2\/media\/1313"}],"wp:attachment":[{"href":"https:\/\/caminhosdefatima.org\/en\/wp-json\/wp\/v2\/media?parent=1952"}],"curies":[{"name":"wp","href":"https:\/\/api.w.org\/{rel}","templated":true}]}}

<p>In Coimbra, the&nbsp;Northern Way joins the Carmelite Route. This itinerary, designed by Castelos e Muralhas do Mondego and managed by the&nbsp;ACF-Caminhos de Fátima Association, is part of the network of Fátima Routes. It is inspired by the life and work of Sister Lucia, one of the three visionary children of Fatima, who in 1947 joined Carmelo de Santa Teresa in Coimbra and lived there until her death in 2005.</p>



<p>Therefore, the&nbsp;twelfth day’s walking&nbsp;begins in Coimbra, at the Church of the Holy Cross (Praça 8 de Maio) and, a few metres further on, in the Praça da Portagem, it begins following the Carmelite Route. The day&nbsp;ends in Condeixa-a-Nova, at the Main Church (Praça do Município).<strong>&nbsp;</strong>This stage is 16 km long, and it can be completed in around 4hrs. There are barely any difficulties along the way and the maximum altitude is 180 metres. It has a&nbsp;medium level of difficulty, and offers ideal conditions for a&nbsp;pleasant walk.</p>



<p>It is located in Portugal’s Central region in the&nbsp;Baixo Mondego region, which is a transitional zone between the coastal and inland regions. The Route runs through the parishes of the municipalities of Coimbra and Condeixa-a-Nova, an area of&nbsp;ancient settlements, where both the natural and human landscape is marked by an&nbsp;abundance of water, which irrigates&nbsp;verdant fields&nbsp;and&nbsp;urban gardens.</p>
