{"id":1957,"date":"2023-12-01T16:47:10","date_gmt":"2023-12-01T16:47:10","guid":{"rendered":"https:\/\/beta.caminhosdefatima.org\/jornadas\/caminho-do-norte-16a-jornada\/"},"modified":"2023-12-21T08:30:09","modified_gmt":"2023-12-21T08:30:09","slug":"the-northern-route-day-16","status":"publish","type":"jornadas","link":"https:\/\/caminhosdefatima.org\/en\/days\/the-northern-route-day-16\/","title":{"rendered":"The Northern Route &#8211; Day 16"},"content":{"rendered":"\n<p>The sixteenth day of the Route&nbsp;begins in the village of Bofinho&nbsp;(parish of Pelm\u00e1), at the Chapel of Saint Anthony (at the junction of Rua da Fonte and Rua da Capela) and&nbsp;ends in Sei\u00e7a, at the Main Church (Rua da Igreja). It covers 26 km, which can be completed in around 6 hrs, and consists of a combination of local roads and footpaths. It makes its way through hilly terrain with climbs of around 200 m, and is a&nbsp;medium level of difficulty.<\/p>\n\n\n\n<p>It crossed the Municipalities of Alvai\u00e1zere and Our\u00e9m and makes its way through a&nbsp;zone of geographical transition&nbsp;between the Sic\u00f3 Mountains Massif and the Estremadura Limestone Massif of the Aire and Candeeiros Mountain Ranges. Diverse forms of agriculture are undertaken on this region\u2019s&nbsp;gentle slopes, upland plains and irrigated valleys. At the outset of this day\u2019s walk we continue close to the&nbsp;River Nab\u00e3o. Within a landscape setting in which the&nbsp;biodiversity&nbsp;is wholly apparent, ancient&nbsp;olive groves&nbsp;and&nbsp;centuries-old vines&nbsp;abound. Over the course of the day, the Route passes through&nbsp;small, rural villages, as well as a&nbsp;number of towns, noteworthy for their urban nature.&nbsp;<\/p>\n","protected":false},"featured_media":1449,"template":"","acf":[],"_links":{"self":[{"href":"https:\/\/caminhosdefatima.org\/en\/wp-json\/wp\/v2\/jornadas\/1957"}],"collection":[{"href":"https:\/\/caminhosdefatima.org\/en\/wp-json\/wp\/v2\/jornadas"}],"about":[{"href":"https:\/\/caminhosdefatima.org\/en\/wp-json\/wp\/v2\/types\/jornadas"}],"wp:featuredmedia":[{"embeddable":true,"href":"https:\/\/caminhosdefatima.org\/en\/wp-json\/wp\/v2\/media\/1449"}],"wp:attachment":[{"href":"https:\/\/caminhosdefatima.org\/en\/wp-json\/wp\/v2\/media?parent=1957"}],"curies":[{"name":"wp","href":"https:\/\/api.w.org\/{rel}","templated":true}]}}

<p>The sixteenth day of the Route&nbsp;begins in the village of Bofinho&nbsp;(parish of Pelmá), at the Chapel of Saint Anthony (at the junction of Rua da Fonte and Rua da Capela) and&nbsp;ends in Seiça, at the Main Church (Rua da Igreja). It covers 26 km, which can be completed in around 6 hrs, and consists of a combination of local roads and footpaths. It makes its way through hilly terrain with climbs of around 200 m, and is a&nbsp;medium level of difficulty.</p>



<p>It crossed the Municipalities of Alvaiázere and Ourém and makes its way through a&nbsp;zone of geographical transition&nbsp;between the Sicó Mountains Massif and the Estremadura Limestone Massif of the Aire and Candeeiros Mountain Ranges. Diverse forms of agriculture are undertaken on this region’s&nbsp;gentle slopes, upland plains and irrigated valleys. At the outset of this day’s walk we continue close to the&nbsp;River Nabão. Within a landscape setting in which the&nbsp;biodiversity&nbsp;is wholly apparent, ancient&nbsp;olive groves&nbsp;and&nbsp;centuries-old vines&nbsp;abound. Over the course of the day, the Route passes through&nbsp;small, rural villages, as well as a&nbsp;number of towns, noteworthy for their urban nature.&nbsp;</p>
