{"id":1654,"date":"2023-11-19T11:10:13","date_gmt":"2023-11-19T11:10:13","guid":{"rendered":"https:\/\/beta.caminhosdefatima.org\/jornadas\/caminho-do-tejo-4a-jornada\/"},"modified":"2024-06-25T11:16:00","modified_gmt":"2024-06-25T10:16:00","slug":"camino-del-tajo-dia-4","status":"publish","type":"jornadas","link":"https:\/\/caminhosdefatima.org\/es\/dias\/camino-del-tajo-dia-4\/","title":{"rendered":"Camino del Tajo &#8211; D\u00eda 4"},"content":{"rendered":"\n<p>Entre\u00a0Azambuja\u00a0y\u00a0Santar\u00e9m\u00a0distan unos\u00a032 km, que pueden ser recorridos en aproximadamente\u00a08 horas.<\/p>\n\n\n\n<p>El Camino prosigue siempre en plena&nbsp;Lez\u00edria do Tejo, por los marjales, territorio en el que predominan las planicies ba\u00f1adas por el agua, que riega y fomenta la agricultura de los f\u00e9rtiles campos. Este paisaje, de planicie aluvial, est\u00e1 compartimentado muchas veces por setos de especies aut\u00f3ctonas.&nbsp;<\/p>\n\n\n\n<p>A lo largo de las orillas del r\u00edo, en las que fresnos frondosos proporcionan sombra al viajero, es posible encontrar agradables playas fluviales. El fen\u00f3meno c\u00edclico hist\u00f3rico que \u2013 debido a las inundaciones \u2013 cambia las orillas del r\u00edo y sus afluentes y da origen a la construcci\u00f3n de diques imprime car\u00e1cter a muchas aldeas y lugares, como&nbsp;Valada do Ribatejo,&nbsp;Reguengo do Alviela&nbsp;o&nbsp;Porto de Muge.<\/p>\n","protected":false},"featured_media":3993,"template":"","acf":[],"_links":{"self":[{"href":"https:\/\/caminhosdefatima.org\/es\/wp-json\/wp\/v2\/jornadas\/1654"}],"collection":[{"href":"https:\/\/caminhosdefatima.org\/es\/wp-json\/wp\/v2\/jornadas"}],"about":[{"href":"https:\/\/caminhosdefatima.org\/es\/wp-json\/wp\/v2\/types\/jornadas"}],"wp:featuredmedia":[{"embeddable":true,"href":"https:\/\/caminhosdefatima.org\/es\/wp-json\/wp\/v2\/media\/3993"}],"wp:attachment":[{"href":"https:\/\/caminhosdefatima.org\/es\/wp-json\/wp\/v2\/media?parent=1654"}],"curies":[{"name":"wp","href":"https:\/\/api.w.org\/{rel}","templated":true}]}}

Camino del Tajo &#8211; Día 4

<p>Entre Azambuja y Santarém distan unos 32 km, que pueden ser recorridos en aproximadamente 8 horas.</p>



<p>El Camino prosigue siempre en plena&nbsp;Lezíria do Tejo, por los marjales, territorio en el que predominan las planicies bañadas por el agua, que riega y fomenta la agricultura de los fértiles campos. Este paisaje, de planicie aluvial, está compartimentado muchas veces por setos de especies autóctonas.&nbsp;</p>



<p>A lo largo de las orillas del río, en las que fresnos frondosos proporcionan sombra al viajero, es posible encontrar agradables playas fluviales. El fenómeno cíclico histórico que – debido a las inundaciones – cambia las orillas del río y sus afluentes y da origen a la construcción de diques imprime carácter a muchas aldeas y lugares, como&nbsp;Valada do Ribatejo,&nbsp;Reguengo do Alviela&nbsp;o&nbsp;Porto de Muge.</p>
