{"id":1655,"date":"2023-11-19T11:06:43","date_gmt":"2023-11-19T11:06:43","guid":{"rendered":"https:\/\/beta.caminhosdefatima.org\/jornadas\/caminho-do-tejo-3a-jornada\/"},"modified":"2024-11-25T15:38:38","modified_gmt":"2024-11-25T15:38:38","slug":"camino-del-tajo-dia-3","status":"publish","type":"jornadas","link":"https:\/\/caminhosdefatima.org\/es\/dias\/camino-del-tajo-dia-3\/","title":{"rendered":"Camino del Tajo \u2013 D\u00eda 3"},"content":{"rendered":"\n<p>Vila Franca de Xira\u00a0y\u00a0Azambuja\u00a0distan unos\u00a019 km, que pueden ser recorridos en aproximadamente\u00a05 horas.<\/p>\n\n\n\n<p>Al este, el recorrido est\u00e1 enmarcado en el caracter\u00edstico paisaje de la&nbsp;Lez\u00edria do Tejo, surcada por estuarios y acequias, y en la que se yerguen fresnos y ca\u00f1averales. Al oeste, en el paisaje definido por las sierras emergen pinos y alcornoques.<\/p>\n\n\n\n<p>A lo largo de esta etapa, la naturaleza y el paisaje nos envuelven. Podremos incluso recorrer una parte de Vala do Carregado, y despu\u00e9s Vala Real da Azambuja, donde la proximidad con el agua se hace notar. Asimismo, el paisaje urbano hist\u00f3rico es tambi\u00e9n motivo de contemplaci\u00f3n, particularmente los caser\u00edos junto a las viejas fincas y el patrimonio cultural edificado de las aldeas y villas, como Vila Nova da Rainha y Azambuja, donde las iglesias y las instalaciones culturales constituyen un referente.<\/p>\n","protected":false},"featured_media":660,"template":"","acf":[],"_links":{"self":[{"href":"https:\/\/caminhosdefatima.org\/es\/wp-json\/wp\/v2\/jornadas\/1655"}],"collection":[{"href":"https:\/\/caminhosdefatima.org\/es\/wp-json\/wp\/v2\/jornadas"}],"about":[{"href":"https:\/\/caminhosdefatima.org\/es\/wp-json\/wp\/v2\/types\/jornadas"}],"wp:featuredmedia":[{"embeddable":true,"href":"https:\/\/caminhosdefatima.org\/es\/wp-json\/wp\/v2\/media\/660"}],"wp:attachment":[{"href":"https:\/\/caminhosdefatima.org\/es\/wp-json\/wp\/v2\/media?parent=1655"}],"curies":[{"name":"wp","href":"https:\/\/api.w.org\/{rel}","templated":true}]}}

Camino del Tajo – Día 3

<p>Vila Franca de Xira y Azambuja distan unos 19 km, que pueden ser recorridos en aproximadamente 5 horas.</p>



<p>Al este, el recorrido está enmarcado en el característico paisaje de la&nbsp;Lezíria do Tejo, surcada por estuarios y acequias, y en la que se yerguen fresnos y cañaverales. Al oeste, en el paisaje definido por las sierras emergen pinos y alcornoques.</p>



<p>A lo largo de esta etapa, la naturaleza y el paisaje nos envuelven. Podremos incluso recorrer una parte de Vala do Carregado, y después Vala Real da Azambuja, donde la proximidad con el agua se hace notar. Asimismo, el paisaje urbano histórico es también motivo de contemplación, particularmente los caseríos junto a las viejas fincas y el patrimonio cultural edificado de las aldeas y villas, como Vila Nova da Rainha y Azambuja, donde las iglesias y las instalaciones culturales constituyen un referente.</p>
