{"id":2313,"date":"2023-12-01T15:32:54","date_gmt":"2023-12-01T15:32:54","guid":{"rendered":"https:\/\/beta.caminhosdefatima.org\/jornadas\/caminho-do-norte-3a-jornada\/"},"modified":"2023-12-20T16:34:55","modified_gmt":"2023-12-20T16:34:55","slug":"camino-del-norte-dia-3","status":"publish","type":"jornadas","link":"https:\/\/caminhosdefatima.org\/es\/dias\/camino-del-norte-dia-3\/","title":{"rendered":"Camino del Norte &#8211; D\u00eda 3"},"content":{"rendered":"\n<p>La tercera etapa del Camino&nbsp;comienza en Ponte de Lima, junto a la iglesia de Santo Ant\u00f3nio da Torre Velha, en el Parque do Arnado, y&nbsp;termina en Tamel&nbsp;(S. Pedro Fins, Barcelos), junto a la iglesia parroquial. Tiene 24 km de longitud y suaves pendientes, con altitudes que oscilan entre los 9&nbsp;m y los 194&nbsp;m. El nivel de dificultad est\u00e1 entre medio y f\u00e1cil. Recorre esencialmente&nbsp;zonas rurales y agr\u00edcolas, con cierto entorno urbano. As\u00ed pues, esta jornada es bastante tranquila y proporciona al caminante&nbsp;paz y tranquilidad.<\/p>\n\n\n\n<p>A lo largo de este d\u00eda, pasar\u00e1 por el territorio de los municipios de Ponte de Lima y Barcelos, donde el trazado del Camino de F\u00e1tima coincide con antiguas rutas de peregrinaci\u00f3n, especialmente del Camino de Santiago. El territorio al sur del r\u00edo Lima presenta un escenario en el que la geograf\u00eda y la historia est\u00e1n interconectadas. La relaci\u00f3n&nbsp;con la naturaleza es preponderante&nbsp;en la fisonom\u00eda del paisaje natural y humanizado. El agua es abundante en las vegas ribere\u00f1as, salpicadas de peque\u00f1os pueblos agr\u00edcolas.<\/p>\n","protected":false},"featured_media":987,"template":"","acf":[],"_links":{"self":[{"href":"https:\/\/caminhosdefatima.org\/es\/wp-json\/wp\/v2\/jornadas\/2313"}],"collection":[{"href":"https:\/\/caminhosdefatima.org\/es\/wp-json\/wp\/v2\/jornadas"}],"about":[{"href":"https:\/\/caminhosdefatima.org\/es\/wp-json\/wp\/v2\/types\/jornadas"}],"wp:featuredmedia":[{"embeddable":true,"href":"https:\/\/caminhosdefatima.org\/es\/wp-json\/wp\/v2\/media\/987"}],"wp:attachment":[{"href":"https:\/\/caminhosdefatima.org\/es\/wp-json\/wp\/v2\/media?parent=2313"}],"curies":[{"name":"wp","href":"https:\/\/api.w.org\/{rel}","templated":true}]}}

Camino del Norte &#8211; Día 3

<p>La tercera etapa del Camino&nbsp;comienza en Ponte de Lima, junto a la iglesia de Santo António da Torre Velha, en el Parque do Arnado, y&nbsp;termina en Tamel&nbsp;(S. Pedro Fins, Barcelos), junto a la iglesia parroquial. Tiene 24 km de longitud y suaves pendientes, con altitudes que oscilan entre los 9&nbsp;m y los 194&nbsp;m. El nivel de dificultad está entre medio y fácil. Recorre esencialmente&nbsp;zonas rurales y agrícolas, con cierto entorno urbano. Así pues, esta jornada es bastante tranquila y proporciona al caminante&nbsp;paz y tranquilidad.</p>



<p>A lo largo de este día, pasará por el territorio de los municipios de Ponte de Lima y Barcelos, donde el trazado del Camino de Fátima coincide con antiguas rutas de peregrinación, especialmente del Camino de Santiago. El territorio al sur del río Lima presenta un escenario en el que la geografía y la historia están interconectadas. La relación&nbsp;con la naturaleza es preponderante&nbsp;en la fisonomía del paisaje natural y humanizado. El agua es abundante en las vegas ribereñas, salpicadas de pequeños pueblos agrícolas.</p>
