{"id":2314,"date":"2023-12-01T15:46:41","date_gmt":"2023-12-01T15:46:41","guid":{"rendered":"https:\/\/beta.caminhosdefatima.org\/jornadas\/caminho-do-norte-4a-jornada\/"},"modified":"2023-12-20T16:54:18","modified_gmt":"2023-12-20T16:54:18","slug":"camino-del-norte-dia-4","status":"publish","type":"jornadas","link":"https:\/\/caminhosdefatima.org\/es\/dias\/camino-del-norte-dia-4\/","title":{"rendered":"Camino del Norte &#8211; D\u00eda 4"},"content":{"rendered":"\n<p>La cuarta etapa del Camino&nbsp;comienza en Tamel (S. Pedro Fins, Barcelos), junto a la iglesia parroquial, y&nbsp;termina en Rates, junto a la iglesia de S. Pedro. Tiene 26&nbsp;km de longitud, con altitudes que van de los 15&nbsp;m hasta los 185&nbsp;m, y un grado de dificultad entre f\u00e1cil y muy f\u00e1cil.&nbsp;<\/p>\n\n\n\n<p>Durante este d\u00eda pasar\u00e1 por los municipios de Barcelos y P\u00f3voa do Varzim, siguiendo a menudo las antiguas calzadas romanas y caminos medievales, que fueron la base del asentamiento de este territorio y garantizaron su conexi\u00f3n con el exterior. Tal como en la etapa anterior, gran parte del itinerario discurre por&nbsp;carreteras locales y caminos rurales&nbsp;que bordean los campos, con peque\u00f1as aldeas dispersas, y atraviesan n\u00facleos urbanos hist\u00f3ricos.<\/p>\n\n\n\n<p>Le sugerimos que&nbsp;organice su d\u00eda en dos fases: una primera caminata por la ma\u00f1ana hasta el r\u00edo C\u00e1vado, donde har\u00e1 una parada en la ciudad de Barcelos; y una segunda desde aqu\u00ed hasta el final de su d\u00eda de peregrinaci\u00f3n. El r\u00edo ha sido un elemento estructurador en la configuraci\u00f3n del paisaje natural y urbano, y hoy en d\u00eda es un elemento clave en este itinerario. Se recomienda realizar una parada en Barcelos, la ciudad a orillas del r\u00edo que, a\u00fan siendo una urbe, es tranquila y posee una gran belleza. Ofrece un escenario extraordinario, donde la naturaleza y la historia se armonizan.<\/p>\n","protected":false},"featured_media":1102,"template":"","acf":[],"_links":{"self":[{"href":"https:\/\/caminhosdefatima.org\/es\/wp-json\/wp\/v2\/jornadas\/2314"}],"collection":[{"href":"https:\/\/caminhosdefatima.org\/es\/wp-json\/wp\/v2\/jornadas"}],"about":[{"href":"https:\/\/caminhosdefatima.org\/es\/wp-json\/wp\/v2\/types\/jornadas"}],"wp:featuredmedia":[{"embeddable":true,"href":"https:\/\/caminhosdefatima.org\/es\/wp-json\/wp\/v2\/media\/1102"}],"wp:attachment":[{"href":"https:\/\/caminhosdefatima.org\/es\/wp-json\/wp\/v2\/media?parent=2314"}],"curies":[{"name":"wp","href":"https:\/\/api.w.org\/{rel}","templated":true}]}}

Camino del Norte &#8211; Día 4

<p>La cuarta etapa del Camino&nbsp;comienza en Tamel (S. Pedro Fins, Barcelos), junto a la iglesia parroquial, y&nbsp;termina en Rates, junto a la iglesia de S. Pedro. Tiene 26&nbsp;km de longitud, con altitudes que van de los 15&nbsp;m hasta los 185&nbsp;m, y un grado de dificultad entre fácil y muy fácil.&nbsp;</p>



<p>Durante este día pasará por los municipios de Barcelos y Póvoa do Varzim, siguiendo a menudo las antiguas calzadas romanas y caminos medievales, que fueron la base del asentamiento de este territorio y garantizaron su conexión con el exterior. Tal como en la etapa anterior, gran parte del itinerario discurre por&nbsp;carreteras locales y caminos rurales&nbsp;que bordean los campos, con pequeñas aldeas dispersas, y atraviesan núcleos urbanos históricos.</p>



<p>Le sugerimos que&nbsp;organice su día en dos fases: una primera caminata por la mañana hasta el río Cávado, donde hará una parada en la ciudad de Barcelos; y una segunda desde aquí hasta el final de su día de peregrinación. El río ha sido un elemento estructurador en la configuración del paisaje natural y urbano, y hoy en día es un elemento clave en este itinerario. Se recomienda realizar una parada en Barcelos, la ciudad a orillas del río que, aún siendo una urbe, es tranquila y posee una gran belleza. Ofrece un escenario extraordinario, donde la naturaleza y la historia se armonizan.</p>
