{"id":2315,"date":"2023-12-01T15:54:26","date_gmt":"2023-12-01T15:54:26","guid":{"rendered":"https:\/\/beta.caminhosdefatima.org\/jornadas\/caminho-do-norte-5a-jornada\/"},"modified":"2023-12-20T17:01:32","modified_gmt":"2023-12-20T17:01:32","slug":"camino-del-norte-dia-5","status":"publish","type":"jornadas","link":"https:\/\/caminhosdefatima.org\/es\/dias\/camino-del-norte-dia-5\/","title":{"rendered":"Camino del Norte &#8211; D\u00eda 5"},"content":{"rendered":"\n<p>La quinta etapa del Camino&nbsp;comienza en Rates, junto a la iglesia parroquial de S. Pedro, y&nbsp;termina en Vair\u00e3o, junto al monasterio de S. Salvador. Tiene una longitud de 13,5&nbsp;km, a lo largo de un recorrido casi siempre llano, con una altitud m\u00e1xima de 106&nbsp;m, que puede clasificarse entre&nbsp;f\u00e1cil&nbsp;y muy f\u00e1cil. Podr\u00e1 caminar con serenidad y observar m\u00e1s atentamente la realidad que le rodea e interactuar con los residentes. As\u00ed, podr\u00e1 recuperar fuerzas y prepararse para las jornadas siguientes, que ser\u00e1n m\u00e1s intensas.&nbsp;<\/p>\n\n\n\n<p>A lo largo de este d\u00eda, pasar\u00e1 por los municipios de P\u00f3voa do Varzim y Vila do Conde, cuya historia est\u00e1 profundamente asociada a las memorias del Condado Portucalense y, en consecuencia, a los or\u00edgenes y formaci\u00f3n de Portugal. El&nbsp;verde&nbsp;paisaje est\u00e1 surcado por campos cultivados, en los que abunda el agua y cerca de los cuales se han formado peque\u00f1as aldeas rurales, donde la vida es tranquila. El r\u00edo Ave tiene una presencia notable, y conecta el litoral con el interior.<\/p>\n\n\n\n<p>El patrimonio local est\u00e1 formado por&nbsp;conjuntos armoniosamente edificados&nbsp;y bien conservados, erigidos en tierras se\u00f1oriales y dominios mon\u00e1sticos. La toponimia preserva antiguos nombres. Las tradiciones est\u00e1n marcadas por rituales vinculados a la agricultura y al calendario religioso. Las&nbsp;festividades&nbsp;expresan la profunda conexi\u00f3n entre lo sagrado y lo profano.<\/p>\n","protected":false},"featured_media":1078,"template":"","acf":[],"_links":{"self":[{"href":"https:\/\/caminhosdefatima.org\/es\/wp-json\/wp\/v2\/jornadas\/2315"}],"collection":[{"href":"https:\/\/caminhosdefatima.org\/es\/wp-json\/wp\/v2\/jornadas"}],"about":[{"href":"https:\/\/caminhosdefatima.org\/es\/wp-json\/wp\/v2\/types\/jornadas"}],"wp:featuredmedia":[{"embeddable":true,"href":"https:\/\/caminhosdefatima.org\/es\/wp-json\/wp\/v2\/media\/1078"}],"wp:attachment":[{"href":"https:\/\/caminhosdefatima.org\/es\/wp-json\/wp\/v2\/media?parent=2315"}],"curies":[{"name":"wp","href":"https:\/\/api.w.org\/{rel}","templated":true}]}}

Camino del Norte &#8211; Día 5

<p>La quinta etapa del Camino&nbsp;comienza en Rates, junto a la iglesia parroquial de S. Pedro, y&nbsp;termina en Vairão, junto al monasterio de S. Salvador. Tiene una longitud de 13,5&nbsp;km, a lo largo de un recorrido casi siempre llano, con una altitud máxima de 106&nbsp;m, que puede clasificarse entre&nbsp;fácil&nbsp;y muy fácil. Podrá caminar con serenidad y observar más atentamente la realidad que le rodea e interactuar con los residentes. Así, podrá recuperar fuerzas y prepararse para las jornadas siguientes, que serán más intensas.&nbsp;</p>



<p>A lo largo de este día, pasará por los municipios de Póvoa do Varzim y Vila do Conde, cuya historia está profundamente asociada a las memorias del Condado Portucalense y, en consecuencia, a los orígenes y formación de Portugal. El&nbsp;verde&nbsp;paisaje está surcado por campos cultivados, en los que abunda el agua y cerca de los cuales se han formado pequeñas aldeas rurales, donde la vida es tranquila. El río Ave tiene una presencia notable, y conecta el litoral con el interior.</p>



<p>El patrimonio local está formado por&nbsp;conjuntos armoniosamente edificados&nbsp;y bien conservados, erigidos en tierras señoriales y dominios monásticos. La toponimia preserva antiguos nombres. Las tradiciones están marcadas por rituales vinculados a la agricultura y al calendario religioso. Las&nbsp;festividades&nbsp;expresan la profunda conexión entre lo sagrado y lo profano.</p>
