{"id":2316,"date":"2023-12-01T16:00:57","date_gmt":"2023-12-01T16:00:57","guid":{"rendered":"https:\/\/beta.caminhosdefatima.org\/jornadas\/caminho-do-norte-6a-jornada\/"},"modified":"2023-12-20T17:07:54","modified_gmt":"2023-12-20T17:07:54","slug":"camino-del-norte-dia-6","status":"publish","type":"jornadas","link":"https:\/\/caminhosdefatima.org\/es\/dias\/camino-del-norte-dia-6\/","title":{"rendered":"Camino del Norte &#8211; D\u00eda 6"},"content":{"rendered":"\n<p>La sexta etapa del Camino&nbsp;comienza en Vair\u00e3o, cerca del monasterio de S. Salvador, y&nbsp;termina en la ciudad de Oporto, junto a la catedral. Se trata de un trazado llano, con una longitud de 25,5&nbsp;km y una altitud m\u00e1xima de 116&nbsp;m. Aunque la planimetr\u00eda del terreno no presenta grandes elevaciones, se trata de un&nbsp;itinerario predominantemente urbano, con un grado de dificultad mediano, por lo que se recomienda un paso atento, especialmente al cruzar calles por las que circulan autom\u00f3viles.&nbsp;<\/p>\n\n\n\n<p>A lo largo de este d\u00eda, pasar\u00e1 por los municipios del \u00e1rea metropolitana de Oporto, como Vila do Conde, Maia, Matosinhos y Oporto. El paisaje es variado, con ambientes de&nbsp;ruralidad y urbanidad. A medida que avanza hacia el sur, el poblamiento es m\u00e1s denso y la urbanidad m\u00e1s visible. A lo largo de la ruta dispone de log\u00edstica de apoyo para realizar peque\u00f1as pausas.<\/p>\n","protected":false},"featured_media":1114,"template":"","acf":[],"_links":{"self":[{"href":"https:\/\/caminhosdefatima.org\/es\/wp-json\/wp\/v2\/jornadas\/2316"}],"collection":[{"href":"https:\/\/caminhosdefatima.org\/es\/wp-json\/wp\/v2\/jornadas"}],"about":[{"href":"https:\/\/caminhosdefatima.org\/es\/wp-json\/wp\/v2\/types\/jornadas"}],"wp:featuredmedia":[{"embeddable":true,"href":"https:\/\/caminhosdefatima.org\/es\/wp-json\/wp\/v2\/media\/1114"}],"wp:attachment":[{"href":"https:\/\/caminhosdefatima.org\/es\/wp-json\/wp\/v2\/media?parent=2316"}],"curies":[{"name":"wp","href":"https:\/\/api.w.org\/{rel}","templated":true}]}}

Camino del Norte &#8211; Día 6

<p>La sexta etapa del Camino&nbsp;comienza en Vairão, cerca del monasterio de S. Salvador, y&nbsp;termina en la ciudad de Oporto, junto a la catedral. Se trata de un trazado llano, con una longitud de 25,5&nbsp;km y una altitud máxima de 116&nbsp;m. Aunque la planimetría del terreno no presenta grandes elevaciones, se trata de un&nbsp;itinerario predominantemente urbano, con un grado de dificultad mediano, por lo que se recomienda un paso atento, especialmente al cruzar calles por las que circulan automóviles.&nbsp;</p>



<p>A lo largo de este día, pasará por los municipios del área metropolitana de Oporto, como Vila do Conde, Maia, Matosinhos y Oporto. El paisaje es variado, con ambientes de&nbsp;ruralidad y urbanidad. A medida que avanza hacia el sur, el poblamiento es más denso y la urbanidad más visible. A lo largo de la ruta dispone de logística de apoyo para realizar pequeñas pausas.</p>
