{"id":2317,"date":"2023-12-01T16:05:44","date_gmt":"2023-12-01T16:05:44","guid":{"rendered":"https:\/\/beta.caminhosdefatima.org\/jornadas\/caminho-do-norte-7a-jornada\/"},"modified":"2023-12-20T17:40:14","modified_gmt":"2023-12-20T17:40:14","slug":"camino-del-norte-dia-7","status":"publish","type":"jornadas","link":"https:\/\/caminhosdefatima.org\/es\/dias\/camino-del-norte-dia-7\/","title":{"rendered":"Camino del Norte &#8211; D\u00eda 7"},"content":{"rendered":"\n<p>La s\u00e9ptima etapa del Camino&nbsp;comienza en Oporto, junto a la catedral, y&nbsp;termina en Lourosa,&nbsp;junto a la capilla de S. Miguel (tambi\u00e9n conocida como la capilla de Feira dos Dez), en el Largo da Feira dos Dez. Tiene una longitud de 23&nbsp;km, que se pueden recorrer en 6&nbsp;h 30&nbsp;m, a lo largo de un recorrido poco accidentado, con altitudes que oscilan entre los 2&nbsp;m y los 238&nbsp;m. Es una ruta f\u00e1cil. Est\u00e1 inscrita en un contexto diversificado. Al principio, el escenario es predominantemente urbano, por lo que se recomienda la debida precauci\u00f3n y seguridad para disfrutar de un&nbsp;itinerario agradable.&nbsp;<\/p>\n\n\n\n<p>Durante esta jornada, el Camino&nbsp;cruza el r\u00edo Duero, y pasa por el territorio de los municipios de Oporto, Gaia y Santa Maria da Feira, que forman parte del \u00e1rea metropolitana de Oporto. A lo largo de toda la ruta, encontrar\u00e1 log\u00edstica de apoyo para caminantes y peregrinos.<\/p>\n\n\n\n<p>Son muchos los motivos que suscitan contemplaci\u00f3n, y la naturaleza proporciona momentos de gran belleza. El paso sobre&nbsp;el r\u00edo Duero&nbsp;es inolvidable y la traves\u00eda de la&nbsp;sierra de Negrelos&nbsp;es reconfortante. El patrimonio cultural cuenta aqu\u00ed con&nbsp;monumentos y museos&nbsp;que atestiguan el valor de la historia y la din\u00e1mica contempor\u00e1nea. Si desea conocerlos, le recomendamos que programe esta jornada de modo que pueda hacer&nbsp;paradas de observaci\u00f3n y disfrute. Incluso puede organizar su ruta en dos partes, haciendo de Grij\u00f3 el punto intermedio.&nbsp;<\/p>\n","protected":false},"featured_media":1139,"template":"","acf":[],"_links":{"self":[{"href":"https:\/\/caminhosdefatima.org\/es\/wp-json\/wp\/v2\/jornadas\/2317"}],"collection":[{"href":"https:\/\/caminhosdefatima.org\/es\/wp-json\/wp\/v2\/jornadas"}],"about":[{"href":"https:\/\/caminhosdefatima.org\/es\/wp-json\/wp\/v2\/types\/jornadas"}],"wp:featuredmedia":[{"embeddable":true,"href":"https:\/\/caminhosdefatima.org\/es\/wp-json\/wp\/v2\/media\/1139"}],"wp:attachment":[{"href":"https:\/\/caminhosdefatima.org\/es\/wp-json\/wp\/v2\/media?parent=2317"}],"curies":[{"name":"wp","href":"https:\/\/api.w.org\/{rel}","templated":true}]}}

Camino del Norte &#8211; Día 7

<p>La séptima etapa del Camino&nbsp;comienza en Oporto, junto a la catedral, y&nbsp;termina en Lourosa,&nbsp;junto a la capilla de S. Miguel (también conocida como la capilla de Feira dos Dez), en el Largo da Feira dos Dez. Tiene una longitud de 23&nbsp;km, que se pueden recorrer en 6&nbsp;h 30&nbsp;m, a lo largo de un recorrido poco accidentado, con altitudes que oscilan entre los 2&nbsp;m y los 238&nbsp;m. Es una ruta fácil. Está inscrita en un contexto diversificado. Al principio, el escenario es predominantemente urbano, por lo que se recomienda la debida precaución y seguridad para disfrutar de un&nbsp;itinerario agradable.&nbsp;</p>



<p>Durante esta jornada, el Camino&nbsp;cruza el río Duero, y pasa por el territorio de los municipios de Oporto, Gaia y Santa Maria da Feira, que forman parte del área metropolitana de Oporto. A lo largo de toda la ruta, encontrará logística de apoyo para caminantes y peregrinos.</p>



<p>Son muchos los motivos que suscitan contemplación, y la naturaleza proporciona momentos de gran belleza. El paso sobre&nbsp;el río Duero&nbsp;es inolvidable y la travesía de la&nbsp;sierra de Negrelos&nbsp;es reconfortante. El patrimonio cultural cuenta aquí con&nbsp;monumentos y museos&nbsp;que atestiguan el valor de la historia y la dinámica contemporánea. Si desea conocerlos, le recomendamos que programe esta jornada de modo que pueda hacer&nbsp;paradas de observación y disfrute. Incluso puede organizar su ruta en dos partes, haciendo de Grijó el punto intermedio.&nbsp;</p>
