{"id":2320,"date":"2023-12-01T16:15:46","date_gmt":"2023-12-01T16:15:46","guid":{"rendered":"https:\/\/beta.caminhosdefatima.org\/jornadas\/caminho-do-norte-10a-jornada\/"},"modified":"2023-12-20T18:09:15","modified_gmt":"2023-12-20T18:09:15","slug":"camino-del-norte-dia-10","status":"publish","type":"jornadas","link":"https:\/\/caminhosdefatima.org\/es\/dias\/camino-del-norte-dia-10\/","title":{"rendered":"Camino del Norte &#8211; D\u00eda 10"},"content":{"rendered":"\n<p>La d\u00e9cima etapa del Camino&nbsp;comienza en \u00c1gueda, junto a la iglesia parroquial (Largo Dr. Ant\u00f3nio de Mello) y&nbsp;termina en Mealhada, junto a la iglesia parroquial (Avenida Comendador Messias Batista)<strong>.&nbsp;<\/strong>Tiene una longitud de 26&nbsp;km, que puede ser recorrida en unas 6&nbsp;h, a lo largo de un trazado ligeramente accidentado, con altitudes que oscilan entre los 5 m y los 76&nbsp;m. Es&nbsp;una ruta f\u00e1cil, con un contexto polifac\u00e9tico, que incluye espacios rurales y zonas urbanas y buenas condiciones para proporcionar un agradable paseo.&nbsp;<\/p>\n\n\n\n<p>En el centro de Portugal, entre los r\u00edos Vouga y Mondego, el Camino atraviesa el territorio de los municipios de \u00c1gueda, Anadia y Mealhada. El paisaje est\u00e1 marcado por&nbsp;llanuras y peque\u00f1as laderas&nbsp;de vi\u00f1edos y \u00e1rboles frutales y por campos de cultivo. En este entorno rural surgen importantes centros urbanos, pueblos y ciudades hist\u00f3ricas.&nbsp;&nbsp;<\/p>\n\n\n\n<p>Se inscribe en el contexto territorial de la&nbsp;regi\u00f3n vitivin\u00edcola de Bairrada, en la que la diversidad y riqueza de los suelos (arcillosos y arenosos) y la suavidad del clima favorecen la adaptaci\u00f3n de diversas variedades de uva para la elaboraci\u00f3n de excelentes vinos (tintos, blancos y espumosos). Se trata de una zona delimitada cuya designaci\u00f3n, \u00abbairrada\u00bb, es un buen indicativo de las caracter\u00edsticas de sus suelos de arcilla o barro, que son especialmente favorables para la plantaci\u00f3n de vi\u00f1edos.<\/p>\n","protected":false},"featured_media":1262,"template":"","acf":[],"_links":{"self":[{"href":"https:\/\/caminhosdefatima.org\/es\/wp-json\/wp\/v2\/jornadas\/2320"}],"collection":[{"href":"https:\/\/caminhosdefatima.org\/es\/wp-json\/wp\/v2\/jornadas"}],"about":[{"href":"https:\/\/caminhosdefatima.org\/es\/wp-json\/wp\/v2\/types\/jornadas"}],"wp:featuredmedia":[{"embeddable":true,"href":"https:\/\/caminhosdefatima.org\/es\/wp-json\/wp\/v2\/media\/1262"}],"wp:attachment":[{"href":"https:\/\/caminhosdefatima.org\/es\/wp-json\/wp\/v2\/media?parent=2320"}],"curies":[{"name":"wp","href":"https:\/\/api.w.org\/{rel}","templated":true}]}}

Camino del Norte &#8211; Día 10

<p>La décima etapa del Camino&nbsp;comienza en Águeda, junto a la iglesia parroquial (Largo Dr. António de Mello) y&nbsp;termina en Mealhada, junto a la iglesia parroquial (Avenida Comendador Messias Batista)<strong>.&nbsp;</strong>Tiene una longitud de 26&nbsp;km, que puede ser recorrida en unas 6&nbsp;h, a lo largo de un trazado ligeramente accidentado, con altitudes que oscilan entre los 5 m y los 76&nbsp;m. Es&nbsp;una ruta fácil, con un contexto polifacético, que incluye espacios rurales y zonas urbanas y buenas condiciones para proporcionar un agradable paseo.&nbsp;</p>



<p>En el centro de Portugal, entre los ríos Vouga y Mondego, el Camino atraviesa el territorio de los municipios de Águeda, Anadia y Mealhada. El paisaje está marcado por&nbsp;llanuras y pequeñas laderas&nbsp;de viñedos y árboles frutales y por campos de cultivo. En este entorno rural surgen importantes centros urbanos, pueblos y ciudades históricas.&nbsp;&nbsp;</p>



<p>Se inscribe en el contexto territorial de la&nbsp;región vitivinícola de Bairrada, en la que la diversidad y riqueza de los suelos (arcillosos y arenosos) y la suavidad del clima favorecen la adaptación de diversas variedades de uva para la elaboración de excelentes vinos (tintos, blancos y espumosos). Se trata de una zona delimitada cuya designación, «bairrada», es un buen indicativo de las características de sus suelos de arcilla o barro, que son especialmente favorables para la plantación de viñedos.</p>
