{"id":2321,"date":"2023-12-01T16:20:00","date_gmt":"2023-12-01T16:20:00","guid":{"rendered":"https:\/\/beta.caminhosdefatima.org\/jornadas\/caminho-do-norte-11a-jornada\/"},"modified":"2023-12-20T19:53:51","modified_gmt":"2023-12-20T19:53:51","slug":"camino-del-norte-dia-11","status":"publish","type":"jornadas","link":"https:\/\/caminhosdefatima.org\/es\/dias\/camino-del-norte-dia-11\/","title":{"rendered":"Camino del Norte &#8211; D\u00eda 11"},"content":{"rendered":"\n<p>La und\u00e9cima etapa del Camino&nbsp;comienza en Mealhada, junto a la iglesia parroquial (Avenida Comendador Messias Batista) y&nbsp;termina en Coimbra, junto a la iglesia de Santa Cruz (Pra\u00e7a 8 de Maio). Tiene 23&nbsp;km de longitud, que pueden recorrerse en unas 5&nbsp;h, a lo largo de un itinerario muy diverso, con altitudes que oscilan entre los 5 m y los 143&nbsp;m. Tiene un&nbsp;grado de dificultad f\u00e1cil. El contexto presenta cierta diversidad, incluyendo espacios rurales y urbanos, pero posee las condiciones propicias para ofrecer un&nbsp;paseo tranquilo.&nbsp;<\/p>\n\n\n\n<p>Forma parte del centro de Portugal, en el espacio de transici\u00f3n entre los distritos de Aveiro y Coimbra, alej\u00e1ndose gradualmente de las zonas de clima de influencia mar\u00edtima para acercarse al interior. Atraviesa los municipios de Mealhada y Coimbra, donde aparecen antiguos pueblos, y paisajes urbanos y naturales notables. Este es el territorio de las f\u00e9rtiles&nbsp;llanuras del Mondego, ubicadas junto al gran r\u00edo y sus afluentes, que constituyen elementos principales en la configuraci\u00f3n del paisaje.&nbsp;&nbsp;&nbsp;&nbsp;<\/p>\n\n\n\n<p>El&nbsp;patrimonio cultural&nbsp;es valioso y atractivo, y se caracteriza por la&nbsp;antig\u00fcedad y autenticidad, cantidad y diversidad de todos sus elementos.<\/p>\n","protected":false},"featured_media":1305,"template":"","acf":[],"_links":{"self":[{"href":"https:\/\/caminhosdefatima.org\/es\/wp-json\/wp\/v2\/jornadas\/2321"}],"collection":[{"href":"https:\/\/caminhosdefatima.org\/es\/wp-json\/wp\/v2\/jornadas"}],"about":[{"href":"https:\/\/caminhosdefatima.org\/es\/wp-json\/wp\/v2\/types\/jornadas"}],"wp:featuredmedia":[{"embeddable":true,"href":"https:\/\/caminhosdefatima.org\/es\/wp-json\/wp\/v2\/media\/1305"}],"wp:attachment":[{"href":"https:\/\/caminhosdefatima.org\/es\/wp-json\/wp\/v2\/media?parent=2321"}],"curies":[{"name":"wp","href":"https:\/\/api.w.org\/{rel}","templated":true}]}}

Camino del Norte &#8211; Día 11

<p>La undécima etapa del Camino&nbsp;comienza en Mealhada, junto a la iglesia parroquial (Avenida Comendador Messias Batista) y&nbsp;termina en Coimbra, junto a la iglesia de Santa Cruz (Praça 8 de Maio). Tiene 23&nbsp;km de longitud, que pueden recorrerse en unas 5&nbsp;h, a lo largo de un itinerario muy diverso, con altitudes que oscilan entre los 5 m y los 143&nbsp;m. Tiene un&nbsp;grado de dificultad fácil. El contexto presenta cierta diversidad, incluyendo espacios rurales y urbanos, pero posee las condiciones propicias para ofrecer un&nbsp;paseo tranquilo.&nbsp;</p>



<p>Forma parte del centro de Portugal, en el espacio de transición entre los distritos de Aveiro y Coimbra, alejándose gradualmente de las zonas de clima de influencia marítima para acercarse al interior. Atraviesa los municipios de Mealhada y Coimbra, donde aparecen antiguos pueblos, y paisajes urbanos y naturales notables. Este es el territorio de las fértiles&nbsp;llanuras del Mondego, ubicadas junto al gran río y sus afluentes, que constituyen elementos principales en la configuración del paisaje.&nbsp;&nbsp;&nbsp;&nbsp;</p>



<p>El&nbsp;patrimonio cultural&nbsp;es valioso y atractivo, y se caracteriza por la&nbsp;antigüedad y autenticidad, cantidad y diversidad de todos sus elementos.</p>
