{"id":2327,"date":"2023-12-01T16:50:40","date_gmt":"2023-12-01T16:50:40","guid":{"rendered":"https:\/\/beta.caminhosdefatima.org\/jornadas\/caminho-do-norte-17a-jornada\/"},"modified":"2024-06-06T15:21:15","modified_gmt":"2024-06-06T14:21:15","slug":"camino-del-norte-dia-17","status":"publish","type":"jornadas","link":"https:\/\/caminhosdefatima.org\/es\/dias\/camino-del-norte-dia-17\/","title":{"rendered":"Camino del Norte &#8211; D\u00eda 17"},"content":{"rendered":"\n<p>La decimos\u00e9ptima jornada del Camino comienza en Sei\u00e7a, junto a la iglesia principal (Rua da Igreja) y\u00a0termina en el Santuario de F\u00e1tima, junto a la capilla de las Apariciones. Tiene\u00a023\u00a0kmde longitud, que pueden recorrerse en unas\u00a06\u00a0h, a lo largo de una\u00a0ruta mixta, formada por caminos peatonales, carreteras locales y municipales y peque\u00f1os tramos de carretera nacional. La topograf\u00eda es muy variada, con predominio de zonas planas y algunos tramos de terreno escarpado, con una altitud m\u00e1xima de\u00a0350\u00a0m. As\u00ed, el \u00faltimo d\u00eda es\u00a0dif\u00edcil, sobre todo porque exige cierto esfuerzo f\u00edsico y requiere mucha atenci\u00f3n en el paso por zonas urbanas densamente pobladas (traves\u00eda de la ciudad de Our\u00e9m y llegada a Cova da Iria, en los alrededores del Santuario), a fin de garantizar una adecuada seguridad.\u00a0<\/p>\n\n\n\n<p>Esta parte del Camino se encuadra en la regi\u00f3n Centro, en el municipio de Our\u00e9m, en el\u00a0monta\u00f1oso, \u00e1rido y bello territorio de la sierra de Aire.\u00a0Desde el punto de vista paisaj\u00edstico y medioambiental, se trata de una zona de transici\u00f3n caracter\u00edstica entre el Atl\u00e1ntico y el Mediterr\u00e1neo. Prevalecen las sierras calizas y las laderas rocosas, junto a las cuales emergen\u00a0peque\u00f1os valles y cuevas. En muchos aspectos, este es el paisaje que los pastorcillos de F\u00e1tima conocieron y en el que vivieron. Con la presencia de formaciones geol\u00f3gicas y f\u00f3siles que se remontan a millones de a\u00f1os, aqu\u00ed, la\u00a0naturaleza y la vida son indisociables. A la par de una notable imagen de\u00a0ruralidad, existen\u00a0centros urbanos, que se desarrollaron en virtud de funciones administrativas (Our\u00e9m) y religiosas (F\u00e1tima).<\/p>\n","protected":false},"featured_media":1484,"template":"","acf":[],"_links":{"self":[{"href":"https:\/\/caminhosdefatima.org\/es\/wp-json\/wp\/v2\/jornadas\/2327"}],"collection":[{"href":"https:\/\/caminhosdefatima.org\/es\/wp-json\/wp\/v2\/jornadas"}],"about":[{"href":"https:\/\/caminhosdefatima.org\/es\/wp-json\/wp\/v2\/types\/jornadas"}],"wp:featuredmedia":[{"embeddable":true,"href":"https:\/\/caminhosdefatima.org\/es\/wp-json\/wp\/v2\/media\/1484"}],"wp:attachment":[{"href":"https:\/\/caminhosdefatima.org\/es\/wp-json\/wp\/v2\/media?parent=2327"}],"curies":[{"name":"wp","href":"https:\/\/api.w.org\/{rel}","templated":true}]}}

Camino del Norte &#8211; Día 17

<p>La decimoséptima jornada del Camino comienza en Seiça, junto a la iglesia principal (Rua da Igreja) y termina en el Santuario de Fátima, junto a la capilla de las Apariciones. Tiene 23 kmde longitud, que pueden recorrerse en unas 6 h, a lo largo de una ruta mixta, formada por caminos peatonales, carreteras locales y municipales y pequeños tramos de carretera nacional. La topografía es muy variada, con predominio de zonas planas y algunos tramos de terreno escarpado, con una altitud máxima de 350 m. Así, el último día es difícil, sobre todo porque exige cierto esfuerzo físico y requiere mucha atención en el paso por zonas urbanas densamente pobladas (travesía de la ciudad de Ourém y llegada a Cova da Iria, en los alrededores del Santuario), a fin de garantizar una adecuada seguridad. </p>



<p>Esta parte del Camino se encuadra en la región Centro, en el municipio de Ourém, en el montañoso, árido y bello territorio de la sierra de Aire. Desde el punto de vista paisajístico y medioambiental, se trata de una zona de transición característica entre el Atlántico y el Mediterráneo. Prevalecen las sierras calizas y las laderas rocosas, junto a las cuales emergen pequeños valles y cuevas. En muchos aspectos, este es el paisaje que los pastorcillos de Fátima conocieron y en el que vivieron. Con la presencia de formaciones geológicas y fósiles que se remontan a millones de años, aquí, la naturaleza y la vida son indisociables. A la par de una notable imagen de ruralidad, existen centros urbanos, que se desarrollaron en virtud de funciones administrativas (Ourém) y religiosas (Fátima).</p>
