{"id":4164,"date":"2023-11-09T13:59:46","date_gmt":"2023-11-09T13:59:46","guid":{"rendered":"https:\/\/beta.caminhosdefatima.org\/caminhos\/rota-carmelita\/"},"modified":"2023-12-22T15:54:46","modified_gmt":"2023-12-22T15:54:46","slug":"route-carmelite","status":"publish","type":"caminhos","link":"https:\/\/caminhosdefatima.org\/fr\/chemins\/route-carmelite\/","title":{"rendered":"Route Carm\u00e9lite"},"content":{"rendered":"\n<p>La Route Carm\u00e9lite est un Caminho de F\u00e1tima (Route de F\u00e1tima) sur le territoire du centre du Portugal, entre Coimbra et le sanctuaire de Fatima. Cet itin\u00e9raire th\u00e9matique s\u2019inspire de la vie et de l\u2019\u0153uvre de Sister Lucy, une des trois enfants visionnaires de Fatima, entr\u00e9e en 1947 dans le Carmel de Sainte Th\u00e9r\u00e8se \u00e0 Coimbra et y a v\u00e9cu jusqu\u2019\u00e0 sa mort en 2005. Le voyage commence au Carmel Santa Teresa, pr\u00e8s du m\u00e9morial de Soeur Lucy. Il a 111 km, le long de nombreux sentiers, o\u00f9 la nature est belle et la vie est calme.<\/p>\n\n\n\n<p>Con\u00e7u par Ag\u00eancia para o Desenvolvimento dos Castelos Medievais e Muralhas do Mondego, il est g\u00e9r\u00e9 en partenariat par ACF &#8211; Associa\u00e7\u00e3o Caminhos de F\u00e1tima (association fond\u00e9e par 14 municipalit\u00e9s portugaises qui participent activement \u00e0 ce projet). <\/p>\n\n\n\n<p>Cet Route est approuv\u00e9e par le Centro Nacional de Cultura.<\/p>\n\n\n\n<p class=\"has-small-font-size\">Website: <a href=\"https:\/\/caminhosdefatima.com\/\">caminhosdefatima.com<\/a><br>E-mail: <a href=\"mailto:geral@caminhosdefatima.com\">geral@caminhosdefatima.com<\/a><\/p>\n","protected":false},"featured_media":96,"menu_order":500,"template":"","acf":[],"_links":{"self":[{"href":"https:\/\/caminhosdefatima.org\/fr\/wp-json\/wp\/v2\/caminhos\/4164"}],"collection":[{"href":"https:\/\/caminhosdefatima.org\/fr\/wp-json\/wp\/v2\/caminhos"}],"about":[{"href":"https:\/\/caminhosdefatima.org\/fr\/wp-json\/wp\/v2\/types\/caminhos"}],"wp:featuredmedia":[{"embeddable":true,"href":"https:\/\/caminhosdefatima.org\/fr\/wp-json\/wp\/v2\/media\/96"}],"wp:attachment":[{"href":"https:\/\/caminhosdefatima.org\/fr\/wp-json\/wp\/v2\/media?parent=4164"}],"curies":[{"name":"wp","href":"https:\/\/api.w.org\/{rel}","templated":true}]}}

Route Carmélite

<p>La Route Carmélite est un Caminho de Fátima (Route de Fátima) sur le territoire du centre du Portugal, entre Coimbra et le sanctuaire de Fatima. Cet itinéraire thématique s’inspire de la vie et de l’œuvre de Sister Lucy, une des trois enfants visionnaires de Fatima, entrée en 1947 dans le Carmel de Sainte Thérèse à Coimbra et y a vécu jusqu’à sa mort en 2005. Le voyage commence au Carmel Santa Teresa, près du mémorial de Soeur Lucy. Il a 111 km, le long de nombreux sentiers, où la nature est belle et la vie est calme.</p>



<p>Conçu par Agência para o Desenvolvimento dos Castelos Medievais e Muralhas do Mondego, il est géré en partenariat par ACF &#8211; Associação Caminhos de Fátima (association fondée par 14 municipalités portugaises qui participent activement à ce projet). </p>



<p>Cet Route est approuvée par le Centro Nacional de Cultura.</p>



<p class="has-small-font-size">Website: <a href="https://caminhosdefatima.com/">caminhosdefatima.com</a><br>E-mail: <a href="mailto:geral@caminhosdefatima.com">geral@caminhosdefatima.com</a></p>
