{"id":5550,"date":"2024-05-07T11:12:26","date_gmt":"2024-05-07T10:12:26","guid":{"rendered":"https:\/\/caminhosdefatima.org\/caminhos\/rota-de-abrantes\/"},"modified":"2024-07-12T12:22:12","modified_gmt":"2024-07-12T11:22:12","slug":"route-de-abrantes","status":"publish","type":"caminhos","link":"https:\/\/caminhosdefatima.org\/fr\/chemins\/route-de-abrantes\/","title":{"rendered":"Route de Abrantes"},"content":{"rendered":"\n<p>Sur cinq jours de marche, le Chemin parcourt 91\u00a0km, traversant le territoire des municipalit\u00e9s suivantes: Abrantes, Const\u00e2ncia, Vila Nova da Barquinha, Entroncamento, Torres Novas et Our\u00e9m. L\u2019itin\u00e9raire commence sur la rive sud du Tage, mais une grande partie du parcours se d\u00e9roule par les grandes plaines de la rive nord, traversant des villes, bourgs et villages situ\u00e9s le long du fleuve, o\u00f9 c\u2019est donc l\u2019eau qui d\u00e9termine le paysage et le mode de vie. Dans sa partie finale, le Chemin s\u2019enfonce dans l&rsquo;int\u00e9rieur des terres, p\u00e9n\u00e9trant dans le Massif calcaire d&rsquo;Estr\u00e9madure par des localit\u00e9s de la Serra d\u2019Aire et de ses environs, jusqu&rsquo;\u00e0 atteindre le sanctuaire de F\u00e1tima. Cet itin\u00e9raire permet de comprendre l\u2019importance, pass\u00e9e et pr\u00e9sente, du Tage et de son principal affluent, le Z\u00eazere. Au fur et \u00e0 mesure que l\u2019on avance, le d\u00e9bit du fleuve augmente, rappelant le souvenir de l&rsquo;\u00e9poque o\u00f9 il \u00e9tait enti\u00e8rement navigable et s&rsquo;imposait comme la grande voie de communication entre la c\u00f4te atlantique et l&rsquo;int\u00e9rieur du pays. Les paysages sont vari\u00e9s et la nature est surprenante. Le patrimoine historique coexiste avec une cr\u00e9ation culturelle et artistique vivante. Tradition et innovation se marient pour perp\u00e9tuer des savoirs ancestraux. Les f\u00eates religieuses sont des moments marquants dans la vie des habitants et la culture des saveurs se voit particuli\u00e8rement honor\u00e9e par la riche et vari\u00e9e gastronomique locale.<\/p>\n","protected":false},"featured_media":5491,"menu_order":470,"template":"","acf":[],"_links":{"self":[{"href":"https:\/\/caminhosdefatima.org\/fr\/wp-json\/wp\/v2\/caminhos\/5550"}],"collection":[{"href":"https:\/\/caminhosdefatima.org\/fr\/wp-json\/wp\/v2\/caminhos"}],"about":[{"href":"https:\/\/caminhosdefatima.org\/fr\/wp-json\/wp\/v2\/types\/caminhos"}],"wp:featuredmedia":[{"embeddable":true,"href":"https:\/\/caminhosdefatima.org\/fr\/wp-json\/wp\/v2\/media\/5491"}],"wp:attachment":[{"href":"https:\/\/caminhosdefatima.org\/fr\/wp-json\/wp\/v2\/media?parent=5550"}],"curies":[{"name":"wp","href":"https:\/\/api.w.org\/{rel}","templated":true}]}}

<p>Sur cinq jours de marche, le Chemin parcourt 91 km, traversant le territoire des municipalités suivantes: Abrantes, Constância, Vila Nova da Barquinha, Entroncamento, Torres Novas et Ourém. L’itinéraire commence sur la rive sud du Tage, mais une grande partie du parcours se déroule par les grandes plaines de la rive nord, traversant des villes, bourgs et villages situés le long du fleuve, où c’est donc l’eau qui détermine le paysage et le mode de vie. Dans sa partie finale, le Chemin s’enfonce dans l&rsquo;intérieur des terres, pénétrant dans le Massif calcaire d&rsquo;Estrémadure par des localités de la Serra d’Aire et de ses environs, jusqu&rsquo;à atteindre le sanctuaire de Fátima. Cet itinéraire permet de comprendre l’importance, passée et présente, du Tage et de son principal affluent, le Zêzere. Au fur et à mesure que l’on avance, le débit du fleuve augmente, rappelant le souvenir de l&rsquo;époque où il était entièrement navigable et s&rsquo;imposait comme la grande voie de communication entre la côte atlantique et l&rsquo;intérieur du pays. Les paysages sont variés et la nature est surprenante. Le patrimoine historique coexiste avec une création culturelle et artistique vivante. Tradition et innovation se marient pour perpétuer des savoirs ancestraux. Les fêtes religieuses sont des moments marquants dans la vie des habitants et la culture des saveurs se voit particulièrement honorée par la riche et variée gastronomique locale.</p>
