{"id":2280,"date":"2023-12-01T15:46:41","date_gmt":"2023-12-01T15:46:41","guid":{"rendered":"https:\/\/beta.caminhosdefatima.org\/jornadas\/caminho-do-norte-4a-jornada\/"},"modified":"2023-12-20T16:51:03","modified_gmt":"2023-12-20T16:51:03","slug":"chemin-du-nord-jour-4","status":"publish","type":"jornadas","link":"https:\/\/caminhosdefatima.org\/fr\/jours\/chemin-du-nord-jour-4\/","title":{"rendered":"Chemin du Nord \u2013 Jour 4"},"content":{"rendered":"\n<p>La quatri\u00e8me \u00e9tape du Chemin&nbsp;commence \u00e0 Tamel (de S. Pedro de Fins)&nbsp;pr\u00e8s de l\u2019\u00e9glise paroissiale et&nbsp;s\u2019ach\u00e8ve \u00e0 Rates&nbsp;pr\u00e8s de l\u2019\u00e9glise Saint-Pierre&nbsp;; elle couvre une distance de 26&nbsp;km, avec une altitude variant entre 15 et 185&nbsp;m&nbsp;; le degr\u00e9 de difficult\u00e9 se situe entre facile et tr\u00e8s facile.<\/p>\n\n\n\n<p>Au cours de cette journ\u00e9e, vous passerez sur le territoire des municipalit\u00e9s de Barcelos et de P\u00f3voa de Varzim, en empruntant, \u00e0 bien des endroits, d\u2019anciennes voies romaines et des chemins remontant au Moyen \u00c2ge&nbsp;: ce sont eux qui sont \u00e0 l\u2019origine du peuplement de ce territoire et ont assur\u00e9 son lien avec l\u2019ext\u00e9rieur. Tout comme lors de la pr\u00e9c\u00e9dente \u00e9tape, une grande partie du parcours passe par des&nbsp;routes locales et des chemins vicinaux, bord\u00e9s par des champs, avec de petits villages dispers\u00e9s, ou qui traversent le centre historique des localit\u00e9s urbanis\u00e9es.<\/p>\n\n\n\n<p>Nous vous sugg\u00e9rons de&nbsp;d\u00e9couper votre journ\u00e9e en deux tron\u00e7ons: une premi\u00e8re marche le matin, jusqu\u2019\u00e0 atteindre le C\u00e1vado, o\u00f9 vous ferez une halte dans la ville de Barcelos; et une seconde marche jusqu\u2019\u00e0 la fin de votre journ\u00e9e de p\u00e8lerinage. Le fleuve a eu un r\u00f4le structurant dans la configuration du paysage naturel et urbain et c\u2019est aujourd\u2019hui un \u00e9l\u00e9ment essentiel de cette r\u00e9gion que vous parcourez. Nous vous recommandons une halte \u00e0 Barcelos, ville situ\u00e9e sur le fleuve, et qui, bien que tr\u00e8s d\u00e9velopp\u00e9e de fa\u00e7on urbaine, offre un d\u00e9cor extraordinaire, dans lequel nature et Histoire sont en harmonie.<\/p>\n","protected":false},"featured_media":1099,"template":"","acf":[],"_links":{"self":[{"href":"https:\/\/caminhosdefatima.org\/fr\/wp-json\/wp\/v2\/jornadas\/2280"}],"collection":[{"href":"https:\/\/caminhosdefatima.org\/fr\/wp-json\/wp\/v2\/jornadas"}],"about":[{"href":"https:\/\/caminhosdefatima.org\/fr\/wp-json\/wp\/v2\/types\/jornadas"}],"wp:featuredmedia":[{"embeddable":true,"href":"https:\/\/caminhosdefatima.org\/fr\/wp-json\/wp\/v2\/media\/1099"}],"wp:attachment":[{"href":"https:\/\/caminhosdefatima.org\/fr\/wp-json\/wp\/v2\/media?parent=2280"}],"curies":[{"name":"wp","href":"https:\/\/api.w.org\/{rel}","templated":true}]}}

<p>La quatrième étape du Chemin&nbsp;commence à Tamel (de S. Pedro de Fins)&nbsp;près de l’église paroissiale et&nbsp;s’achève à Rates&nbsp;près de l’église Saint-Pierre&nbsp;; elle couvre une distance de 26&nbsp;km, avec une altitude variant entre 15 et 185&nbsp;m&nbsp;; le degré de difficulté se situe entre facile et très facile.</p>



<p>Au cours de cette journée, vous passerez sur le territoire des municipalités de Barcelos et de Póvoa de Varzim, en empruntant, à bien des endroits, d’anciennes voies romaines et des chemins remontant au Moyen Âge&nbsp;: ce sont eux qui sont à l’origine du peuplement de ce territoire et ont assuré son lien avec l’extérieur. Tout comme lors de la précédente étape, une grande partie du parcours passe par des&nbsp;routes locales et des chemins vicinaux, bordés par des champs, avec de petits villages dispersés, ou qui traversent le centre historique des localités urbanisées.</p>



<p>Nous vous suggérons de&nbsp;découper votre journée en deux tronçons: une première marche le matin, jusqu’à atteindre le Cávado, où vous ferez une halte dans la ville de Barcelos; et une seconde marche jusqu’à la fin de votre journée de pèlerinage. Le fleuve a eu un rôle structurant dans la configuration du paysage naturel et urbain et c’est aujourd’hui un élément essentiel de cette région que vous parcourez. Nous vous recommandons une halte à Barcelos, ville située sur le fleuve, et qui, bien que très développée de façon urbaine, offre un décor extraordinaire, dans lequel nature et Histoire sont en harmonie.</p>
