{"id":2281,"date":"2023-12-01T15:54:26","date_gmt":"2023-12-01T15:54:26","guid":{"rendered":"https:\/\/beta.caminhosdefatima.org\/jornadas\/caminho-do-norte-5a-jornada\/"},"modified":"2023-12-20T16:58:25","modified_gmt":"2023-12-20T16:58:25","slug":"chemin-du-nord-jour-5","status":"publish","type":"jornadas","link":"https:\/\/caminhosdefatima.org\/fr\/jours\/chemin-du-nord-jour-5\/","title":{"rendered":"Chemin du Nord \u2013 Jour 5"},"content":{"rendered":"\n<p>La cinqui\u00e8me \u00e9tape du Chemin&nbsp;commence \u00e0 S. Pedro de Rates&nbsp;pr\u00e8s de l\u2019\u00e9glise paroissiale et&nbsp;s\u2019ach\u00e8ve \u00e0 Vair\u00e3o&nbsp;pr\u00e8s du Mosteiro de S. Salvador (monast\u00e8re du Saint Sauveur). Elle couvre une distance de 13,5&nbsp;km, pour un parcours qui est presque toujours plat avec une altitude maximum de 106&nbsp;m; on peut donc classer cette \u00e9tape entre&nbsp;facile&nbsp;et tr\u00e8s facile. Vous pourrez marcher en toute s\u00e9r\u00e9nit\u00e9 et observer de fa\u00e7on approfondie le monde qui vous entoure, voire entrer en contact avec les habitants. Vous r\u00e9cup\u00e9rerez ainsi des forces afin de vous pr\u00e9parer pour les journ\u00e9es suivantes, qui sont plus intenses.<\/p>\n\n\n\n<p>Au cours de cette journ\u00e9e, vous passerez sur le territoire des municipalit\u00e9s de&nbsp;P\u00f3voa de Varzim et de Vila do Conde, dont l\u2019histoire est profond\u00e9ment li\u00e9e aux souvenirs du Comt\u00e9 de Portugal et, par cons\u00e9quent, aux origines et \u00e0 la naissance du Portugal. Le&nbsp;paysage verdoyant&nbsp;est principalement constitu\u00e9 par les champs cultiv\u00e9s; l\u2019eau s\u2019y trouve en abondance et c\u2019est pr\u00e8s des champs que se sont form\u00e9es de petites localit\u00e9s rurales, o\u00f9 la vie est tranquille. L\u2019Ave (Rio Ave) marque ici sa pr\u00e9sence et fait le lien entre littoral et int\u00e9rieur des terres.<\/p>\n","protected":false},"featured_media":1075,"template":"","acf":[],"_links":{"self":[{"href":"https:\/\/caminhosdefatima.org\/fr\/wp-json\/wp\/v2\/jornadas\/2281"}],"collection":[{"href":"https:\/\/caminhosdefatima.org\/fr\/wp-json\/wp\/v2\/jornadas"}],"about":[{"href":"https:\/\/caminhosdefatima.org\/fr\/wp-json\/wp\/v2\/types\/jornadas"}],"wp:featuredmedia":[{"embeddable":true,"href":"https:\/\/caminhosdefatima.org\/fr\/wp-json\/wp\/v2\/media\/1075"}],"wp:attachment":[{"href":"https:\/\/caminhosdefatima.org\/fr\/wp-json\/wp\/v2\/media?parent=2281"}],"curies":[{"name":"wp","href":"https:\/\/api.w.org\/{rel}","templated":true}]}}

<p>La cinquième étape du Chemin&nbsp;commence à S. Pedro de Rates&nbsp;près de l’église paroissiale et&nbsp;s’achève à Vairão&nbsp;près du Mosteiro de S. Salvador (monastère du Saint Sauveur). Elle couvre une distance de 13,5&nbsp;km, pour un parcours qui est presque toujours plat avec une altitude maximum de 106&nbsp;m; on peut donc classer cette étape entre&nbsp;facile&nbsp;et très facile. Vous pourrez marcher en toute sérénité et observer de façon approfondie le monde qui vous entoure, voire entrer en contact avec les habitants. Vous récupérerez ainsi des forces afin de vous préparer pour les journées suivantes, qui sont plus intenses.</p>



<p>Au cours de cette journée, vous passerez sur le territoire des municipalités de&nbsp;Póvoa de Varzim et de Vila do Conde, dont l’histoire est profondément liée aux souvenirs du Comté de Portugal et, par conséquent, aux origines et à la naissance du Portugal. Le&nbsp;paysage verdoyant&nbsp;est principalement constitué par les champs cultivés; l’eau s’y trouve en abondance et c’est près des champs que se sont formées de petites localités rurales, où la vie est tranquille. L’Ave (Rio Ave) marque ici sa présence et fait le lien entre littoral et intérieur des terres.</p>
