{"id":2282,"date":"2023-12-01T16:00:57","date_gmt":"2023-12-01T16:00:57","guid":{"rendered":"https:\/\/beta.caminhosdefatima.org\/jornadas\/caminho-do-norte-6a-jornada\/"},"modified":"2023-12-20T17:05:05","modified_gmt":"2023-12-20T17:05:05","slug":"chemin-du-nord-jour-6","status":"publish","type":"jornadas","link":"https:\/\/caminhosdefatima.org\/fr\/jours\/chemin-du-nord-jour-6\/","title":{"rendered":"Chemin du Nord \u2013 Jour 6"},"content":{"rendered":"\n<p>La sixi\u00e8me \u00e9tape du Chemin&nbsp;commence \u00e0 Vair\u00e3o&nbsp;pr\u00e8s du monast\u00e8re du Saint Sauveur et&nbsp;s\u2019ach\u00e8ve dans la ville de Porto&nbsp;pr\u00e8s de la&nbsp;<em>S\u00e9<\/em>(cath\u00e9drale). Il s\u2019agit d\u2019un parcours plat, sur une distance de 25,5&nbsp;km, avec une altitude maximum de 116&nbsp;m. Bien que le terrain ne pr\u00e9sente pas de relief \u00e9lev\u00e9, il s\u2019agit d\u2019une&nbsp;\u00e9tape principalement urbaine&nbsp;d\u2019un degr\u00e9 de difficult\u00e9 interm\u00e9diaire, du fait que la prudence y est recommand\u00e9e durant la marche et ceci surtout au moment de traverser les rues qui pr\u00e9sentent une certaine circulation automobile.<\/p>\n\n\n\n<p>Au cours de cette journ\u00e9e, vous passerez sur le territoire des municipalit\u00e9s de l\u2019aire m\u00e9tropolitaine de Porto, telles que Vila do Conde, Maia, Matosinhos et Porto proprement dit. Le paysage varie \u2013 avec certains passages ruraux, et d\u2019autres, urbains. \u00c0 mesure que l\u2019on avance vers le sud, la densit\u00e9 de population augmente et le caract\u00e8re urbain devient plus net. Tout le long du trajet, vous disposerez de structures d\u2019accueil, pour faire de br\u00e8ves pauses.&nbsp;<\/p>\n","protected":false},"featured_media":1111,"template":"","acf":[],"_links":{"self":[{"href":"https:\/\/caminhosdefatima.org\/fr\/wp-json\/wp\/v2\/jornadas\/2282"}],"collection":[{"href":"https:\/\/caminhosdefatima.org\/fr\/wp-json\/wp\/v2\/jornadas"}],"about":[{"href":"https:\/\/caminhosdefatima.org\/fr\/wp-json\/wp\/v2\/types\/jornadas"}],"wp:featuredmedia":[{"embeddable":true,"href":"https:\/\/caminhosdefatima.org\/fr\/wp-json\/wp\/v2\/media\/1111"}],"wp:attachment":[{"href":"https:\/\/caminhosdefatima.org\/fr\/wp-json\/wp\/v2\/media?parent=2282"}],"curies":[{"name":"wp","href":"https:\/\/api.w.org\/{rel}","templated":true}]}}

<p>La sixième étape du Chemin&nbsp;commence à Vairão&nbsp;près du monastère du Saint Sauveur et&nbsp;s’achève dans la ville de Porto&nbsp;près de la&nbsp;<em>Sé</em>(cathédrale). Il s’agit d’un parcours plat, sur une distance de 25,5&nbsp;km, avec une altitude maximum de 116&nbsp;m. Bien que le terrain ne présente pas de relief élevé, il s’agit d’une&nbsp;étape principalement urbaine&nbsp;d’un degré de difficulté intermédiaire, du fait que la prudence y est recommandée durant la marche et ceci surtout au moment de traverser les rues qui présentent une certaine circulation automobile.</p>



<p>Au cours de cette journée, vous passerez sur le territoire des municipalités de l’aire métropolitaine de Porto, telles que Vila do Conde, Maia, Matosinhos et Porto proprement dit. Le paysage varie – avec certains passages ruraux, et d’autres, urbains. À mesure que l’on avance vers le sud, la densité de population augmente et le caractère urbain devient plus net. Tout le long du trajet, vous disposerez de structures d’accueil, pour faire de brèves pauses.&nbsp;</p>
