{"id":2287,"date":"2023-12-01T16:20:00","date_gmt":"2023-12-01T16:20:00","guid":{"rendered":"https:\/\/beta.caminhosdefatima.org\/jornadas\/caminho-do-norte-11a-jornada\/"},"modified":"2023-12-20T19:46:05","modified_gmt":"2023-12-20T19:46:05","slug":"chemin-du-nord-jour-11","status":"publish","type":"jornadas","link":"https:\/\/caminhosdefatima.org\/fr\/jours\/chemin-du-nord-jour-11\/","title":{"rendered":"Chemin du Nord \u2013 Jour 11"},"content":{"rendered":"\n<p>La onzi\u00e8me \u00e9tape du Chemin&nbsp;commence \u00e0 Mealhada&nbsp;pr\u00e8s de l\u2019\u00e9glise paroissiale (Avenida Comendador Messias Batista) et&nbsp;se termine \u00e0 Coimbra&nbsp;pr\u00e8s de l\u2019Igreja Santa Cruz (Pra\u00e7a 8 de Maio). Elle couvre une distance de&nbsp;22,7&nbsp;km, qui peuvent \u00eatre parcourus&nbsp;en environ 5h; c\u2019est un parcours vari\u00e9, dont l\u2019altitude oscille entre&nbsp;5 et 143 m. Il est de&nbsp;niveau facile. Son cadre offre une certaine diversit\u00e9, avec des espaces ruraux et des zones urbaines. Cette \u00e9tape r\u00e9unit les conditions permettant une&nbsp;randonn\u00e9e tranquille.<\/p>\n\n\n\n<p>Nous sommes dans le centre du&nbsp;Portugal, dans une aire de transition entre le district d\u2019Aveiro et celui de Coimbra o\u00f9 le Chemin s\u2019\u00e9loigne progressivement des zones au climat sous influence maritime pour se rapprocher de l\u2019int\u00e9rieur des terres. Il traverse les municipalit\u00e9s de Mealhada et de Coimbra, jalonn\u00e9es de vieilles localit\u00e9s, au sein d\u2019un m\u00e9morable paysage tant\u00f4t urbain tant\u00f4t naturel. C\u2019est ici le territoire des riches&nbsp;plaines du Mondego, pr\u00e8s du grand fleuve et de ses affluents, qui sont les principaux \u00e9l\u00e9ments de la configuration du paysage.<\/p>\n\n\n\n<p>Le patrimoine culturel&nbsp;est pr\u00e9cieux et plein d\u2019attraits; il se caract\u00e9rise par son&nbsp;anciennet\u00e9&nbsp;et par son&nbsp;authenticit\u00e9&nbsp;autant que par la qualit\u00e9 et la quantit\u00e9 de tous les \u00e9l\u00e9ments qui le composent.&nbsp;<\/p>\n","protected":false},"featured_media":1302,"template":"","acf":[],"_links":{"self":[{"href":"https:\/\/caminhosdefatima.org\/fr\/wp-json\/wp\/v2\/jornadas\/2287"}],"collection":[{"href":"https:\/\/caminhosdefatima.org\/fr\/wp-json\/wp\/v2\/jornadas"}],"about":[{"href":"https:\/\/caminhosdefatima.org\/fr\/wp-json\/wp\/v2\/types\/jornadas"}],"wp:featuredmedia":[{"embeddable":true,"href":"https:\/\/caminhosdefatima.org\/fr\/wp-json\/wp\/v2\/media\/1302"}],"wp:attachment":[{"href":"https:\/\/caminhosdefatima.org\/fr\/wp-json\/wp\/v2\/media?parent=2287"}],"curies":[{"name":"wp","href":"https:\/\/api.w.org\/{rel}","templated":true}]}}

<p>La onzième étape du Chemin&nbsp;commence à Mealhada&nbsp;près de l’église paroissiale (Avenida Comendador Messias Batista) et&nbsp;se termine à Coimbra&nbsp;près de l’Igreja Santa Cruz (Praça 8 de Maio). Elle couvre une distance de&nbsp;22,7&nbsp;km, qui peuvent être parcourus&nbsp;en environ 5h; c’est un parcours varié, dont l’altitude oscille entre&nbsp;5 et 143 m. Il est de&nbsp;niveau facile. Son cadre offre une certaine diversité, avec des espaces ruraux et des zones urbaines. Cette étape réunit les conditions permettant une&nbsp;randonnée tranquille.</p>



<p>Nous sommes dans le centre du&nbsp;Portugal, dans une aire de transition entre le district d’Aveiro et celui de Coimbra où le Chemin s’éloigne progressivement des zones au climat sous influence maritime pour se rapprocher de l’intérieur des terres. Il traverse les municipalités de Mealhada et de Coimbra, jalonnées de vieilles localités, au sein d’un mémorable paysage tantôt urbain tantôt naturel. C’est ici le territoire des riches&nbsp;plaines du Mondego, près du grand fleuve et de ses affluents, qui sont les principaux éléments de la configuration du paysage.</p>



<p>Le patrimoine culturel&nbsp;est précieux et plein d’attraits; il se caractérise par son&nbsp;ancienneté&nbsp;et par son&nbsp;authenticité&nbsp;autant que par la qualité et la quantité de tous les éléments qui le composent.&nbsp;</p>
