{"id":6590,"date":"2024-06-28T10:35:37","date_gmt":"2024-06-28T09:35:37","guid":{"rendered":"https:\/\/caminhosdefatima.org\/jornadas\/caminho-dos-candeeiros-1a-jornada\/"},"modified":"2024-09-19T14:45:07","modified_gmt":"2024-09-19T13:45:07","slug":"chemin-de-candeeiros-jour-1","status":"publish","type":"jornadas","link":"https:\/\/caminhosdefatima.org\/fr\/jours\/chemin-de-candeeiros-jour-1\/","title":{"rendered":"Chemin de Candeeiros &#8211; Jour 1"},"content":{"rendered":"\n<p>Traversant un territoire situ\u00e9 \u00e0 la fronti\u00e8re de la sous-r\u00e9gion Ouest et de l\u2019ancienne province du Ribatejo, ce premier jour de marche a lieu en plein c\u0153ur de la Serra de Candeeiros, avec un paysage marqu\u00e9 par une symbiose entre les caract\u00e9ristiques des zones au relief prononc\u00e9 et celles propres \u00e0 la vall\u00e9e du Tage. La rivi\u00e8re Maior, qui donne son nom \u00e0 la ville et \u00e0 la municipalit\u00e9, est un affluent du Tage et fait partie du dense r\u00e9seau constitu\u00e9 par les cours d\u2019eau qui trouvent leur source sur les flancs de la <em>serra<\/em>.<\/p>\n\n\n\n<p>Le trajet part de la ville de Rio Maior, du parc municipal, un vaste espace vert que baigne la rivi\u00e8re. Dans la ville, la villa romaine, construite au I<sup>er<\/sup>&nbsp;si\u00e8cle pr\u00e8s de la rivi\u00e8re, m\u00e9rite une visite&nbsp;; elle faisait partie du noyau originel de l\u2019agglom\u00e9ration. On passe ensuite par les importantes salines naturelles, les seules en Europe \u00e0 fonctionner pleinement, avec leurs caract\u00e9ristiques maisons en bois. Puis on entre dans la partie sud du parc naturel des Serras d\u2019Aire et de Candeeiros, en direction d\u2019Alcobertas, localit\u00e9 connue pour ses \u00ab&nbsp;silos&nbsp;\u00bb de l\u2019\u00e9poque m\u00e9di\u00e9vale, qui \u00e9taient destin\u00e9s au stockage des vivres, et pour son \u00e9glise dot\u00e9e d\u2019un remarquable dolmen-chapelle (<em>Anta-Capela<\/em>). Par la suite, le Chemin offre plusieurs lieux invitant \u00e0 la pause, o\u00f9 l\u2019on peut reprendre des forces, notamment, le jardin Porto do Rio, une zone d\u2019agr\u00e9ment sur le bord de la rivi\u00e8re qui traverse Alcobertas, ou encore le lieu o\u00f9 ce cours d\u2019eau prend sa source, l\u2019Olho de \u00c1gua de Alcobertas, l\u2019une des cinq sources p\u00e9rennes que compte le Massif calcaire d\u2019Estr\u00e9madure, attestant de l\u2019importance de cette r\u00e9gion en termes hydrographiques. \u00c0 environ 2,5&nbsp;km de l\u00e0 se trouve la grotte d\u2019Alcobertas avec ses quatre salles souterraines. L\u2019\u00e9tape s\u2019ach\u00e8ve dans le village de Casais Monizes, l\u2019un des points les plus \u00e9lev\u00e9s de la municipalit\u00e9 de Rio Maior, et depuis lequel on peut profiter d\u2019une vue magnifique sur la <em>serra<\/em>, ses coteaux et ses collines.<\/p>\n","protected":false},"featured_media":6677,"template":"","acf":[],"_links":{"self":[{"href":"https:\/\/caminhosdefatima.org\/fr\/wp-json\/wp\/v2\/jornadas\/6590"}],"collection":[{"href":"https:\/\/caminhosdefatima.org\/fr\/wp-json\/wp\/v2\/jornadas"}],"about":[{"href":"https:\/\/caminhosdefatima.org\/fr\/wp-json\/wp\/v2\/types\/jornadas"}],"wp:featuredmedia":[{"embeddable":true,"href":"https:\/\/caminhosdefatima.org\/fr\/wp-json\/wp\/v2\/media\/6677"}],"wp:attachment":[{"href":"https:\/\/caminhosdefatima.org\/fr\/wp-json\/wp\/v2\/media?parent=6590"}],"curies":[{"name":"wp","href":"https:\/\/api.w.org\/{rel}","templated":true}]}}

<p>Traversant un territoire situé à la frontière de la sous-région Ouest et de l’ancienne province du Ribatejo, ce premier jour de marche a lieu en plein cœur de la Serra de Candeeiros, avec un paysage marqué par une symbiose entre les caractéristiques des zones au relief prononcé et celles propres à la vallée du Tage. La rivière Maior, qui donne son nom à la ville et à la municipalité, est un affluent du Tage et fait partie du dense réseau constitué par les cours d’eau qui trouvent leur source sur les flancs de la <em>serra</em>.</p>



<p>Le trajet part de la ville de Rio Maior, du parc municipal, un vaste espace vert que baigne la rivière. Dans la ville, la villa romaine, construite au I<sup>er</sup>&nbsp;siècle près de la rivière, mérite une visite&nbsp;; elle faisait partie du noyau originel de l’agglomération. On passe ensuite par les importantes salines naturelles, les seules en Europe à fonctionner pleinement, avec leurs caractéristiques maisons en bois. Puis on entre dans la partie sud du parc naturel des Serras d’Aire et de Candeeiros, en direction d’Alcobertas, localité connue pour ses «&nbsp;silos&nbsp;» de l’époque médiévale, qui étaient destinés au stockage des vivres, et pour son église dotée d’un remarquable dolmen-chapelle (<em>Anta-Capela</em>). Par la suite, le Chemin offre plusieurs lieux invitant à la pause, où l’on peut reprendre des forces, notamment, le jardin Porto do Rio, une zone d’agrément sur le bord de la rivière qui traverse Alcobertas, ou encore le lieu où ce cours d’eau prend sa source, l’Olho de Água de Alcobertas, l’une des cinq sources pérennes que compte le Massif calcaire d’Estrémadure, attestant de l’importance de cette région en termes hydrographiques. À environ 2,5&nbsp;km de là se trouve la grotte d’Alcobertas avec ses quatre salles souterraines. L’étape s’achève dans le village de Casais Monizes, l’un des points les plus élevés de la municipalité de Rio Maior, et depuis lequel on peut profiter d’une vue magnifique sur la <em>serra</em>, ses coteaux et ses collines.</p>
