{"id":2238,"date":"2023-12-01T16:50:40","date_gmt":"2023-12-01T16:50:40","guid":{"rendered":"https:\/\/beta.caminhosdefatima.org\/jornadas\/caminho-do-norte-17a-jornada\/"},"modified":"2024-06-06T15:21:57","modified_gmt":"2024-06-06T14:21:57","slug":"cammino-del-nord-giornata-17","status":"publish","type":"jornadas","link":"https:\/\/caminhosdefatima.org\/it\/giornatas\/cammino-del-nord-giornata-17\/","title":{"rendered":"Cammino del Nord \u2013 Giornata 17"},"content":{"rendered":"\n<p>La diciassettesima tappa del Cammino comincia a Sei\u00e7a, accanto all\u2019Igreja Matriz (Rua da Igreja) e termina nel Santuario di F\u00e1tima, dove c\u2019\u00e8 la Cappellina delle Apparizioni. Ha un\u2019estensione di 23 km, che possono essere percorsi in circa 6 ore. Il percorso \u00e8 misto, composto da sentieri pedonali, strade locali e municipali e piccoli tratti di strade nazionali. La topografia \u00e8 molto variegata: predominano le aree pianeggianti, ma ci sono alcuni tratti scoscesi con altitudine massima di 350 m. L\u2019ultimo giorno di camminata \u00e8 quindi difficile perch\u00e9 esige un certo sforzo fisico e soprattutto molta attenzione durante il passaggio per aree urbane dense (attraversamento della citt\u00e0 di Our\u00e9m e arrivo a Cova da Iria dove si trova il Santuario) per camminare in sicurezza. <\/p>\n\n\n\n<p>Questa parte del cammino si inserisce nella regione centrale, nel municipio di Our\u00e9m, nel territorio montagnoso, arido e bello della serra de Aire.&nbsp;A livello paesaggistico e ambientale, \u00e8 una caratteristica zona di transizione tra l\u2019Atlantico e il Mediterraneo. Predominano le cime calcaree e i pendii rocciosi, accanto ai quali emergono valli e avvallamenti. Per molti aspetti si tratta del paesaggio e dell\u2019ambiente che i tre pastorelli di F\u00e1tima hanno conosciuto e vissuto. Data la presenza di formazioni geologiche e fossili risalenti a milioni di anni fa, qui la natura e la vita sono indissociabili. A lato di un\u2019immagine di forte ruralit\u00e0, sono presenti centri urbani che si sono sviluppati per adempiere a funzioni amministrative (Our\u00e9m) e religiose (F\u00e1tima).<\/p>\n","protected":false},"featured_media":1483,"template":"","acf":[],"_links":{"self":[{"href":"https:\/\/caminhosdefatima.org\/it\/wp-json\/wp\/v2\/jornadas\/2238"}],"collection":[{"href":"https:\/\/caminhosdefatima.org\/it\/wp-json\/wp\/v2\/jornadas"}],"about":[{"href":"https:\/\/caminhosdefatima.org\/it\/wp-json\/wp\/v2\/types\/jornadas"}],"wp:featuredmedia":[{"embeddable":true,"href":"https:\/\/caminhosdefatima.org\/it\/wp-json\/wp\/v2\/media\/1483"}],"wp:attachment":[{"href":"https:\/\/caminhosdefatima.org\/it\/wp-json\/wp\/v2\/media?parent=2238"}],"curies":[{"name":"wp","href":"https:\/\/api.w.org\/{rel}","templated":true}]}}

<p>La diciassettesima tappa del Cammino comincia a Seiça, accanto all’Igreja Matriz (Rua da Igreja) e termina nel Santuario di Fátima, dove c’è la Cappellina delle Apparizioni. Ha un’estensione di 23 km, che possono essere percorsi in circa 6 ore. Il percorso è misto, composto da sentieri pedonali, strade locali e municipali e piccoli tratti di strade nazionali. La topografia è molto variegata: predominano le aree pianeggianti, ma ci sono alcuni tratti scoscesi con altitudine massima di 350 m. L’ultimo giorno di camminata è quindi difficile perché esige un certo sforzo fisico e soprattutto molta attenzione durante il passaggio per aree urbane dense (attraversamento della città di Ourém e arrivo a Cova da Iria dove si trova il Santuario) per camminare in sicurezza. </p>



<p>Questa parte del cammino si inserisce nella regione centrale, nel municipio di Ourém, nel territorio montagnoso, arido e bello della serra de Aire.&nbsp;A livello paesaggistico e ambientale, è una caratteristica zona di transizione tra l’Atlantico e il Mediterraneo. Predominano le cime calcaree e i pendii rocciosi, accanto ai quali emergono valli e avvallamenti. Per molti aspetti si tratta del paesaggio e dell’ambiente che i tre pastorelli di Fátima hanno conosciuto e vissuto. Data la presenza di formazioni geologiche e fossili risalenti a milioni di anni fa, qui la natura e la vita sono indissociabili. A lato di un’immagine di forte ruralità, sono presenti centri urbani che si sono sviluppati per adempiere a funzioni amministrative (Ourém) e religiose (Fátima).</p>
