{"id":2241,"date":"2023-12-01T16:40:15","date_gmt":"2023-12-01T16:40:15","guid":{"rendered":"https:\/\/beta.caminhosdefatima.org\/jornadas\/caminho-do-norte-14a-jornada\/"},"modified":"2023-12-21T07:31:43","modified_gmt":"2023-12-21T07:31:43","slug":"cammino-del-nord-giornata-14","status":"publish","type":"jornadas","link":"https:\/\/caminhosdefatima.org\/it\/giornatas\/cammino-del-nord-giornata-14\/","title":{"rendered":"Cammino del Nord \u2013 Giornata 14"},"content":{"rendered":"\n<p>La quattordicesima giornata del Cammino comincia nel bordo di Raba\u00e7al, accanto all\u2019Igreja Matriz (Rua da Igreja) e termina nel paesino di Ansi\u00e3o, dove c\u2019\u00e8 la Chiesa parrocchiale (Rua Conselheiro Ant\u00f3nio Jos\u00e9 da Silva). \u00c8 lunga 19,5 km, che possono essere percorsi in 5 ore e mezza. Questa parte del Cammino si inserisce in una topografia variegata, con altitudini che possono raggiungere i 300 m: per questo \u00e8 classificata come tappa difficile. \u00c8 un percorso adatto ad una camminata serena, in un ambiente di profonda relazione tra la natura e la vita, che favorisce la riflessione e la vera spiritualit\u00e0.<\/p>\n\n\n\n<p>Passa per i municipi di Penela e di Ansi\u00e3o, lungo l\u2019ampia Valle del Raba\u00e7al, e attraversa i caratteristici insediamenti della Serra de Sic\u00f3, nel cuore di un sublime paesaggio carsico. Qui \u00e8 stata la natura che ha plasmato la storia. Lo scenario \u00e8 caratterizzato dall\u2019immensit\u00e0 degli spazi naturali, dove emergono paesini con terreni dedicati al foraggio e zone di pastorizia per i tradizionali greggi di pecore e capre.<\/p>\n","protected":false},"featured_media":1391,"template":"","acf":[],"_links":{"self":[{"href":"https:\/\/caminhosdefatima.org\/it\/wp-json\/wp\/v2\/jornadas\/2241"}],"collection":[{"href":"https:\/\/caminhosdefatima.org\/it\/wp-json\/wp\/v2\/jornadas"}],"about":[{"href":"https:\/\/caminhosdefatima.org\/it\/wp-json\/wp\/v2\/types\/jornadas"}],"wp:featuredmedia":[{"embeddable":true,"href":"https:\/\/caminhosdefatima.org\/it\/wp-json\/wp\/v2\/media\/1391"}],"wp:attachment":[{"href":"https:\/\/caminhosdefatima.org\/it\/wp-json\/wp\/v2\/media?parent=2241"}],"curies":[{"name":"wp","href":"https:\/\/api.w.org\/{rel}","templated":true}]}}

<p>La quattordicesima giornata del Cammino comincia nel bordo di Rabaçal, accanto all’Igreja Matriz (Rua da Igreja) e termina nel paesino di Ansião, dove c’è la Chiesa parrocchiale (Rua Conselheiro António José da Silva). È lunga 19,5 km, che possono essere percorsi in 5 ore e mezza. Questa parte del Cammino si inserisce in una topografia variegata, con altitudini che possono raggiungere i 300 m: per questo è classificata come tappa difficile. È un percorso adatto ad una camminata serena, in un ambiente di profonda relazione tra la natura e la vita, che favorisce la riflessione e la vera spiritualità.</p>



<p>Passa per i municipi di Penela e di Ansião, lungo l’ampia Valle del Rabaçal, e attraversa i caratteristici insediamenti della Serra de Sicó, nel cuore di un sublime paesaggio carsico. Qui è stata la natura che ha plasmato la storia. Lo scenario è caratterizzato dall’immensità degli spazi naturali, dove emergono paesini con terreni dedicati al foraggio e zone di pastorizia per i tradizionali greggi di pecore e capre.</p>
