{"id":2243,"date":"2023-12-01T16:23:11","date_gmt":"2023-12-01T16:23:11","guid":{"rendered":"https:\/\/beta.caminhosdefatima.org\/jornadas\/caminho-do-norte-12a-jornada\/"},"modified":"2023-12-21T06:55:11","modified_gmt":"2023-12-21T06:55:11","slug":"cammino-del-nord-giornata-12","status":"publish","type":"jornadas","link":"https:\/\/caminhosdefatima.org\/it\/giornatas\/cammino-del-nord-giornata-12\/","title":{"rendered":"Cammino del Nord \u2013 Giornata 12"},"content":{"rendered":"\n<p>A Coimbra,&nbsp;il Cammino del Nord si unisce alla Rota Carmelita. Concepito dall\u2019Agenzia per lo sviluppo dei castelli e delle muraglie del Mondego e gestito dall\u2019ACF &#8211; Associa\u00e7\u00e3o Caminhos de F\u00e1tima, fa parte dei Cammini di F\u00e1tima. Esso si ispira alla vita e alle opere di Suor Lucia, una dei tre pastorelli che assistettero alle apparizioni di Maria a F\u00e1tima. Nel 1948 Suor Lucia entr\u00f2 nel Convento Carmelo de Santa Teresa a Coimbra, dove vi rimase fino alla sua morte nel 2005.<\/p>\n\n\n\n<p>Cos\u00ec la dodicesima giornata comincia a Coimbra, accanto all\u2019Igreja de Santa Cruz (Pra\u00e7a 8 de Maio) e, pochi metri dopo, nella Pra\u00e7a da Portagem, si immette sul percorso della Rota Carmelita. La tappa termina a Condeixa-a-Nova, accanto all\u2019Igreja Matriz (Pra\u00e7a do Munic\u00edpio).&nbsp;Ha un\u2019estensione di 16 km che possono essere percorsi in 4 ore circa. Il percorso \u00e8 leggermente accidentato, con altitudine massima di 180 metri. Ha un grado di difficolt\u00e0 medio ed eccellenti condizioni per una piacevole camminata.<\/p>\n\n\n\n<p>Situata nel Portogallo centrale, nello specifico contesto del Basso Mondego, uno spazio di transizione tra il litorale e l\u2019entroterra. Percorre distretti appartenenti ai municipi di Coimbra e de Condeixa-a-Nova, una zona di insediamenti molto antichi, dove il paesaggio, quello naturale e quello umanizzato, \u00e8 caratterizzato dall\u2019abbondanza d\u2019acqua che alimenta i campi verdeggianti e i giardini urbani.<\/p>\n","protected":false},"featured_media":1316,"template":"","acf":[],"_links":{"self":[{"href":"https:\/\/caminhosdefatima.org\/it\/wp-json\/wp\/v2\/jornadas\/2243"}],"collection":[{"href":"https:\/\/caminhosdefatima.org\/it\/wp-json\/wp\/v2\/jornadas"}],"about":[{"href":"https:\/\/caminhosdefatima.org\/it\/wp-json\/wp\/v2\/types\/jornadas"}],"wp:featuredmedia":[{"embeddable":true,"href":"https:\/\/caminhosdefatima.org\/it\/wp-json\/wp\/v2\/media\/1316"}],"wp:attachment":[{"href":"https:\/\/caminhosdefatima.org\/it\/wp-json\/wp\/v2\/media?parent=2243"}],"curies":[{"name":"wp","href":"https:\/\/api.w.org\/{rel}","templated":true}]}}

<p>A Coimbra,&nbsp;il Cammino del Nord si unisce alla Rota Carmelita. Concepito dall’Agenzia per lo sviluppo dei castelli e delle muraglie del Mondego e gestito dall’ACF &#8211; Associação Caminhos de Fátima, fa parte dei Cammini di Fátima. Esso si ispira alla vita e alle opere di Suor Lucia, una dei tre pastorelli che assistettero alle apparizioni di Maria a Fátima. Nel 1948 Suor Lucia entrò nel Convento Carmelo de Santa Teresa a Coimbra, dove vi rimase fino alla sua morte nel 2005.</p>



<p>Così la dodicesima giornata comincia a Coimbra, accanto all’Igreja de Santa Cruz (Praça 8 de Maio) e, pochi metri dopo, nella Praça da Portagem, si immette sul percorso della Rota Carmelita. La tappa termina a Condeixa-a-Nova, accanto all’Igreja Matriz (Praça do Município).&nbsp;Ha un’estensione di 16 km che possono essere percorsi in 4 ore circa. Il percorso è leggermente accidentato, con altitudine massima di 180 metri. Ha un grado di difficoltà medio ed eccellenti condizioni per una piacevole camminata.</p>



<p>Situata nel Portogallo centrale, nello specifico contesto del Basso Mondego, uno spazio di transizione tra il litorale e l’entroterra. Percorre distretti appartenenti ai municipi di Coimbra e de Condeixa-a-Nova, una zona di insediamenti molto antichi, dove il paesaggio, quello naturale e quello umanizzato, è caratterizzato dall’abbondanza d’acqua che alimenta i campi verdeggianti e i giardini urbani.</p>
