{"id":2244,"date":"2023-12-01T16:20:00","date_gmt":"2023-12-01T16:20:00","guid":{"rendered":"https:\/\/beta.caminhosdefatima.org\/jornadas\/caminho-do-norte-11a-jornada\/"},"modified":"2023-12-20T19:59:13","modified_gmt":"2023-12-20T19:59:13","slug":"caminho-do-norte-11a-jornada","status":"publish","type":"jornadas","link":"https:\/\/caminhosdefatima.org\/it\/giornatas\/caminho-do-norte-11a-jornada\/","title":{"rendered":"Cammino del Nord \u2013 Giornata 11"},"content":{"rendered":"\n<p>L\u2019undicesima tappa del Cammino comincia a Mealhada, accanto alla Chiesa parrocchiale (Avenida Comendador Messias Baptista) e termina a Coimbra, dove c\u2019\u00e8 l\u2019Igreja de Santa Cruz (Pra\u00e7a 8 de Maio). Ha un\u2019estensione di 23 km che possono essere percorsi in 5 ore circa. Il percorso \u00e8 sfaccettato, con altitudini che variano dai 5 ai 143 metri. Ha un grado di difficolt\u00e0 facile. Il contesto \u00e8 diversificato: comprende spazi rurali e aree urbane, ma ha le condizioni per offrire una camminata tranquilla.<\/p>\n\n\n\n<p>Si inserisce nello spazio di transizione tra il distretto di Aveiro e quello di Coimbra, nel Portogallo centrale, allontanandosi progressivamente dalle zone con influenza marittima per avvicinarsi pian piano all\u2019entroterra. Attraversa i municipi di Mealhada e di Coimbra, dove sorgono antichi insediamenti e incredibili paesaggi urbani e naturali. Questo \u00e8 il territorio delle fertili pianure del Mondego, accanto al grande fiume e ai suoi affluenti, che sono gli elementi principali del paesaggio.<\/p>\n\n\n\n<p>Il patrimonio culturale \u00e8 prezioso e affascinante: \u00e8 caratterizzato da antichit\u00e0 e autenticit\u00e0, nonch\u00e9 quantit\u00e0 e diversit\u00e0 di tutti i suoi elementi.<\/p>\n","protected":false},"featured_media":1304,"template":"","acf":[],"_links":{"self":[{"href":"https:\/\/caminhosdefatima.org\/it\/wp-json\/wp\/v2\/jornadas\/2244"}],"collection":[{"href":"https:\/\/caminhosdefatima.org\/it\/wp-json\/wp\/v2\/jornadas"}],"about":[{"href":"https:\/\/caminhosdefatima.org\/it\/wp-json\/wp\/v2\/types\/jornadas"}],"wp:featuredmedia":[{"embeddable":true,"href":"https:\/\/caminhosdefatima.org\/it\/wp-json\/wp\/v2\/media\/1304"}],"wp:attachment":[{"href":"https:\/\/caminhosdefatima.org\/it\/wp-json\/wp\/v2\/media?parent=2244"}],"curies":[{"name":"wp","href":"https:\/\/api.w.org\/{rel}","templated":true}]}}

<p>L’undicesima tappa del Cammino comincia a Mealhada, accanto alla Chiesa parrocchiale (Avenida Comendador Messias Baptista) e termina a Coimbra, dove c’è l’Igreja de Santa Cruz (Praça 8 de Maio). Ha un’estensione di 23 km che possono essere percorsi in 5 ore circa. Il percorso è sfaccettato, con altitudini che variano dai 5 ai 143 metri. Ha un grado di difficoltà facile. Il contesto è diversificato: comprende spazi rurali e aree urbane, ma ha le condizioni per offrire una camminata tranquilla.</p>



<p>Si inserisce nello spazio di transizione tra il distretto di Aveiro e quello di Coimbra, nel Portogallo centrale, allontanandosi progressivamente dalle zone con influenza marittima per avvicinarsi pian piano all’entroterra. Attraversa i municipi di Mealhada e di Coimbra, dove sorgono antichi insediamenti e incredibili paesaggi urbani e naturali. Questo è il territorio delle fertili pianure del Mondego, accanto al grande fiume e ai suoi affluenti, che sono gli elementi principali del paesaggio.</p>



<p>Il patrimonio culturale è prezioso e affascinante: è caratterizzato da antichità e autenticità, nonché quantità e diversità di tutti i suoi elementi.</p>
