{"id":2249,"date":"2023-12-01T16:00:57","date_gmt":"2023-12-01T16:00:57","guid":{"rendered":"https:\/\/beta.caminhosdefatima.org\/jornadas\/caminho-do-norte-6a-jornada\/"},"modified":"2023-12-20T17:07:06","modified_gmt":"2023-12-20T17:07:06","slug":"cammino-del-nord-giornata-6","status":"publish","type":"jornadas","link":"https:\/\/caminhosdefatima.org\/it\/giornatas\/cammino-del-nord-giornata-6\/","title":{"rendered":"Cammino del Nord \u2013 Giornata 6"},"content":{"rendered":"\n<p>La sesta tappa del Cammino&nbsp;comincia a Vair\u00e3o, vicino al Monastero di San Salvatore e&nbsp;termina nella citt\u00e0 di Porto, vicino alla Cattedrale. Si tratta di un percorso pianeggiante, con un\u2019estensione di 25,5 km e un\u2019altitudine massima di 116 metri. Pu\u00f2 essere percorso in 6 ore e 30 minuti. Nonostante la planimetria del terreno non presenti grandi innalzamenti, si tratta di un percorso principalmente urbano, con un grado di difficolt\u00e0 medio: si raccomanda perci\u00f2 una camminata attenta, in particolare quando si attraversano strade trafficate. <\/p>\n\n\n\n<p>Durante questa giornata si passer\u00e0 per i municipi dell\u2019area metropolitana di Porto, come Vila do Conde, Maia, Matosinhos e appunto Porto. Il paesaggio \u00e8 variegato, con ambienti caratterizzati da ruralit\u00e0 e urbanit\u00e0. Man mano che si avanza verso sud, gli insediamenti diventano pi\u00f9 densi e l\u2019urbanizzazione pi\u00f9 visibile. Lungo tutto il percorso \u00e8 messa a disposizione una logistica di appoggio per fare delle piccole soste.<\/p>\n","protected":false},"featured_media":1113,"template":"","acf":[],"_links":{"self":[{"href":"https:\/\/caminhosdefatima.org\/it\/wp-json\/wp\/v2\/jornadas\/2249"}],"collection":[{"href":"https:\/\/caminhosdefatima.org\/it\/wp-json\/wp\/v2\/jornadas"}],"about":[{"href":"https:\/\/caminhosdefatima.org\/it\/wp-json\/wp\/v2\/types\/jornadas"}],"wp:featuredmedia":[{"embeddable":true,"href":"https:\/\/caminhosdefatima.org\/it\/wp-json\/wp\/v2\/media\/1113"}],"wp:attachment":[{"href":"https:\/\/caminhosdefatima.org\/it\/wp-json\/wp\/v2\/media?parent=2249"}],"curies":[{"name":"wp","href":"https:\/\/api.w.org\/{rel}","templated":true}]}}

<p>La sesta tappa del Cammino&nbsp;comincia a Vairão, vicino al Monastero di San Salvatore e&nbsp;termina nella città di Porto, vicino alla Cattedrale. Si tratta di un percorso pianeggiante, con un’estensione di 25,5 km e un’altitudine massima di 116 metri. Può essere percorso in 6 ore e 30 minuti. Nonostante la planimetria del terreno non presenti grandi innalzamenti, si tratta di un percorso principalmente urbano, con un grado di difficoltà medio: si raccomanda perciò una camminata attenta, in particolare quando si attraversano strade trafficate. </p>



<p>Durante questa giornata si passerà per i municipi dell’area metropolitana di Porto, come Vila do Conde, Maia, Matosinhos e appunto Porto. Il paesaggio è variegato, con ambienti caratterizzati da ruralità e urbanità. Man mano che si avanza verso sud, gli insediamenti diventano più densi e l’urbanizzazione più visibile. Lungo tutto il percorso è messa a disposizione una logistica di appoggio per fare delle piccole soste.</p>
