{"id":2250,"date":"2023-12-01T15:54:26","date_gmt":"2023-12-01T15:54:26","guid":{"rendered":"https:\/\/beta.caminhosdefatima.org\/jornadas\/caminho-do-norte-5a-jornada\/"},"modified":"2023-12-20T17:00:26","modified_gmt":"2023-12-20T17:00:26","slug":"cammino-del-nord-giornata-5","status":"publish","type":"jornadas","link":"https:\/\/caminhosdefatima.org\/it\/giornatas\/cammino-del-nord-giornata-5\/","title":{"rendered":"Cammino del Nord \u2013 Giornata 5"},"content":{"rendered":"\n<p>La quinta tappa del Cammino&nbsp;comincia Rates, vicino alla Chiesa parrocchiale di San Pietro e&nbsp;termina a Vair\u00e3o, vicino al monastero di San Salvatore. Si estende per 13,5 km che possono essere percorsi in 4 ore e mezza: il percorso \u00e8 quasi sempre pianeggiante &#8211; l\u2019altitudine massima \u00e8 106 metri &#8211; e quindi pu\u00f2 essere classificato come facile. Si potr\u00e0 camminare in tutta serenit\u00e0 e osservare pi\u00f9 attentamente la realt\u00e0 che vi circonda e interagire con gli abitanti della zona. Potrete cos\u00ec recuperare le forze e prepararvi per le tappe successive che sono pi\u00f9 intense.&nbsp;<\/p>\n\n\n\n<p>Durante questa giornata, si attraverseranno i municipi di P\u00f3voa do Varzim e de Vila do Conde, la cui storia \u00e8 profondamente legata alle memorie del Condado Portucalense e, di conseguenza, alle origini e alla formazione del Portogallo. Il paesaggio verdeggiante \u00e8 caratterizzato da campi coltivati, dove abbonda l\u2019acqua, e vicino ai quali sono andati formandosi paesini rurali, dove la vita scorre tranquilla. Il fiume Ave \u00e8 una presenza importante, che fa da collegamento tra il litorale e l\u2019entroterra.<\/p>\n\n\n\n<p>Il patrimonio locale \u00e8 formato da edifici armoniosi e ben conservati, che si ergono in terre demaniali e monastiche. La toponimia conserva gli antichi nomi. Le tradizioni sono contrassegnate dai rituali legati all\u2019agricoltura e al calendario religioso. Le&nbsp;festivit\u00e0&nbsp;esprimono il profondo collegamento tra il sacro e il profano.<\/p>\n","protected":false},"featured_media":1077,"template":"","acf":[],"_links":{"self":[{"href":"https:\/\/caminhosdefatima.org\/it\/wp-json\/wp\/v2\/jornadas\/2250"}],"collection":[{"href":"https:\/\/caminhosdefatima.org\/it\/wp-json\/wp\/v2\/jornadas"}],"about":[{"href":"https:\/\/caminhosdefatima.org\/it\/wp-json\/wp\/v2\/types\/jornadas"}],"wp:featuredmedia":[{"embeddable":true,"href":"https:\/\/caminhosdefatima.org\/it\/wp-json\/wp\/v2\/media\/1077"}],"wp:attachment":[{"href":"https:\/\/caminhosdefatima.org\/it\/wp-json\/wp\/v2\/media?parent=2250"}],"curies":[{"name":"wp","href":"https:\/\/api.w.org\/{rel}","templated":true}]}}

<p>La quinta tappa del Cammino&nbsp;comincia Rates, vicino alla Chiesa parrocchiale di San Pietro e&nbsp;termina a Vairão, vicino al monastero di San Salvatore. Si estende per 13,5 km che possono essere percorsi in 4 ore e mezza: il percorso è quasi sempre pianeggiante &#8211; l’altitudine massima è 106 metri &#8211; e quindi può essere classificato come facile. Si potrà camminare in tutta serenità e osservare più attentamente la realtà che vi circonda e interagire con gli abitanti della zona. Potrete così recuperare le forze e prepararvi per le tappe successive che sono più intense.&nbsp;</p>



<p>Durante questa giornata, si attraverseranno i municipi di Póvoa do Varzim e de Vila do Conde, la cui storia è profondamente legata alle memorie del Condado Portucalense e, di conseguenza, alle origini e alla formazione del Portogallo. Il paesaggio verdeggiante è caratterizzato da campi coltivati, dove abbonda l’acqua, e vicino ai quali sono andati formandosi paesini rurali, dove la vita scorre tranquilla. Il fiume Ave è una presenza importante, che fa da collegamento tra il litorale e l’entroterra.</p>



<p>Il patrimonio locale è formato da edifici armoniosi e ben conservati, che si ergono in terre demaniali e monastiche. La toponimia conserva gli antichi nomi. Le tradizioni sono contrassegnate dai rituali legati all’agricoltura e al calendario religioso. Le&nbsp;festività&nbsp;esprimono il profondo collegamento tra il sacro e il profano.</p>
