{"id":2251,"date":"2023-12-01T15:46:41","date_gmt":"2023-12-01T15:46:41","guid":{"rendered":"https:\/\/beta.caminhosdefatima.org\/jornadas\/caminho-do-norte-4a-jornada\/"},"modified":"2023-12-20T16:52:51","modified_gmt":"2023-12-20T16:52:51","slug":"cammino-del-nord-giornata-4","status":"publish","type":"jornadas","link":"https:\/\/caminhosdefatima.org\/it\/giornatas\/cammino-del-nord-giornata-4\/","title":{"rendered":"Cammino del Nord \u2013 Giornata 4"},"content":{"rendered":"\n<p>La quarta tappa del Cammino comincia a Tamel (S. Pedro Fins, Barcelos), vicino alla Chiesa parrocchiale e termina a Rates vicino alla Chiesa di San Pietro. Lunga 26 km, l\u2019altitudine varia tra i 15 e i 185 metri e il grado di difficolt\u00e0 \u00e8 facile. Pu\u00f2 essere percorsa in circa 6 ore e mezza.<\/p>\n\n\n\n<p>Durante tale giornata, si attraverseranno territori dei municipi di Barcelos e di P\u00f3voa do Varzim, percorrendo spesso antiche strade romane e cammini medioevali, che sono alla base del popolamento di questo territorio e che ne hanno garantito il collegamento con l\u2019esterno. Al pari della tappa precedente, gran parte del percorso si snoda su strade locali e sentieri rurali che bordeggiano i campi con qualche paesino disperso e attraversano centri urbani storici. <\/p>\n\n\n\n<p>Suggeriamo di organizzare la giornata in due fasi: la mattina una prima camminata fino al fiume C\u00e1vado sostando presso la citt\u00e0 di Barcelos e quindi una seconda camminata per concludere la giornata di pellegrinaggio. Il fiume ha plasmato la configurazione del paesaggio naturale e urbano: oggi \u00e8 un elemento cruciale di questo percorso. Raccomandiamo la sosta a Barcelos, la citt\u00e0 sul fiume che \u00e8 molto calma e di grande bellezza. Si aprir\u00e0 davanti agli occhi uno scenario straordinario, dove natura e storia convivono in armonia.<\/p>\n","protected":false},"featured_media":1101,"template":"","acf":[],"_links":{"self":[{"href":"https:\/\/caminhosdefatima.org\/it\/wp-json\/wp\/v2\/jornadas\/2251"}],"collection":[{"href":"https:\/\/caminhosdefatima.org\/it\/wp-json\/wp\/v2\/jornadas"}],"about":[{"href":"https:\/\/caminhosdefatima.org\/it\/wp-json\/wp\/v2\/types\/jornadas"}],"wp:featuredmedia":[{"embeddable":true,"href":"https:\/\/caminhosdefatima.org\/it\/wp-json\/wp\/v2\/media\/1101"}],"wp:attachment":[{"href":"https:\/\/caminhosdefatima.org\/it\/wp-json\/wp\/v2\/media?parent=2251"}],"curies":[{"name":"wp","href":"https:\/\/api.w.org\/{rel}","templated":true}]}}

<p>La quarta tappa del Cammino comincia a Tamel (S. Pedro Fins, Barcelos), vicino alla Chiesa parrocchiale e termina a Rates vicino alla Chiesa di San Pietro. Lunga 26 km, l’altitudine varia tra i 15 e i 185 metri e il grado di difficoltà è facile. Può essere percorsa in circa 6 ore e mezza.</p>



<p>Durante tale giornata, si attraverseranno territori dei municipi di Barcelos e di Póvoa do Varzim, percorrendo spesso antiche strade romane e cammini medioevali, che sono alla base del popolamento di questo territorio e che ne hanno garantito il collegamento con l’esterno. Al pari della tappa precedente, gran parte del percorso si snoda su strade locali e sentieri rurali che bordeggiano i campi con qualche paesino disperso e attraversano centri urbani storici. </p>



<p>Suggeriamo di organizzare la giornata in due fasi: la mattina una prima camminata fino al fiume Cávado sostando presso la città di Barcelos e quindi una seconda camminata per concludere la giornata di pellegrinaggio. Il fiume ha plasmato la configurazione del paesaggio naturale e urbano: oggi è un elemento cruciale di questo percorso. Raccomandiamo la sosta a Barcelos, la città sul fiume che è molto calma e di grande bellezza. Si aprirà davanti agli occhi uno scenario straordinario, dove natura e storia convivono in armonia.</p>
