{"id":2252,"date":"2023-12-01T15:32:54","date_gmt":"2023-12-01T15:32:54","guid":{"rendered":"https:\/\/beta.caminhosdefatima.org\/jornadas\/caminho-do-norte-3a-jornada\/"},"modified":"2023-12-20T16:33:50","modified_gmt":"2023-12-20T16:33:50","slug":"cammino-del-nord-giornata-3","status":"publish","type":"jornadas","link":"https:\/\/caminhosdefatima.org\/it\/giornatas\/cammino-del-nord-giornata-3\/","title":{"rendered":"Cammino del Nord \u2013 Giornata 3"},"content":{"rendered":"\n<p>La terza tappa del Cammino comincia a Ponte de Lima, vicino alla Chiesa di Santo Ant\u00f3nio da Torre Velha nel Parco di Arnado e termina a Tamel (S. Pedro Fins, Barcelos), vicino alla Chiesa parrocchiale. Lunga 24 km e con leggere inclinazioni, l\u2019altitudine varia tra i 9 e i 194 metri. Il grado di difficolt\u00e0 \u00e8 di livello medio. Pu\u00f2 essere percorso in circa 6 ore e mezza. Attraversa essenzialmente&nbsp;zone rurali e agricole, con qualche insediamento urbano. Questa tappa \u00e8 quindi abbastanza tranquilla e regala una camminata ricca di pace e tranquillit\u00e0. <\/p>\n\n\n\n<p>Durante questa giornata, si attraverseranno i territori dei municipi di Ponte de Lima e di Barcelos, dove il tracciato del Cammino di F\u00e1tima coincide con le antiche rotte dei pellegrini, in particolare il Cammino di Santiago. Il territorio a sud del fiume Lima presenta uno scenario dove geografia e storia si intrecciano. La relazione con la natura \u00e8 preponderante nella fisionomia del paesaggio naturale e umanizzato. L\u2019acqua abbonda nelle piane rivierasche, costellate di piccoli paesi agricoli.<\/p>\n","protected":false},"featured_media":986,"template":"","acf":[],"_links":{"self":[{"href":"https:\/\/caminhosdefatima.org\/it\/wp-json\/wp\/v2\/jornadas\/2252"}],"collection":[{"href":"https:\/\/caminhosdefatima.org\/it\/wp-json\/wp\/v2\/jornadas"}],"about":[{"href":"https:\/\/caminhosdefatima.org\/it\/wp-json\/wp\/v2\/types\/jornadas"}],"wp:featuredmedia":[{"embeddable":true,"href":"https:\/\/caminhosdefatima.org\/it\/wp-json\/wp\/v2\/media\/986"}],"wp:attachment":[{"href":"https:\/\/caminhosdefatima.org\/it\/wp-json\/wp\/v2\/media?parent=2252"}],"curies":[{"name":"wp","href":"https:\/\/api.w.org\/{rel}","templated":true}]}}

<p>La terza tappa del Cammino comincia a Ponte de Lima, vicino alla Chiesa di Santo António da Torre Velha nel Parco di Arnado e termina a Tamel (S. Pedro Fins, Barcelos), vicino alla Chiesa parrocchiale. Lunga 24 km e con leggere inclinazioni, l’altitudine varia tra i 9 e i 194 metri. Il grado di difficoltà è di livello medio. Può essere percorso in circa 6 ore e mezza. Attraversa essenzialmente&nbsp;zone rurali e agricole, con qualche insediamento urbano. Questa tappa è quindi abbastanza tranquilla e regala una camminata ricca di pace e tranquillità. </p>



<p>Durante questa giornata, si attraverseranno i territori dei municipi di Ponte de Lima e di Barcelos, dove il tracciato del Cammino di Fátima coincide con le antiche rotte dei pellegrini, in particolare il Cammino di Santiago. Il territorio a sud del fiume Lima presenta uno scenario dove geografia e storia si intrecciano. La relazione con la natura è preponderante nella fisionomia del paesaggio naturale e umanizzato. L’acqua abbonda nelle piane rivierasche, costellate di piccoli paesi agricoli.</p>
