{"id":4393,"date":"2023-09-26T09:38:26","date_gmt":"2023-09-26T08:38:26","guid":{"rendered":"https:\/\/caminhosdefatima.org\/politica-privacidade\/"},"modified":"2024-01-11T17:09:14","modified_gmt":"2024-01-11T17:09:14","slug":"informativa-sulla-privacy","status":"publish","type":"page","link":"https:\/\/caminhosdefatima.org\/it\/informativa-sulla-privacy\/","title":{"rendered":"Informativa sulla privacy"},"content":{"rendered":"\n<p>Il Centro Nacional de Cultura (CNC), in qualit\u00e0 di proprietario del marchio Caminhos de F\u00e1tima\u00ae, \u00e8 responsabile del trattamento dei dati e determina le finalit\u00e0 e i mezzi del trattamento dei dati personali dell&#8217;interessato e regola i ruoli e le responsabilit\u00e0 richieste in conformit\u00e0 con la legislazione applicabile in materia di protezione dei dati.<\/p>\n\n\n\n<p>La CNC conserver\u00e0 i dati personali dell&#8217;interessato solo per il tempo necessario a raggiungere gli scopi per cui sono stati raccolti.<\/p>\n\n\n\n<p>\u00c8 possibile contattare CNC per qualsiasi questione relativa alla raccolta dei dati e, in qualsiasi momento e gratuitamente, esercitare i diritti di accesso, rettifica o cancellazione, opposizione, limitazione e portabilit\u00e0 dei dati, tramite<br>&#8211; Indirizzo e-mail: <a href=\"mailto:cnc@cnc.pt\">cnc@cnc.pt<\/a><br>&#8211; Posta: Centro Nacional de Cultura &#8211; Rua Ant\u00f3nio Maria Cardoso, 68, 1249-101 Lisboa<br>ai sensi della normativa vigente.<\/p>\n\n\n\n<p>In ogni caso, l&#8217;interessato \u00e8 informato che se ritiene che il CNC abbia violato i suoi diritti ai sensi della legislazione sulla protezione dei dati, pu\u00f2 presentare un reclamo alla Commissione Nazionale per la Protezione dei Dati (CNPD).<\/p>\n\n\n\n<p>L&#8217;accettazione da parte dell&#8217;interessato che i suoi dati possano essere utilizzati dalla CNC sar\u00e0 sempre revocabile, senza effetto retroattivo.<\/p>\n\n\n\n<p>La CNC applica diverse misure tecniche e organizzative appropriate per proteggere i dati personali degli interessati, tra cui l&#8217;uso di server sicuri, firewall e controllo degli accessi.<\/p>\n","protected":false},"excerpt":{"rendered":"<p>Il Centro Nacional de Cultura (CNC), in qualit\u00e0 di proprietario del marchio Caminhos de F\u00e1tima\u00ae, \u00e8 responsabile del trattamento dei dati e determina le finalit\u00e0 e i mezzi del trattamento dei dati personali dell&#8217;interessato e regola i ruoli e le responsabilit\u00e0 richieste in conformit\u00e0 con la legislazione applicabile in materia di protezione dei dati. La [&hellip;]<\/p>\n","protected":false},"author":1,"featured_media":4388,"parent":0,"menu_order":0,"comment_status":"closed","ping_status":"open","template":"","meta":{"footnotes":""},"acf":[],"_links":{"self":[{"href":"https:\/\/caminhosdefatima.org\/it\/wp-json\/wp\/v2\/pages\/4393"}],"collection":[{"href":"https:\/\/caminhosdefatima.org\/it\/wp-json\/wp\/v2\/pages"}],"about":[{"href":"https:\/\/caminhosdefatima.org\/it\/wp-json\/wp\/v2\/types\/page"}],"author":[{"embeddable":true,"href":"https:\/\/caminhosdefatima.org\/it\/wp-json\/wp\/v2\/users\/1"}],"replies":[{"embeddable":true,"href":"https:\/\/caminhosdefatima.org\/it\/wp-json\/wp\/v2\/comments?post=4393"}],"version-history":[{"count":3,"href":"https:\/\/caminhosdefatima.org\/it\/wp-json\/wp\/v2\/pages\/4393\/revisions"}],"predecessor-version":[{"id":4454,"href":"https:\/\/caminhosdefatima.org\/it\/wp-json\/wp\/v2\/pages\/4393\/revisions\/4454"}],"wp:featuredmedia":[{"embeddable":true,"href":"https:\/\/caminhosdefatima.org\/it\/wp-json\/wp\/v2\/media\/4388"}],"wp:attachment":[{"href":"https:\/\/caminhosdefatima.org\/it\/wp-json\/wp\/v2\/media?parent=4393"}],"curies":[{"name":"wp","href":"https:\/\/api.w.org\/{rel}","templated":true}]}}

<p>Il Centro Nacional de Cultura (CNC), in qualità di proprietario del marchio Caminhos de Fátima®, è responsabile del trattamento dei dati e determina le finalità e i mezzi del trattamento dei dati personali dell&#8217;interessato e regola i ruoli e le responsabilità richieste in conformità con la legislazione applicabile in materia di protezione dei dati.</p>



<p>La CNC conserverà i dati personali dell&#8217;interessato solo per il tempo necessario a raggiungere gli scopi per cui sono stati raccolti.</p>



<p>È possibile contattare CNC per qualsiasi questione relativa alla raccolta dei dati e, in qualsiasi momento e gratuitamente, esercitare i diritti di accesso, rettifica o cancellazione, opposizione, limitazione e portabilità dei dati, tramite<br>&#8211; Indirizzo e-mail: <a href="mailto:cnc@cnc.pt">cnc@cnc.pt</a><br>&#8211; Posta: Centro Nacional de Cultura &#8211; Rua António Maria Cardoso, 68, 1249-101 Lisboa<br>ai sensi della normativa vigente.</p>



<p>In ogni caso, l&#8217;interessato è informato che se ritiene che il CNC abbia violato i suoi diritti ai sensi della legislazione sulla protezione dei dati, può presentare un reclamo alla Commissione Nazionale per la Protezione dei Dati (CNPD).</p>



<p>L&#8217;accettazione da parte dell&#8217;interessato che i suoi dati possano essere utilizzati dalla CNC sarà sempre revocabile, senza effetto retroattivo.</p>



<p>La CNC applica diverse misure tecniche e organizzative appropriate per proteggere i dati personali degli interessati, tra cui l&#8217;uso di server sicuri, firewall e controllo degli accessi.</p>

<p>Il Centro Nacional de Cultura (CNC), in qualità di proprietario del marchio Caminhos de Fátima®, è responsabile del trattamento dei dati e determina le finalità e i mezzi del trattamento dei dati personali dell&#8217;interessato e regola i ruoli e le responsabilità richieste in conformità con la legislazione applicabile in materia di protezione dei dati. La [&hellip;]</p>
