{"id":5511,"date":"2024-05-07T10:25:04","date_gmt":"2024-05-07T09:25:04","guid":{"rendered":"https:\/\/caminhosdefatima.org\/caminho-do-medio-tejo\/"},"modified":"2024-07-12T12:14:16","modified_gmt":"2024-07-12T11:14:16","slug":"cammino-del-medio-tejo","status":"publish","type":"page","link":"https:\/\/caminhosdefatima.org\/it\/cammino-del-medio-tejo\/","title":{"rendered":"Cammino del M\u00e9dio Tejo"},"content":{"rendered":"\n<div style=\"height:30px\" aria-hidden=\"true\" class=\"wp-block-spacer\"><\/div>\n\n\n\n<figure class=\"wp-block-image size-medium\"><img loading=\"lazy\" decoding=\"async\" width=\"1024\" height=\"249\" src=\"https:\/\/caminhosdefatima.org\/_cf\/wp-content\/uploads\/2024\/07\/infografia-CMedioTejo-_-fundo-branco-5-1024x249.png\" alt=\"\" class=\"wp-image-6473\" srcset=\"https:\/\/caminhosdefatima.org\/_cf\/wp-content\/uploads\/2024\/07\/infografia-CMedioTejo-_-fundo-branco-5-1024x249.png 1024w, https:\/\/caminhosdefatima.org\/_cf\/wp-content\/uploads\/2024\/07\/infografia-CMedioTejo-_-fundo-branco-5-1200x292.png 1200w, https:\/\/caminhosdefatima.org\/_cf\/wp-content\/uploads\/2024\/07\/infografia-CMedioTejo-_-fundo-branco-5-800x195.png 800w, https:\/\/caminhosdefatima.org\/_cf\/wp-content\/uploads\/2024\/07\/infografia-CMedioTejo-_-fundo-branco-5-768x187.png 768w, https:\/\/caminhosdefatima.org\/_cf\/wp-content\/uploads\/2024\/07\/infografia-CMedioTejo-_-fundo-branco-5.png 1508w\" sizes=\"(max-width: 1024px) 100vw, 1024px\" \/><\/figure>\n\n\n\n<p>Il Cammino del M\u00e9dio Tejo si snoda nel centro del Portogallo, in un territorio scolpito dal sistema idrico del Tago e dall&#8217;insieme di montagne, valli e pendii presenti sulla sponda settentrionale, dove scorrono fiumi e torrenti che irrigano le terre e alimentano la portata del grande fiume.&nbsp; Il paesaggio \u00e8 variegato, con placide pianure e zone montuose.&nbsp;La toponomastica e il patrimonio culturale di queste terre ne testimoniano l\u2019antichit\u00e0. L&#8217;organizzazione amministrativa e il sistematico insediamento risalgono all\u2019epoca della Reconquista cristiana e della formazione del Regno del Portogallo (secoli XII-XIII), a seguito delle donazioni fatte dai reali agli Ordini Militari al fine di garantire la difesa delle sponde del Tago, attirare abitanti e promuovere lo sviluppo sociale ed economico della zona.&nbsp; Furono particolarmente importanti l&#8217;Ordine degli Ospitalieri (Ordine di Malta) e l&#8217;Ordine dei Templari (poi Ordine di Cristo), che costruirono castelli e chiese e contribuirono alla formazione degli insediamenti.<\/p>\n\n\n\n<p>In questo territorio, cos\u00ec ricco di biodiversit\u00e0 e culturalmente cos\u00ec prezioso, i Cammini di Fatima sono organizzati in tre vie, ognuna delle quali corrisponde a tre itinerari culturali in diverse aree geografiche.&nbsp; Ognuno dei percorsi vi far\u00e0 scoprire e assaporare un patrimonio culturale e ambientale sfaccettato, offrendo a pellegrini e camminatori esperienze uniche, facendovi sentire in armonia con la natura e la vita e facendovi conoscere un popolo ospitale.<\/p>\n\n\n\n<div style=\"height:40px\" aria-hidden=\"true\" class=\"wp-block-spacer\"><\/div>\n\n\n\n<p class=\"has-text-align-center\"><iframe loading=\"lazy\" width=\"500\" height=\"400\" src=\"https:\/\/www.youtube.com\/embed\/rmrfIqDlTEY?si=wJ4j1KyZdtbHuS-1\" title=\"YouTube video player\" frameborder=\"0\" allow=\"accelerometer; autoplay; clipboard-write; encrypted-media; gyroscope; picture-in-picture; web-share\" referrerpolicy=\"strict-origin-when-cross-origin\" allowfullscreen><\/iframe>\n\n\n\n<div style=\"height:40px\" aria-hidden=\"true\" class=\"wp-block-spacer\"><\/div>\n","protected":false},"excerpt":{"rendered":"<p>Il Cammino del M\u00e9dio Tejo si snoda nel centro del Portogallo, in un territorio scolpito dal sistema idrico del Tago e dall&#8217;insieme di montagne, valli e pendii presenti sulla sponda settentrionale, dove scorrono fiumi e torrenti che irrigano le terre e alimentano la portata del grande fiume.&nbsp; Il paesaggio \u00e8 variegato, con placide pianure e [&hellip;]<\/p>\n","protected":false},"author":2,"featured_media":6163,"parent":0,"menu_order":0,"comment_status":"closed","ping_status":"closed","template":"","meta":{"footnotes":""},"acf":[],"_links":{"self":[{"href":"https:\/\/caminhosdefatima.org\/it\/wp-json\/wp\/v2\/pages\/5511"}],"collection":[{"href":"https:\/\/caminhosdefatima.org\/it\/wp-json\/wp\/v2\/pages"}],"about":[{"href":"https:\/\/caminhosdefatima.org\/it\/wp-json\/wp\/v2\/types\/page"}],"author":[{"embeddable":true,"href":"https:\/\/caminhosdefatima.org\/it\/wp-json\/wp\/v2\/users\/2"}],"replies":[{"embeddable":true,"href":"https:\/\/caminhosdefatima.org\/it\/wp-json\/wp\/v2\/comments?post=5511"}],"version-history":[{"count":7,"href":"https:\/\/caminhosdefatima.org\/it\/wp-json\/wp\/v2\/pages\/5511\/revisions"}],"predecessor-version":[{"id":6496,"href":"https:\/\/caminhosdefatima.org\/it\/wp-json\/wp\/v2\/pages\/5511\/revisions\/6496"}],"wp:featuredmedia":[{"embeddable":true,"href":"https:\/\/caminhosdefatima.org\/it\/wp-json\/wp\/v2\/media\/6163"}],"wp:attachment":[{"href":"https:\/\/caminhosdefatima.org\/it\/wp-json\/wp\/v2\/media?parent=5511"}],"curies":[{"name":"wp","href":"https:\/\/api.w.org\/{rel}","templated":true}]}}

Cammino del Médio Tejo

<div style="height:30px" aria-hidden="true" class="wp-block-spacer"></div>



<figure class="wp-block-image size-medium"><img loading="lazy" decoding="async" width="1024" height="249" src="https://caminhosdefatima.org/_cf/wp-content/uploads/2024/07/infografia-CMedioTejo-_-fundo-branco-5-1024x249.png" alt="" class="wp-image-6473" srcset="https://caminhosdefatima.org/_cf/wp-content/uploads/2024/07/infografia-CMedioTejo-_-fundo-branco-5-1024x249.png 1024w, https://caminhosdefatima.org/_cf/wp-content/uploads/2024/07/infografia-CMedioTejo-_-fundo-branco-5-1200x292.png 1200w, https://caminhosdefatima.org/_cf/wp-content/uploads/2024/07/infografia-CMedioTejo-_-fundo-branco-5-800x195.png 800w, https://caminhosdefatima.org/_cf/wp-content/uploads/2024/07/infografia-CMedioTejo-_-fundo-branco-5-768x187.png 768w, https://caminhosdefatima.org/_cf/wp-content/uploads/2024/07/infografia-CMedioTejo-_-fundo-branco-5.png 1508w" sizes="(max-width: 1024px) 100vw, 1024px" /></figure>



<p>Il Cammino del Médio Tejo si snoda nel centro del Portogallo, in un territorio scolpito dal sistema idrico del Tago e dall&#8217;insieme di montagne, valli e pendii presenti sulla sponda settentrionale, dove scorrono fiumi e torrenti che irrigano le terre e alimentano la portata del grande fiume.&nbsp; Il paesaggio è variegato, con placide pianure e zone montuose.&nbsp;La toponomastica e il patrimonio culturale di queste terre ne testimoniano l’antichità. L&#8217;organizzazione amministrativa e il sistematico insediamento risalgono all’epoca della Reconquista cristiana e della formazione del Regno del Portogallo (secoli XII-XIII), a seguito delle donazioni fatte dai reali agli Ordini Militari al fine di garantire la difesa delle sponde del Tago, attirare abitanti e promuovere lo sviluppo sociale ed economico della zona.&nbsp; Furono particolarmente importanti l&#8217;Ordine degli Ospitalieri (Ordine di Malta) e l&#8217;Ordine dei Templari (poi Ordine di Cristo), che costruirono castelli e chiese e contribuirono alla formazione degli insediamenti.</p>



<p>In questo territorio, così ricco di biodiversità e culturalmente così prezioso, i Cammini di Fatima sono organizzati in tre vie, ognuna delle quali corrisponde a tre itinerari culturali in diverse aree geografiche.&nbsp; Ognuno dei percorsi vi farà scoprire e assaporare un patrimonio culturale e ambientale sfaccettato, offrendo a pellegrini e camminatori esperienze uniche, facendovi sentire in armonia con la natura e la vita e facendovi conoscere un popolo ospitale.</p>



<div style="height:40px" aria-hidden="true" class="wp-block-spacer"></div>



<p class="has-text-align-center"><iframe loading="lazy" width="500" height="400" src="https://www.youtube.com/embed/rmrfIqDlTEY?si=wJ4j1KyZdtbHuS-1" title="YouTube video player" frameborder="0" allow="accelerometer; autoplay; clipboard-write; encrypted-media; gyroscope; picture-in-picture; web-share" referrerpolicy="strict-origin-when-cross-origin" allowfullscreen></iframe>



<div style="height:40px" aria-hidden="true" class="wp-block-spacer"></div>

<p>Il Cammino del Médio Tejo si snoda nel centro del Portogallo, in un territorio scolpito dal sistema idrico del Tago e dall&#8217;insieme di montagne, valli e pendii presenti sulla sponda settentrionale, dove scorrono fiumi e torrenti che irrigano le terre e alimentano la portata del grande fiume.&nbsp; Il paesaggio è variegato, con placide pianure e [&hellip;]</p>
